74.7.243.195 - - [20/Jan/2026:23:38:29 +1100] "GET /?l=3689065j4h4e6 HTTP/1.1" 200 1 "https://bintopia.com/sitemap-14.xml" "Mozilla/5.0 AppleWebKit/537.36 (KHTML, like Gecko; compatible; GPTBot/1.3; +https://openai.com/gptbot)"
74.7.243.195 - - [20/Jan/2026:23:38:29 +1100] "GET /?l=2366041fe46b4 HTTP/1.1" 200 1 "https://bintopia.com/sitemap-10.xml" "Mozilla/5.0 AppleWebKit/537.36 (KHTML, like Gecko; compatible; GPTBot/1.3; +https://openai.com/gptbot)"
74.7.243.195 - - [20/Jan/2026:23:38:30 +1100] "GET /?l=16434195ie34f HTTP/1.1" 200 1 "https://bintopia.com/sitemap-18.xml" "Mozilla/5.0 AppleWebKit/537.36 (KHTML, like Gecko; compatible; GPTBot/1.3; +https://openai.com/gptbot)"
74.7.243.195 - - [20/Jan/2026:23:38:30 +1100] "GET /?l=2066493b162de HTTP/1.1" 200 1 "https://bintopia.com/sitemap-10.xml" "Mozilla/5.0 AppleWebKit/537.36 (KHTML, like Gecko; compatible; GPTBot/1.3; +https://openai.com/gptbot)"
192.178.6.69 - - [20/Jan/2026:23:38:27 +1100] "GET /?detail/11637859 HTTP/1.1" 200 155002 "-" "Mozilla/5.0 (Linux; Android 6.0.1; Nexus 5X Build/MMB29P) AppleWebKit/537.36 (KHTML, like Gecko) Chrome/143.0.7499.192 Mobile Safari/537.36 (compatible; Googlebot/2.1; +http://www.google.com/bot.html)"
74.7.243.195 - - [20/Jan/2026:23:38:31 +1100] "GET /?l=4263327fbe653 HTTP/1.1" 200 1 "https://bintopia.com/sitemap-11.xml" "Mozilla/5.0 AppleWebKit/537.36 (KHTML, like Gecko; compatible; GPTBot/1.3; +https://openai.com/gptbot)"
74.7.243.195 - - [20/Jan/2026:23:38:31 +1100] "GET /?l=215116132e2ej HTTP/1.1" 200 1 "https://bintopia.com/sitemap-16.xml" "Mozilla/5.0 AppleWebKit/537.36 (KHTML, like Gecko; compatible; GPTBot/1.3; +https://openai.com/gptbot)"
74.7.243.195 - - [20/Jan/2026:23:38:32 +1100] "GET /?l=2928817497fca HTTP/1.1" 200 1 "https://bintopia.com/sitemap-11.xml" "Mozilla/5.0 AppleWebKit/537.36 (KHTML, like Gecko; compatible; GPTBot/1.3; +https://openai.com/gptbot)"
74.7.243.195 - - [20/Jan/2026:23:38:32 +1100] "GET /?l=5018290g9hi51 HTTP/1.1" 200 1 "https://bintopia.com/sitemap-11.xml" "Mozilla/5.0 AppleWebKit/537.36 (KHTML, like Gecko; compatible; GPTBot/1.3; +https://openai.com/gptbot)"
57.141.16.4 - - [20/Jan/2026:23:38:33 +1100] "GET /?detail/22866948 HTTP/1.1" 200 1 "-" "meta-externalagent/1.1 (+https://developers.facebook.com/docs/sharing/webmasters/crawler)"
74.7.243.195 - - [20/Jan/2026:23:38:33 +1100] "GET /?l=3270607a77hf0 HTTP/1.1" 200 1 "https://bintopia.com/sitemap-18.xml" "Mozilla/5.0 AppleWebKit/537.36 (KHTML, like Gecko; compatible; GPTBot/1.3; +https://openai.com/gptbot)"
74.7.243.195 - - [20/Jan/2026:23:38:33 +1100] "GET /?l=4182151f9ga26 HTTP/1.1" 200 1 "https://bintopia.com/sitemap-10.xml" "Mozilla/5.0 AppleWebKit/537.36 (KHTML, like Gecko; compatible; GPTBot/1.3; +https://openai.com/gptbot)"
74.7.243.195 - - [20/Jan/2026:23:38:34 +1100] "GET /?l=201259776a7jj HTTP/1.1" 200 1 "https://bintopia.com/sitemap-10.xml" "Mozilla/5.0 AppleWebKit/537.36 (KHTML, like Gecko; compatible; GPTBot/1.3; +https://openai.com/gptbot)"
74.7.243.195 - - [20/Jan/2026:23:38:35 +1100] "GET /?l=1804365d500jc HTTP/1.1" 200 1 "https://bintopia.com/sitemap-11.xml" "Mozilla/5.0 AppleWebKit/537.36 (KHTML, like Gecko; compatible; GPTBot/1.3; +https://openai.com/gptbot)"
74.7.243.195 - - [20/Jan/2026:23:38:35 +1100] "GET /?l=1280269i9af18 HTTP/1.1" 200 1 "https://bintopia.com/sitemap-10.xml" "Mozilla/5.0 AppleWebKit/537.36 (KHTML, like Gecko; compatible; GPTBot/1.3; +https://openai.com/gptbot)"
74.7.243.195 - - [20/Jan/2026:23:38:36 +1100] "GET /?l=3773430i24e0b HTTP/1.1" 200 1 "https://bintopia.com/sitemap-15.xml" "Mozilla/5.0 AppleWebKit/537.36 (KHTML, like Gecko; compatible; GPTBot/1.3; +https://openai.com/gptbot)"
74.7.243.195 - - [20/Jan/2026:23:38:36 +1100] "GET /?l=3748517ddg048 HTTP/1.1" 200 1 "https://bintopia.com/sitemap-11.xml" "Mozilla/5.0 AppleWebKit/537.36 (KHTML, like Gecko; compatible; GPTBot/1.3; +https://openai.com/gptbot)"
74.7.243.195 - - [20/Jan/2026:23:38:37 +1100] "GET /?l=3694216e4a6d0 HTTP/1.1" 200 1 "https://bintopia.com/sitemap-14.xml" "Mozilla/5.0 AppleWebKit/537.36 (KHTML, like Gecko; compatible; GPTBot/1.3; +https://openai.com/gptbot)"
74.7.243.195 - - [20/Jan/2026:23:38:37 +1100] "GET /?l=29826938d82fa HTTP/1.1" 200 1 "https://bintopia.com/sitemap-15.xml" "Mozilla/5.0 AppleWebKit/537.36 (KHTML, like Gecko; compatible; GPTBot/1.3; +https://openai.com/gptbot)"
74.7.243.195 - - [20/Jan/2026:23:38:38 +1100] "GET /?l=2352762c4i3f3 HTTP/1.1" 200 1 "https://bintopia.com/sitemap-15.xml" "Mozilla/5.0 AppleWebKit/537.36 (KHTML, like Gecko; compatible; GPTBot/1.3; +https://openai.com/gptbot)"
74.7.243.195 - - [20/Jan/2026:23:38:38 +1100] "GET /?l=10186869ih4b6 HTTP/1.1" 200 1 "https://bintopia.com/sitemap-18.xml" "Mozilla/5.0 AppleWebKit/537.36 (KHTML, like Gecko; compatible; GPTBot/1.3; +https://openai.com/gptbot)"
74.7.243.195 - - [20/Jan/2026:23:38:39 +1100] "GET /?l=1052291hc011c HTTP/1.1" 200 1 "https://bintopia.com/sitemap-13.xml" "Mozilla/5.0 AppleWebKit/537.36 (KHTML, like Gecko; compatible; GPTBot/1.3; +https://openai.com/gptbot)"
74.7.243.195 - - [20/Jan/2026:23:38:39 +1100] "GET /?l=49615914b18cf HTTP/1.1" 200 1 "https://bintopia.com/sitemap-10.xml" "Mozilla/5.0 AppleWebKit/537.36 (KHTML, like Gecko; compatible; GPTBot/1.3; +https://openai.com/gptbot)"
74.7.243.195 - - [20/Jan/2026:23:38:40 +1100] "GET /?l=3118158hb664f HTTP/1.1" 200 1 "https://bintopia.com/sitemap-18.xml" "Mozilla/5.0 AppleWebKit/537.36 (KHTML, like Gecko; compatible; GPTBot/1.3; +https://openai.com/gptbot)"
74.7.243.195 - - [20/Jan/2026:23:38:40 +1100] "GET /?l=21122098jg1b5 HTTP/1.1" 200 1 "https://bintopia.com/sitemap-13.xml" "Mozilla/5.0 AppleWebKit/537.36 (KHTML, like Gecko; compatible; GPTBot/1.3; +https://openai.com/gptbot)"
74.7.243.195 - - [20/Jan/2026:23:38:41 +1100] "GET /?l=1801836bde103 HTTP/1.1" 200 1 "https://bintopia.com/sitemap-11.xml" "Mozilla/5.0 AppleWebKit/537.36 (KHTML, like Gecko; compatible; GPTBot/1.3; +https://openai.com/gptbot)"
74.7.243.195 - - [20/Jan/2026:23:38:42 +1100] "GET /?l=212520458h2bb HTTP/1.1" 200 1 "https://bintopia.com/sitemap-15.xml" "Mozilla/5.0 AppleWebKit/537.36 (KHTML, like Gecko; compatible; GPTBot/1.3; +https://openai.com/gptbot)"
74.7.243.195 - - [20/Jan/2026:23:38:42 +1100] "GET /?l=4284304bg1i82 HTTP/1.1" 200 1 "https://bintopia.com/sitemap-11.xml" "Mozilla/5.0 AppleWebKit/537.36 (KHTML, like Gecko; compatible; GPTBot/1.3; +https://openai.com/gptbot)"
74.7.243.195 - - [20/Jan/2026:23:38:43 +1100] "GET /?l=3595597ief511 HTTP/1.1" 200 1 "https://bintopia.com/sitemap-14.xml" "Mozilla/5.0 AppleWebKit/537.36 (KHTML, like Gecko; compatible; GPTBot/1.3; +https://openai.com/gptbot)"
74.7.243.195 - - [20/Jan/2026:23:38:43 +1100] "GET /?l=36852231h2h9a HTTP/1.1" 200 1 "https://bintopia.com/sitemap-13.xml" "Mozilla/5.0 AppleWebKit/537.36 (KHTML, like Gecko; compatible; GPTBot/1.3; +https://openai.com/gptbot)"
74.7.243.195 - - [20/Jan/2026:23:38:44 +1100] "GET /?l=224911543hbd2 HTTP/1.1" 200 1 "https://bintopia.com/sitemap-18.xml" "Mozilla/5.0 AppleWebKit/537.36 (KHTML, like Gecko; compatible; GPTBot/1.3; +https://openai.com/gptbot)"
74.7.243.195 - - [20/Jan/2026:23:38:44 +1100] "GET /?l=22893088f9ha1 HTTP/1.1" 200 1 "https://bintopia.com/sitemap-13.xml" "Mozilla/5.0 AppleWebKit/537.36 (KHTML, like Gecko; compatible; GPTBot/1.3; +https://openai.com/gptbot)"
74.7.243.195 - - [20/Jan/2026:23:38:45 +1100] "GET /?l=39366554g2d1g HTTP/1.1" 200 1 "https://bintopia.com/sitemap-11.xml" "Mozilla/5.0 AppleWebKit/537.36 (KHTML, like Gecko; compatible; GPTBot/1.3; +https://openai.com/gptbot)"
57.141.16.59 - - [20/Jan/2026:23:38:45 +1100] "GET /?l=525690c3e8i7 HTTP/1.1" 200 1 "-" "meta-externalagent/1.1 (+https://developers.facebook.com/docs/sharing/webmasters/crawler)"
74.7.243.195 - - [20/Jan/2026:23:38:45 +1100] "GET /?l=1143178d6hb72 HTTP/1.1" 200 1 "https://bintopia.com/sitemap-10.xml" "Mozilla/5.0 AppleWebKit/537.36 (KHTML, like Gecko; compatible; GPTBot/1.3; +https://openai.com/gptbot)"
74.7.243.195 - - [20/Jan/2026:23:38:46 +1100] "GET /?l=2844269h7j0c2 HTTP/1.1" 200 1 "https://bintopia.com/sitemap-16.xml" "Mozilla/5.0 AppleWebKit/537.36 (KHTML, like Gecko; compatible; GPTBot/1.3; +https://openai.com/gptbot)"
74.7.243.195 - - [20/Jan/2026:23:38:46 +1100] "GET /?l=2983221gae871 HTTP/1.1" 200 1 "https://bintopia.com/sitemap-16.xml" "Mozilla/5.0 AppleWebKit/537.36 (KHTML, like Gecko; compatible; GPTBot/1.3; +https://openai.com/gptbot)"
74.7.243.195 - - [20/Jan/2026:23:38:47 +1100] "GET /?l=4379593hha146 HTTP/1.1" 200 1 "https://bintopia.com/sitemap-15.xml" "Mozilla/5.0 AppleWebKit/537.36 (KHTML, like Gecko; compatible; GPTBot/1.3; +https://openai.com/gptbot)"
74.7.243.195 - - [20/Jan/2026:23:38:47 +1100] "GET /?l=1458850dfd275 HTTP/1.1" 200 1 "https://bintopia.com/sitemap-14.xml" "Mozilla/5.0 AppleWebKit/537.36 (KHTML, like Gecko; compatible; GPTBot/1.3; +https://openai.com/gptbot)"
74.7.243.195 - - [20/Jan/2026:23:38:48 +1100] "GET /?l=1330759edj503 HTTP/1.1" 200 1 "https://bintopia.com/sitemap-16.xml" "Mozilla/5.0 AppleWebKit/537.36 (KHTML, like Gecko; compatible; GPTBot/1.3; +https://openai.com/gptbot)"
74.7.243.195 - - [20/Jan/2026:23:38:48 +1100] "GET /?l=10320746hbb31 HTTP/1.1" 200 1 "https://bintopia.com/sitemap-10.xml" "Mozilla/5.0 AppleWebKit/537.36 (KHTML, like Gecko; compatible; GPTBot/1.3; +https://openai.com/gptbot)"
74.7.243.195 - - [20/Jan/2026:23:38:49 +1100] "GET /?l=185412175ad9h HTTP/1.1" 200 1 "https://bintopia.com/sitemap-11.xml" "Mozilla/5.0 AppleWebKit/537.36 (KHTML, like Gecko; compatible; GPTBot/1.3; +https://openai.com/gptbot)"
74.7.243.195 - - [20/Jan/2026:23:38:49 +1100] "GET /?l=36514545aac29 HTTP/1.1" 200 1 "https://bintopia.com/sitemap-14.xml" "Mozilla/5.0 AppleWebKit/537.36 (KHTML, like Gecko; compatible; GPTBot/1.3; +https://openai.com/gptbot)"
192.178.6.69 - - [20/Jan/2026:23:38:40 +1100] "GET /?detail/4796437 HTTP/1.1" 200 - "-" "Mozilla/5.0 (Linux; Android 6.0.1; Nexus 5X Build/MMB29P) AppleWebKit/537.36 (KHTML, like Gecko) Chrome/143.0.7499.192 Mobile Safari/537.36 (compatible; Googlebot/2.1; +http://www.google.com/bot.html)"
74.7.243.195 - - [20/Jan/2026:23:38:50 +1100] "GET /?l=4662729c4i75h HTTP/1.1" 200 1 "https://bintopia.com/sitemap-10.xml" "Mozilla/5.0 AppleWebKit/537.36 (KHTML, like Gecko; compatible; GPTBot/1.3; +https://openai.com/gptbot)"
74.7.243.195 - - [20/Jan/2026:23:38:51 +1100] "GET /?l=4815176fj714a HTTP/1.1" 200 1 "https://bintopia.com/sitemap-11.xml" "Mozilla/5.0 AppleWebKit/537.36 (KHTML, like Gecko; compatible; GPTBot/1.3; +https://openai.com/gptbot)"
74.7.243.195 - - [20/Jan/2026:23:38:51 +1100] "GET /?l=3898310cg228a HTTP/1.1" 200 1 "https://bintopia.com/sitemap-18.xml" "Mozilla/5.0 AppleWebKit/537.36 (KHTML, like Gecko; compatible; GPTBot/1.3; +https://openai.com/gptbot)"
192.178.6.69 - - [20/Jan/2026:23:38:46 +1100] "GET /?l=4734777g6ggaa HTTP/1.1" 200 148446 "-" "Mozilla/5.0 (Linux; Android 6.0.1; Nexus 5X Build/MMB29P) AppleWebKit/537.36 (KHTML, like Gecko) Chrome/143.0.7499.192 Mobile Safari/537.36 (compatible; GoogleOther)"
74.7.243.195 - - [20/Jan/2026:23:38:52 +1100] "GET /?l=17019109bf6e1 HTTP/1.1" 200 1 "https://bintopia.com/sitemap-10.xml" "Mozilla/5.0 AppleWebKit/537.36 (KHTML, like Gecko; compatible; GPTBot/1.3; +https://openai.com/gptbot)"
74.7.243.195 - - [20/Jan/2026:23:38:52 +1100] "GET /?l=1585488j8c17b HTTP/1.1" 200 1 "https://bintopia.com/sitemap-11.xml" "Mozilla/5.0 AppleWebKit/537.36 (KHTML, like Gecko; compatible; GPTBot/1.3; +https://openai.com/gptbot)"
74.7.243.195 - - [20/Jan/2026:23:38:53 +1100] "GET /?l=332884256jj1f HTTP/1.1" 200 1 "https://bintopia.com/sitemap-10.xml" "Mozilla/5.0 AppleWebKit/537.36 (KHTML, like Gecko; compatible; GPTBot/1.3; +https://openai.com/gptbot)"
74.7.243.195 - - [20/Jan/2026:23:38:53 +1100] "GET /?l=2312248cb7f91 HTTP/1.1" 200 1 "https://bintopia.com/sitemap-18.xml" "Mozilla/5.0 AppleWebKit/537.36 (KHTML, like Gecko; compatible; GPTBot/1.3; +https://openai.com/gptbot)"
74.7.243.195 - - [20/Jan/2026:23:38:54 +1100] "GET /?l=33511394ff17g HTTP/1.1" 200 1 "https://bintopia.com/sitemap-11.xml" "Mozilla/5.0 AppleWebKit/537.36 (KHTML, like Gecko; compatible; GPTBot/1.3; +https://openai.com/gptbot)"
74.7.243.195 - - [20/Jan/2026:23:38:54 +1100] "GET /?l=15421173fj53j HTTP/1.1" 200 1 "https://bintopia.com/sitemap-11.xml" "Mozilla/5.0 AppleWebKit/537.36 (KHTML, like Gecko; compatible; GPTBot/1.3; +https://openai.com/gptbot)"
74.7.243.195 - - [20/Jan/2026:23:38:55 +1100] "GET /?l=4054854dh08j2 HTTP/1.1" 200 1 "https://bintopia.com/sitemap-18.xml" "Mozilla/5.0 AppleWebKit/537.36 (KHTML, like Gecko; compatible; GPTBot/1.3; +https://openai.com/gptbot)"
74.7.243.195 - - [20/Jan/2026:23:38:55 +1100] "GET /?l=2458927i547ie HTTP/1.1" 200 1 "https://bintopia.com/sitemap-16.xml" "Mozilla/5.0 AppleWebKit/537.36 (KHTML, like Gecko; compatible; GPTBot/1.3; +https://openai.com/gptbot)"
74.7.243.195 - - [20/Jan/2026:23:38:56 +1100] "GET /?l=4398781g589di HTTP/1.1" 200 1 "https://bintopia.com/sitemap-16.xml" "Mozilla/5.0 AppleWebKit/537.36 (KHTML, like Gecko; compatible; GPTBot/1.3; +https://openai.com/gptbot)"
74.7.243.195 - - [20/Jan/2026:23:38:56 +1100] "GET /?l=15169304ce90c HTTP/1.1" 200 1 "https://bintopia.com/sitemap-11.xml" "Mozilla/5.0 AppleWebKit/537.36 (KHTML, like Gecko; compatible; GPTBot/1.3; +https://openai.com/gptbot)"
74.7.243.195 - - [20/Jan/2026:23:38:57 +1100] "GET /?l=2037781jd4h71 HTTP/1.1" 200 1 "https://bintopia.com/sitemap-11.xml" "Mozilla/5.0 AppleWebKit/537.36 (KHTML, like Gecko; compatible; GPTBot/1.3; +https://openai.com/gptbot)"
74.7.243.195 - - [20/Jan/2026:23:38:57 +1100] "GET /?l=1909897jjh643 HTTP/1.1" 200 1 "https://bintopia.com/sitemap-15.xml" "Mozilla/5.0 AppleWebKit/537.36 (KHTML, like Gecko; compatible; GPTBot/1.3; +https://openai.com/gptbot)"
74.7.243.195 - - [20/Jan/2026:23:38:58 +1100] "GET /?l=18553911h35af HTTP/1.1" 200 1 "https://bintopia.com/sitemap-10.xml" "Mozilla/5.0 AppleWebKit/537.36 (KHTML, like Gecko; compatible; GPTBot/1.3; +https://openai.com/gptbot)"
74.7.243.195 - - [20/Jan/2026:23:38:58 +1100] "GET /?l=3184208h4b6e8 HTTP/1.1" 200 1 "https://bintopia.com/sitemap-11.xml" "Mozilla/5.0 AppleWebKit/537.36 (KHTML, like Gecko; compatible; GPTBot/1.3; +https://openai.com/gptbot)"
74.7.243.195 - - [20/Jan/2026:23:38:59 +1100] "GET /?l=2590400haj441 HTTP/1.1" 200 1 "https://bintopia.com/sitemap-14.xml" "Mozilla/5.0 AppleWebKit/537.36 (KHTML, like Gecko; compatible; GPTBot/1.3; +https://openai.com/gptbot)"
192.178.6.71 - - [20/Jan/2026:23:38:50 +1100] "GET /?detail/13547926 HTTP/1.1" 200 136999 "-" "Mozilla/5.0 (Linux; Android 6.0.1; Nexus 5X Build/MMB29P) AppleWebKit/537.36 (KHTML, like Gecko) Chrome/143.0.7499.192 Mobile Safari/537.36 (compatible; Googlebot/2.1; +http://www.google.com/bot.html)"
74.7.243.195 - - [20/Jan/2026:23:38:59 +1100] "GET /?l=1096767di592i HTTP/1.1" 200 1 "https://bintopia.com/sitemap-16.xml" "Mozilla/5.0 AppleWebKit/537.36 (KHTML, like Gecko; compatible; GPTBot/1.3; +https://openai.com/gptbot)"
74.7.243.195 - - [20/Jan/2026:23:39:00 +1100] "GET /?l=331873927g6hf HTTP/1.1" 200 1 "https://bintopia.com/sitemap-16.xml" "Mozilla/5.0 AppleWebKit/537.36 (KHTML, like Gecko; compatible; GPTBot/1.3; +https://openai.com/gptbot)"
74.7.243.195 - - [20/Jan/2026:23:39:00 +1100] "GET /?l=37607697f4ja2 HTTP/1.1" 200 1 "https://bintopia.com/sitemap-11.xml" "Mozilla/5.0 AppleWebKit/537.36 (KHTML, like Gecko; compatible; GPTBot/1.3; +https://openai.com/gptbot)"
74.7.243.195 - - [20/Jan/2026:23:39:01 +1100] "GET /?l=34782078g7j9b HTTP/1.1" 200 1 "https://bintopia.com/sitemap-13.xml" "Mozilla/5.0 AppleWebKit/537.36 (KHTML, like Gecko; compatible; GPTBot/1.3; +https://openai.com/gptbot)"
74.7.243.195 - - [20/Jan/2026:23:39:01 +1100] "GET /?l=4123294gh62b4 HTTP/1.1" 200 1 "https://bintopia.com/sitemap-14.xml" "Mozilla/5.0 AppleWebKit/537.36 (KHTML, like Gecko; compatible; GPTBot/1.3; +https://openai.com/gptbot)"
74.7.243.195 - - [20/Jan/2026:23:39:02 +1100] "GET /?l=4016106ai8e22 HTTP/1.1" 200 1 "https://bintopia.com/sitemap-10.xml" "Mozilla/5.0 AppleWebKit/537.36 (KHTML, like Gecko; compatible; GPTBot/1.3; +https://openai.com/gptbot)"
192.178.6.70 - - [20/Jan/2026:23:38:52 +1100] "GET /?detail/16200371 HTTP/1.1" 200 - "-" "Mozilla/5.0 (Linux; Android 6.0.1; Nexus 5X Build/MMB29P) AppleWebKit/537.36 (KHTML, like Gecko) Chrome/143.0.7499.192 Mobile Safari/537.36 (compatible; Googlebot/2.1; +http://www.google.com/bot.html)"
57.141.16.13 - - [20/Jan/2026:23:39:02 +1100] "GET /?detail/22605293 HTTP/1.1" 200 1 "-" "meta-externalagent/1.1 (+https://developers.facebook.com/docs/sharing/webmasters/crawler)"
74.7.243.195 - - [20/Jan/2026:23:39:03 +1100] "GET /?l=24212346h9ec5 HTTP/1.1" 200 1 "https://bintopia.com/sitemap-10.xml" "Mozilla/5.0 AppleWebKit/537.36 (KHTML, like Gecko; compatible; GPTBot/1.3; +https://openai.com/gptbot)"
192.178.6.70 - - [20/Jan/2026:23:39:00 +1100] "GET /?detail/9632682 HTTP/1.1" 200 174754 "-" "Mozilla/5.0 (Linux; Android 6.0.1; Nexus 5X Build/MMB29P) AppleWebKit/537.36 (KHTML, like Gecko) Chrome/143.0.7499.192 Mobile Safari/537.36 (compatible; Googlebot/2.1; +http://www.google.com/bot.html)"
74.7.243.195 - - [20/Jan/2026:23:39:03 +1100] "GET /?l=41347731a1f2f HTTP/1.1" 200 1 "https://bintopia.com/sitemap-15.xml" "Mozilla/5.0 AppleWebKit/537.36 (KHTML, like Gecko; compatible; GPTBot/1.3; +https://openai.com/gptbot)"
74.7.243.195 - - [20/Jan/2026:23:39:04 +1100] "GET /?l=185454909j5gh HTTP/1.1" 200 1 "https://bintopia.com/sitemap-16.xml" "Mozilla/5.0 AppleWebKit/537.36 (KHTML, like Gecko; compatible; GPTBot/1.3; +https://openai.com/gptbot)"
74.7.243.195 - - [20/Jan/2026:23:39:04 +1100] "GET /?l=51510196gf2e6 HTTP/1.1" 200 1 "https://bintopia.com/sitemap-18.xml" "Mozilla/5.0 AppleWebKit/537.36 (KHTML, like Gecko; compatible; GPTBot/1.3; +https://openai.com/gptbot)"
74.7.243.195 - - [20/Jan/2026:23:39:05 +1100] "GET /?l=231001473cga0 HTTP/1.1" 200 1 "https://bintopia.com/sitemap-13.xml" "Mozilla/5.0 AppleWebKit/537.36 (KHTML, like Gecko; compatible; GPTBot/1.3; +https://openai.com/gptbot)"
74.7.243.195 - - [20/Jan/2026:23:39:05 +1100] "GET /?l=2715779h685aa HTTP/1.1" 200 1 "https://bintopia.com/sitemap-10.xml" "Mozilla/5.0 AppleWebKit/537.36 (KHTML, like Gecko; compatible; GPTBot/1.3; +https://openai.com/gptbot)"
74.7.243.195 - - [20/Jan/2026:23:39:06 +1100] "GET /?l=2909003cb85g0 HTTP/1.1" 200 1 "https://bintopia.com/sitemap-10.xml" "Mozilla/5.0 AppleWebKit/537.36 (KHTML, like Gecko; compatible; GPTBot/1.3; +https://openai.com/gptbot)"
74.7.243.195 - - [20/Jan/2026:23:39:06 +1100] "GET /?l=45233554j2f0a HTTP/1.1" 200 1 "https://bintopia.com/sitemap-10.xml" "Mozilla/5.0 AppleWebKit/537.36 (KHTML, like Gecko; compatible; GPTBot/1.3; +https://openai.com/gptbot)"
74.7.243.195 - - [20/Jan/2026:23:39:07 +1100] "GET /?l=5230231h632ch HTTP/1.1" 200 1 "https://bintopia.com/sitemap-15.xml" "Mozilla/5.0 AppleWebKit/537.36 (KHTML, like Gecko; compatible; GPTBot/1.3; +https://openai.com/gptbot)"
192.178.6.71 - - [20/Jan/2026:23:39:03 +1100] "GET /?detail/15687359 HTTP/1.1" 200 137732 "-" "Mozilla/5.0 (Linux; Android 6.0.1; Nexus 5X Build/MMB29P) AppleWebKit/537.36 (KHTML, like Gecko) Chrome/143.0.7499.192 Mobile Safari/537.36 (compatible; Googlebot/2.1; +http://www.google.com/bot.html)"
74.7.243.195 - - [20/Jan/2026:23:39:07 +1100] "GET /?l=52210115hj10f HTTP/1.1" 200 1 "https://bintopia.com/sitemap-16.xml" "Mozilla/5.0 AppleWebKit/537.36 (KHTML, like Gecko; compatible; GPTBot/1.3; +https://openai.com/gptbot)"
74.7.243.195 - - [20/Jan/2026:23:39:08 +1100] "GET /?l=3032535365cbb HTTP/1.1" 200 1 "https://bintopia.com/sitemap-11.xml" "Mozilla/5.0 AppleWebKit/537.36 (KHTML, like Gecko; compatible; GPTBot/1.3; +https://openai.com/gptbot)"
74.7.243.195 - - [20/Jan/2026:23:39:08 +1100] "GET /?l=188480180e2hf HTTP/1.1" 200 1 "https://bintopia.com/sitemap-13.xml" "Mozilla/5.0 AppleWebKit/537.36 (KHTML, like Gecko; compatible; GPTBot/1.3; +https://openai.com/gptbot)"
74.7.243.195 - - [20/Jan/2026:23:39:09 +1100] "GET /?l=378228682h4hf HTTP/1.1" 200 1 "https://bintopia.com/sitemap-14.xml" "Mozilla/5.0 AppleWebKit/537.36 (KHTML, like Gecko; compatible; GPTBot/1.3; +https://openai.com/gptbot)"
192.178.6.70 - - [20/Jan/2026:23:39:02 +1100] "GET /?detail/14131704 HTTP/1.1" 200 140205 "-" "Mozilla/5.0 (Linux; Android 6.0.1; Nexus 5X Build/MMB29P) AppleWebKit/537.36 (KHTML, like Gecko) Chrome/143.0.7499.192 Mobile Safari/537.36 (compatible; Googlebot/2.1; +http://www.google.com/bot.html)"
74.7.243.195 - - [20/Jan/2026:23:39:09 +1100] "GET /?l=10416313g4i8f HTTP/1.1" 200 1 "https://bintopia.com/sitemap-16.xml" "Mozilla/5.0 AppleWebKit/537.36 (KHTML, like Gecko; compatible; GPTBot/1.3; +https://openai.com/gptbot)"
74.7.243.195 - - [20/Jan/2026:23:39:10 +1100] "GET /?l=1159889956eid HTTP/1.1" 200 1 "https://bintopia.com/sitemap-18.xml" "Mozilla/5.0 AppleWebKit/537.36 (KHTML, like Gecko; compatible; GPTBot/1.3; +https://openai.com/gptbot)"
74.7.243.195 - - [20/Jan/2026:23:39:11 +1100] "GET /?l=32246142eb04d HTTP/1.1" 200 1 "https://bintopia.com/sitemap-16.xml" "Mozilla/5.0 AppleWebKit/537.36 (KHTML, like Gecko; compatible; GPTBot/1.3; +https://openai.com/gptbot)"
74.7.243.195 - - [20/Jan/2026:23:39:11 +1100] "GET /?l=4526910515eba HTTP/1.1" 200 1 "https://bintopia.com/sitemap-10.xml" "Mozilla/5.0 AppleWebKit/537.36 (KHTML, like Gecko; compatible; GPTBot/1.3; +https://openai.com/gptbot)"
74.7.243.195 - - [20/Jan/2026:23:39:12 +1100] "GET /?l=4095474j63i0h HTTP/1.1" 200 1 "https://bintopia.com/sitemap-18.xml" "Mozilla/5.0 AppleWebKit/537.36 (KHTML, like Gecko; compatible; GPTBot/1.3; +https://openai.com/gptbot)"
74.7.243.195 - - [20/Jan/2026:23:39:12 +1100] "GET /?l=486908946bf1d HTTP/1.1" 200 1 "https://bintopia.com/sitemap-13.xml" "Mozilla/5.0 AppleWebKit/537.36 (KHTML, like Gecko; compatible; GPTBot/1.3; +https://openai.com/gptbot)"
74.7.243.195 - - [20/Jan/2026:23:39:13 +1100] "GET /?l=2563897jj55e9 HTTP/1.1" 200 1 "https://bintopia.com/sitemap-15.xml" "Mozilla/5.0 AppleWebKit/537.36 (KHTML, like Gecko; compatible; GPTBot/1.3; +https://openai.com/gptbot)"
74.7.243.195 - - [20/Jan/2026:23:39:13 +1100] "GET /?l=5148261245jid HTTP/1.1" 200 1 "https://bintopia.com/sitemap-14.xml" "Mozilla/5.0 AppleWebKit/537.36 (KHTML, like Gecko; compatible; GPTBot/1.3; +https://openai.com/gptbot)"
74.7.243.195 - - [20/Jan/2026:23:39:14 +1100] "GET /?l=4340113ac63j7 HTTP/1.1" 200 1 "https://bintopia.com/sitemap-13.xml" "Mozilla/5.0 AppleWebKit/537.36 (KHTML, like Gecko; compatible; GPTBot/1.3; +https://openai.com/gptbot)"
74.7.243.195 - - [20/Jan/2026:23:39:14 +1100] "GET /?l=33981109cf0b7 HTTP/1.1" 200 1 "https://bintopia.com/sitemap-10.xml" "Mozilla/5.0 AppleWebKit/537.36 (KHTML, like Gecko; compatible; GPTBot/1.3; +https://openai.com/gptbot)"
74.7.243.195 - - [20/Jan/2026:23:39:15 +1100] "GET /?l=48953584a4ci4 HTTP/1.1" 200 1 "https://bintopia.com/sitemap-16.xml" "Mozilla/5.0 AppleWebKit/537.36 (KHTML, like Gecko; compatible; GPTBot/1.3; +https://openai.com/gptbot)"
74.7.243.195 - - [20/Jan/2026:23:39:15 +1100] "GET /?l=1869951194edf HTTP/1.1" 200 1 "https://bintopia.com/sitemap-15.xml" "Mozilla/5.0 AppleWebKit/537.36 (KHTML, like Gecko; compatible; GPTBot/1.3; +https://openai.com/gptbot)"
74.7.243.195 - - [20/Jan/2026:23:39:16 +1100] "GET /?l=229118010a4gd HTTP/1.1" 200 1 "https://bintopia.com/sitemap-10.xml" "Mozilla/5.0 AppleWebKit/537.36 (KHTML, like Gecko; compatible; GPTBot/1.3; +https://openai.com/gptbot)"
74.7.243.195 - - [20/Jan/2026:23:39:16 +1100] "GET /?l=50331663a48bc HTTP/1.1" 200 1 "https://bintopia.com/sitemap-10.xml" "Mozilla/5.0 AppleWebKit/537.36 (KHTML, like Gecko; compatible; GPTBot/1.3; +https://openai.com/gptbot)"
74.7.243.195 - - [20/Jan/2026:23:39:17 +1100] "GET /?l=5240229c5fj76 HTTP/1.1" 200 1 "https://bintopia.com/sitemap-16.xml" "Mozilla/5.0 AppleWebKit/537.36 (KHTML, like Gecko; compatible; GPTBot/1.3; +https://openai.com/gptbot)"
74.7.243.195 - - [20/Jan/2026:23:39:17 +1100] "GET /?l=1794200hhc889 HTTP/1.1" 200 1 "https://bintopia.com/sitemap-11.xml" "Mozilla/5.0 AppleWebKit/537.36 (KHTML, like Gecko; compatible; GPTBot/1.3; +https://openai.com/gptbot)"
74.7.243.195 - - [20/Jan/2026:23:39:18 +1100] "GET /?l=2243675f44fd3 HTTP/1.1" 200 1 "https://bintopia.com/sitemap-10.xml" "Mozilla/5.0 AppleWebKit/537.36 (KHTML, like Gecko; compatible; GPTBot/1.3; +https://openai.com/gptbot)"
192.178.6.69 - - [20/Jan/2026:23:39:08 +1100] "GET /?detail/15532382 HTTP/1.1" 200 - "-" "Mozilla/5.0 (Linux; Android 6.0.1; Nexus 5X Build/MMB29P) AppleWebKit/537.36 (KHTML, like Gecko) Chrome/143.0.7499.192 Mobile Safari/537.36 (compatible; Googlebot/2.1; +http://www.google.com/bot.html)"
57.141.16.76 - - [20/Jan/2026:23:39:18 +1100] "GET /?detail/7515659 HTTP/1.1" 200 1 "-" "meta-externalagent/1.1 (+https://developers.facebook.com/docs/sharing/webmasters/crawler)"
74.7.243.195 - - [20/Jan/2026:23:39:18 +1100] "GET /?l=47970784g4bc5 HTTP/1.1" 200 1 "https://bintopia.com/sitemap-10.xml" "Mozilla/5.0 AppleWebKit/537.36 (KHTML, like Gecko; compatible; GPTBot/1.3; +https://openai.com/gptbot)"
74.7.243.195 - - [20/Jan/2026:23:39:19 +1100] "GET /?l=1519081g3g94d HTTP/1.1" 200 1 "https://bintopia.com/sitemap-11.xml" "Mozilla/5.0 AppleWebKit/537.36 (KHTML, like Gecko; compatible; GPTBot/1.3; +https://openai.com/gptbot)"
74.7.243.195 - - [20/Jan/2026:23:39:20 +1100] "GET /?l=1289112je55e6 HTTP/1.1" 200 1 "https://bintopia.com/sitemap-11.xml" "Mozilla/5.0 AppleWebKit/537.36 (KHTML, like Gecko; compatible; GPTBot/1.3; +https://openai.com/gptbot)"
74.7.243.195 - - [20/Jan/2026:23:39:20 +1100] "GET /?l=2523151j35j4f HTTP/1.1" 200 1 "https://bintopia.com/sitemap-18.xml" "Mozilla/5.0 AppleWebKit/537.36 (KHTML, like Gecko; compatible; GPTBot/1.3; +https://openai.com/gptbot)"
74.7.243.195 - - [20/Jan/2026:23:39:21 +1100] "GET /?l=2891280dc3j28 HTTP/1.1" 200 1 "https://bintopia.com/sitemap-16.xml" "Mozilla/5.0 AppleWebKit/537.36 (KHTML, like Gecko; compatible; GPTBot/1.3; +https://openai.com/gptbot)"
192.178.6.69 - - [20/Jan/2026:23:39:18 +1100] "GET /?detail/15589004 HTTP/1.1" 200 136436 "-" "Mozilla/5.0 (Linux; Android 6.0.1; Nexus 5X Build/MMB29P) AppleWebKit/537.36 (KHTML, like Gecko) Chrome/143.0.7499.192 Mobile Safari/537.36 (compatible; Googlebot/2.1; +http://www.google.com/bot.html)"
74.7.243.195 - - [20/Jan/2026:23:39:21 +1100] "GET /?l=15739951c7e7a HTTP/1.1" 200 1 "https://bintopia.com/sitemap-15.xml" "Mozilla/5.0 AppleWebKit/537.36 (KHTML, like Gecko; compatible; GPTBot/1.3; +https://openai.com/gptbot)"
74.7.243.195 - - [20/Jan/2026:23:39:22 +1100] "GET /?l=5106350311gca HTTP/1.1" 200 1 "https://bintopia.com/sitemap-16.xml" "Mozilla/5.0 AppleWebKit/537.36 (KHTML, like Gecko; compatible; GPTBot/1.3; +https://openai.com/gptbot)"
74.7.243.195 - - [20/Jan/2026:23:39:22 +1100] "GET /?l=513635774b3dg HTTP/1.1" 200 1 "https://bintopia.com/sitemap-10.xml" "Mozilla/5.0 AppleWebKit/537.36 (KHTML, like Gecko; compatible; GPTBot/1.3; +https://openai.com/gptbot)"
74.7.243.195 - - [20/Jan/2026:23:39:23 +1100] "GET /?l=3050746c9j36j HTTP/1.1" 200 1 "https://bintopia.com/sitemap-18.xml" "Mozilla/5.0 AppleWebKit/537.36 (KHTML, like Gecko; compatible; GPTBot/1.3; +https://openai.com/gptbot)"
66.249.75.39 - - [20/Jan/2026:23:39:13 +1100] "GET /?l=886359443d01 HTTP/1.1" 200 - "-" "Mozilla/5.0 (Linux; Android 6.0.1; Nexus 5X Build/MMB29P) AppleWebKit/537.36 (KHTML, like Gecko) Chrome/143.0.7499.192 Mobile Safari/537.36 (compatible; GoogleOther)"
74.7.243.195 - - [20/Jan/2026:23:39:23 +1100] "GET /?l=1315497d3dc16 HTTP/1.1" 200 1 "https://bintopia.com/sitemap-10.xml" "Mozilla/5.0 AppleWebKit/537.36 (KHTML, like Gecko; compatible; GPTBot/1.3; +https://openai.com/gptbot)"
74.7.243.195 - - [20/Jan/2026:23:39:24 +1100] "GET /?l=37509405j39fj HTTP/1.1" 200 1 "https://bintopia.com/sitemap-15.xml" "Mozilla/5.0 AppleWebKit/537.36 (KHTML, like Gecko; compatible; GPTBot/1.3; +https://openai.com/gptbot)"
74.7.243.195 - - [20/Jan/2026:23:39:24 +1100] "GET /?l=10885284fb9g1 HTTP/1.1" 200 1 "https://bintopia.com/sitemap-14.xml" "Mozilla/5.0 AppleWebKit/537.36 (KHTML, like Gecko; compatible; GPTBot/1.3; +https://openai.com/gptbot)"
74.7.243.195 - - [20/Jan/2026:23:39:25 +1100] "GET /?l=2327129bg15a5 HTTP/1.1" 200 1 "https://bintopia.com/sitemap-13.xml" "Mozilla/5.0 AppleWebKit/537.36 (KHTML, like Gecko; compatible; GPTBot/1.3; +https://openai.com/gptbot)"
74.7.243.195 - - [20/Jan/2026:23:39:25 +1100] "GET /?l=31739690f86ii HTTP/1.1" 200 1 "https://bintopia.com/sitemap-16.xml" "Mozilla/5.0 AppleWebKit/537.36 (KHTML, like Gecko; compatible; GPTBot/1.3; +https://openai.com/gptbot)"
74.7.243.195 - - [20/Jan/2026:23:39:26 +1100] "GET /?l=4668272ij7h83 HTTP/1.1" 200 1 "https://bintopia.com/sitemap-10.xml" "Mozilla/5.0 AppleWebKit/537.36 (KHTML, like Gecko; compatible; GPTBot/1.3; +https://openai.com/gptbot)"
57.141.16.22 - - [20/Jan/2026:23:39:26 +1100] "GET /?detail/23069982 HTTP/1.1" 200 1 "-" "meta-externalagent/1.1 (+https://developers.facebook.com/docs/sharing/webmasters/crawler)"
74.7.243.195 - - [20/Jan/2026:23:39:26 +1100] "GET /?l=2792927g6df28 HTTP/1.1" 200 1 "https://bintopia.com/sitemap-18.xml" "Mozilla/5.0 AppleWebKit/537.36 (KHTML, like Gecko; compatible; GPTBot/1.3; +https://openai.com/gptbot)"
74.7.243.195 - - [20/Jan/2026:23:39:27 +1100] "GET /?l=11958151i9h3f HTTP/1.1" 200 1 "https://bintopia.com/sitemap-10.xml" "Mozilla/5.0 AppleWebKit/537.36 (KHTML, like Gecko; compatible; GPTBot/1.3; +https://openai.com/gptbot)"
74.7.243.195 - - [20/Jan/2026:23:39:28 +1100] "GET /?l=21809940i2hd2 HTTP/1.1" 200 1 "https://bintopia.com/sitemap-15.xml" "Mozilla/5.0 AppleWebKit/537.36 (KHTML, like Gecko; compatible; GPTBot/1.3; +https://openai.com/gptbot)"
192.178.6.69 - - [20/Jan/2026:23:39:21 +1100] "GET /?detail/30648393 HTTP/1.1" 200 141894 "-" "Mozilla/5.0 (Linux; Android 6.0.1; Nexus 5X Build/MMB29P) AppleWebKit/537.36 (KHTML, like Gecko) Chrome/143.0.7499.192 Mobile Safari/537.36 (compatible; Googlebot/2.1; +http://www.google.com/bot.html)"
74.7.243.195 - - [20/Jan/2026:23:39:28 +1100] "GET /?l=15130845h4je0 HTTP/1.1" 200 1 "https://bintopia.com/sitemap-10.xml" "Mozilla/5.0 AppleWebKit/537.36 (KHTML, like Gecko; compatible; GPTBot/1.3; +https://openai.com/gptbot)"
74.7.243.195 - - [20/Jan/2026:23:39:29 +1100] "GET /?l=429073455ah4c HTTP/1.1" 200 1 "https://bintopia.com/sitemap-16.xml" "Mozilla/5.0 AppleWebKit/537.36 (KHTML, like Gecko; compatible; GPTBot/1.3; +https://openai.com/gptbot)"
74.7.243.195 - - [20/Jan/2026:23:39:29 +1100] "GET /?l=3663844bc2d89 HTTP/1.1" 200 1 "https://bintopia.com/sitemap-18.xml" "Mozilla/5.0 AppleWebKit/537.36 (KHTML, like Gecko; compatible; GPTBot/1.3; +https://openai.com/gptbot)"
74.7.243.195 - - [20/Jan/2026:23:39:30 +1100] "GET /?l=3273779e21b7h HTTP/1.1" 200 1 "https://bintopia.com/sitemap-13.xml" "Mozilla/5.0 AppleWebKit/537.36 (KHTML, like Gecko; compatible; GPTBot/1.3; +https://openai.com/gptbot)"
74.7.243.195 - - [20/Jan/2026:23:39:30 +1100] "GET /?l=2188322hf08f2 HTTP/1.1" 200 1 "https://bintopia.com/sitemap-11.xml" "Mozilla/5.0 AppleWebKit/537.36 (KHTML, like Gecko; compatible; GPTBot/1.3; +https://openai.com/gptbot)"
74.7.243.195 - - [20/Jan/2026:23:39:31 +1100] "GET /?l=280232057gih3 HTTP/1.1" 200 1 "https://bintopia.com/sitemap-14.xml" "Mozilla/5.0 AppleWebKit/537.36 (KHTML, like Gecko; compatible; GPTBot/1.3; +https://openai.com/gptbot)"
74.7.243.195 - - [20/Jan/2026:23:39:31 +1100] "GET /?l=2474175ih846d HTTP/1.1" 200 1 "https://bintopia.com/sitemap-16.xml" "Mozilla/5.0 AppleWebKit/537.36 (KHTML, like Gecko; compatible; GPTBot/1.3; +https://openai.com/gptbot)"
74.7.243.195 - - [20/Jan/2026:23:39:32 +1100] "GET /?l=2001708ih4f64 HTTP/1.1" 200 1 "https://bintopia.com/sitemap-13.xml" "Mozilla/5.0 AppleWebKit/537.36 (KHTML, like Gecko; compatible; GPTBot/1.3; +https://openai.com/gptbot)"
74.7.243.195 - - [20/Jan/2026:23:39:32 +1100] "GET /?l=27997424j3j4c HTTP/1.1" 200 1 "https://bintopia.com/sitemap-10.xml" "Mozilla/5.0 AppleWebKit/537.36 (KHTML, like Gecko; compatible; GPTBot/1.3; +https://openai.com/gptbot)"
74.7.243.195 - - [20/Jan/2026:23:39:33 +1100] "GET /?l=4757446gg08j4 HTTP/1.1" 200 1 "https://bintopia.com/sitemap-10.xml" "Mozilla/5.0 AppleWebKit/537.36 (KHTML, like Gecko; compatible; GPTBot/1.3; +https://openai.com/gptbot)"
74.7.243.195 - - [20/Jan/2026:23:39:33 +1100] "GET /?l=3186768j77bg2 HTTP/1.1" 200 1 "https://bintopia.com/sitemap-18.xml" "Mozilla/5.0 AppleWebKit/537.36 (KHTML, like Gecko; compatible; GPTBot/1.3; +https://openai.com/gptbot)"
192.178.6.69 - - [20/Jan/2026:23:39:29 +1100] "GET /?detail/10149160 HTTP/1.1" 200 138352 "-" "Mozilla/5.0 (Linux; Android 6.0.1; Nexus 5X Build/MMB29P) AppleWebKit/537.36 (KHTML, like Gecko) Chrome/143.0.7499.192 Mobile Safari/537.36 (compatible; Googlebot/2.1; +http://www.google.com/bot.html)"
74.7.243.195 - - [20/Jan/2026:23:39:34 +1100] "GET /?l=4228005a5g99g HTTP/1.1" 200 1 "https://bintopia.com/sitemap-18.xml" "Mozilla/5.0 AppleWebKit/537.36 (KHTML, like Gecko; compatible; GPTBot/1.3; +https://openai.com/gptbot)"
74.7.243.195 - - [20/Jan/2026:23:39:35 +1100] "GET /?l=12761801e57hi HTTP/1.1" 200 1 "https://bintopia.com/sitemap-16.xml" "Mozilla/5.0 AppleWebKit/537.36 (KHTML, like Gecko; compatible; GPTBot/1.3; +https://openai.com/gptbot)"
74.7.243.195 - - [20/Jan/2026:23:39:35 +1100] "GET /?l=12043571a71ha HTTP/1.1" 200 1 "https://bintopia.com/sitemap-11.xml" "Mozilla/5.0 AppleWebKit/537.36 (KHTML, like Gecko; compatible; GPTBot/1.3; +https://openai.com/gptbot)"
74.7.243.195 - - [20/Jan/2026:23:39:36 +1100] "GET /?l=2534549a3ag04 HTTP/1.1" 200 1 "https://bintopia.com/sitemap-15.xml" "Mozilla/5.0 AppleWebKit/537.36 (KHTML, like Gecko; compatible; GPTBot/1.3; +https://openai.com/gptbot)"
74.7.243.195 - - [20/Jan/2026:23:39:36 +1100] "GET /?l=31925058e5fb2 HTTP/1.1" 200 1 "https://bintopia.com/sitemap-14.xml" "Mozilla/5.0 AppleWebKit/537.36 (KHTML, like Gecko; compatible; GPTBot/1.3; +https://openai.com/gptbot)"
74.7.243.195 - - [20/Jan/2026:23:39:37 +1100] "GET /?l=4268620bg41e4 HTTP/1.1" 200 1 "https://bintopia.com/sitemap-16.xml" "Mozilla/5.0 AppleWebKit/537.36 (KHTML, like Gecko; compatible; GPTBot/1.3; +https://openai.com/gptbot)"
74.7.243.195 - - [20/Jan/2026:23:39:37 +1100] "GET /?l=177923985idh7 HTTP/1.1" 200 1 "https://bintopia.com/sitemap-14.xml" "Mozilla/5.0 AppleWebKit/537.36 (KHTML, like Gecko; compatible; GPTBot/1.3; +https://openai.com/gptbot)"
74.7.243.195 - - [20/Jan/2026:23:39:38 +1100] "GET /?l=51984128c5jc8 HTTP/1.1" 200 1 "https://bintopia.com/sitemap-14.xml" "Mozilla/5.0 AppleWebKit/537.36 (KHTML, like Gecko; compatible; GPTBot/1.3; +https://openai.com/gptbot)"
74.7.243.195 - - [20/Jan/2026:23:39:38 +1100] "GET /?l=3497310ah9h67 HTTP/1.1" 200 1 "https://bintopia.com/sitemap-18.xml" "Mozilla/5.0 AppleWebKit/537.36 (KHTML, like Gecko; compatible; GPTBot/1.3; +https://openai.com/gptbot)"
192.178.6.69 - - [20/Jan/2026:23:39:34 +1100] "GET /?detail/22485526 HTTP/1.1" 200 145861 "-" "Mozilla/5.0 (Linux; Android 6.0.1; Nexus 5X Build/MMB29P) AppleWebKit/537.36 (KHTML, like Gecko) Chrome/143.0.7499.192 Mobile Safari/537.36 (compatible; Googlebot/2.1; +http://www.google.com/bot.html)"
74.7.243.195 - - [20/Jan/2026:23:39:39 +1100] "GET /?l=1762994h229ff HTTP/1.1" 200 1 "https://bintopia.com/sitemap-16.xml" "Mozilla/5.0 AppleWebKit/537.36 (KHTML, like Gecko; compatible; GPTBot/1.3; +https://openai.com/gptbot)"
74.7.243.195 - - [20/Jan/2026:23:39:39 +1100] "GET /?l=3260221b7h26i HTTP/1.1" 200 1 "https://bintopia.com/sitemap-10.xml" "Mozilla/5.0 AppleWebKit/537.36 (KHTML, like Gecko; compatible; GPTBot/1.3; +https://openai.com/gptbot)"
74.7.243.195 - - [20/Jan/2026:23:39:40 +1100] "GET /?l=41767668hed35 HTTP/1.1" 200 1 "https://bintopia.com/sitemap-13.xml" "Mozilla/5.0 AppleWebKit/537.36 (KHTML, like Gecko; compatible; GPTBot/1.3; +https://openai.com/gptbot)"
74.7.243.195 - - [20/Jan/2026:23:39:40 +1100] "GET /?l=34720580b5bc4 HTTP/1.1" 200 1 "https://bintopia.com/sitemap-10.xml" "Mozilla/5.0 AppleWebKit/537.36 (KHTML, like Gecko; compatible; GPTBot/1.3; +https://openai.com/gptbot)"
74.7.243.195 - - [20/Jan/2026:23:39:41 +1100] "GET /?l=4121731b263ah HTTP/1.1" 200 1 "https://bintopia.com/sitemap-10.xml" "Mozilla/5.0 AppleWebKit/537.36 (KHTML, like Gecko; compatible; GPTBot/1.3; +https://openai.com/gptbot)"
74.7.243.195 - - [20/Jan/2026:23:39:41 +1100] "GET /?l=494210940j2gj HTTP/1.1" 200 1 "https://bintopia.com/sitemap-11.xml" "Mozilla/5.0 AppleWebKit/537.36 (KHTML, like Gecko; compatible; GPTBot/1.3; +https://openai.com/gptbot)"
74.7.243.195 - - [20/Jan/2026:23:39:42 +1100] "GET /?l=4942134fg1i77 HTTP/1.1" 200 1 "https://bintopia.com/sitemap-10.xml" "Mozilla/5.0 AppleWebKit/537.36 (KHTML, like Gecko; compatible; GPTBot/1.3; +https://openai.com/gptbot)"
74.7.243.195 - - [20/Jan/2026:23:39:42 +1100] "GET /?l=2802592h826dj HTTP/1.1" 200 1 "https://bintopia.com/sitemap-10.xml" "Mozilla/5.0 AppleWebKit/537.36 (KHTML, like Gecko; compatible; GPTBot/1.3; +https://openai.com/gptbot)"
74.7.243.195 - - [20/Jan/2026:23:39:43 +1100] "GET /?l=50155721f6e1h HTTP/1.1" 200 1 "https://bintopia.com/sitemap-15.xml" "Mozilla/5.0 AppleWebKit/537.36 (KHTML, like Gecko; compatible; GPTBot/1.3; +https://openai.com/gptbot)"
74.7.243.195 - - [20/Jan/2026:23:39:43 +1100] "GET /?l=3668200c44f9f HTTP/1.1" 200 1 "https://bintopia.com/sitemap-10.xml" "Mozilla/5.0 AppleWebKit/537.36 (KHTML, like Gecko; compatible; GPTBot/1.3; +https://openai.com/gptbot)"
74.7.243.195 - - [20/Jan/2026:23:39:44 +1100] "GET /?l=1274227103iac HTTP/1.1" 200 1 "https://bintopia.com/sitemap-14.xml" "Mozilla/5.0 AppleWebKit/537.36 (KHTML, like Gecko; compatible; GPTBot/1.3; +https://openai.com/gptbot)"
74.7.243.195 - - [20/Jan/2026:23:39:44 +1100] "GET /?l=25102068heb61 HTTP/1.1" 200 1 "https://bintopia.com/sitemap-14.xml" "Mozilla/5.0 AppleWebKit/537.36 (KHTML, like Gecko; compatible; GPTBot/1.3; +https://openai.com/gptbot)"
74.7.243.195 - - [20/Jan/2026:23:39:45 +1100] "GET /?l=185580699bbi5 HTTP/1.1" 200 1 "https://bintopia.com/sitemap-13.xml" "Mozilla/5.0 AppleWebKit/537.36 (KHTML, like Gecko; compatible; GPTBot/1.3; +https://openai.com/gptbot)"
74.7.243.195 - - [20/Jan/2026:23:39:45 +1100] "GET /?l=1316930bbf737 HTTP/1.1" 200 1 "https://bintopia.com/sitemap-15.xml" "Mozilla/5.0 AppleWebKit/537.36 (KHTML, like Gecko; compatible; GPTBot/1.3; +https://openai.com/gptbot)"
74.7.243.195 - - [20/Jan/2026:23:39:46 +1100] "GET /?l=4797469fh403b HTTP/1.1" 200 1 "https://bintopia.com/sitemap-16.xml" "Mozilla/5.0 AppleWebKit/537.36 (KHTML, like Gecko; compatible; GPTBot/1.3; +https://openai.com/gptbot)"
74.7.243.195 - - [20/Jan/2026:23:39:47 +1100] "GET /?l=5200390a2c4i3 HTTP/1.1" 200 1 "https://bintopia.com/sitemap-15.xml" "Mozilla/5.0 AppleWebKit/537.36 (KHTML, like Gecko; compatible; GPTBot/1.3; +https://openai.com/gptbot)"
74.7.243.195 - - [20/Jan/2026:23:39:47 +1100] "GET /?l=34145322d0c2i HTTP/1.1" 200 1 "https://bintopia.com/sitemap-11.xml" "Mozilla/5.0 AppleWebKit/537.36 (KHTML, like Gecko; compatible; GPTBot/1.3; +https://openai.com/gptbot)"
74.7.243.195 - - [20/Jan/2026:23:39:48 +1100] "GET /?l=17274848egf13 HTTP/1.1" 200 1 "https://bintopia.com/sitemap-14.xml" "Mozilla/5.0 AppleWebKit/537.36 (KHTML, like Gecko; compatible; GPTBot/1.3; +https://openai.com/gptbot)"
74.7.243.195 - - [20/Jan/2026:23:39:48 +1100] "GET /?l=1160052df1c60 HTTP/1.1" 200 1 "https://bintopia.com/sitemap-16.xml" "Mozilla/5.0 AppleWebKit/537.36 (KHTML, like Gecko; compatible; GPTBot/1.3; +https://openai.com/gptbot)"
74.7.243.195 - - [20/Jan/2026:23:39:49 +1100] "GET /?l=30923132d05jh HTTP/1.1" 200 1 "https://bintopia.com/sitemap-16.xml" "Mozilla/5.0 AppleWebKit/537.36 (KHTML, like Gecko; compatible; GPTBot/1.3; +https://openai.com/gptbot)"
74.7.243.195 - - [20/Jan/2026:23:39:49 +1100] "GET /?l=3713832g4b01i HTTP/1.1" 200 1 "https://bintopia.com/sitemap-18.xml" "Mozilla/5.0 AppleWebKit/537.36 (KHTML, like Gecko; compatible; GPTBot/1.3; +https://openai.com/gptbot)"
74.7.243.195 - - [20/Jan/2026:23:39:50 +1100] "GET /?l=2923372j89fg7 HTTP/1.1" 200 1 "https://bintopia.com/sitemap-14.xml" "Mozilla/5.0 AppleWebKit/537.36 (KHTML, like Gecko; compatible; GPTBot/1.3; +https://openai.com/gptbot)"
74.7.243.195 - - [20/Jan/2026:23:39:50 +1100] "GET /?l=429848344c9gc HTTP/1.1" 200 1 "https://bintopia.com/sitemap-10.xml" "Mozilla/5.0 AppleWebKit/537.36 (KHTML, like Gecko; compatible; GPTBot/1.3; +https://openai.com/gptbot)"
74.7.243.195 - - [20/Jan/2026:23:39:51 +1100] "GET /?l=1913903h1g3f7 HTTP/1.1" 200 1 "https://bintopia.com/sitemap-18.xml" "Mozilla/5.0 AppleWebKit/537.36 (KHTML, like Gecko; compatible; GPTBot/1.3; +https://openai.com/gptbot)"
74.7.243.195 - - [20/Jan/2026:23:39:51 +1100] "GET /?l=2652645a4be28 HTTP/1.1" 200 1 "https://bintopia.com/sitemap-10.xml" "Mozilla/5.0 AppleWebKit/537.36 (KHTML, like Gecko; compatible; GPTBot/1.3; +https://openai.com/gptbot)"
74.7.243.195 - - [20/Jan/2026:23:39:52 +1100] "GET /?l=4084227fe5h41 HTTP/1.1" 200 1 "https://bintopia.com/sitemap-16.xml" "Mozilla/5.0 AppleWebKit/537.36 (KHTML, like Gecko; compatible; GPTBot/1.3; +https://openai.com/gptbot)"
192.178.6.69 - - [20/Jan/2026:23:39:42 +1100] "GET /?l=17006234jb10j HTTP/1.1" 200 - "-" "Mozilla/5.0 (Linux; Android 6.0.1; Nexus 5X Build/MMB29P) AppleWebKit/537.36 (KHTML, like Gecko) Chrome/143.0.7499.192 Mobile Safari/537.36 (compatible; GoogleOther)"
74.7.243.195 - - [20/Jan/2026:23:39:52 +1100] "GET /?l=1508085600edj HTTP/1.1" 200 1 "https://bintopia.com/sitemap-13.xml" "Mozilla/5.0 AppleWebKit/537.36 (KHTML, like Gecko; compatible; GPTBot/1.3; +https://openai.com/gptbot)"
74.7.243.195 - - [20/Jan/2026:23:39:53 +1100] "GET /?l=1035597g4d4f5 HTTP/1.1" 200 1 "https://bintopia.com/sitemap-11.xml" "Mozilla/5.0 AppleWebKit/537.36 (KHTML, like Gecko; compatible; GPTBot/1.3; +https://openai.com/gptbot)"
74.7.243.195 - - [20/Jan/2026:23:39:53 +1100] "GET /?l=13685293bj3c5 HTTP/1.1" 200 1 "https://bintopia.com/sitemap-15.xml" "Mozilla/5.0 AppleWebKit/537.36 (KHTML, like Gecko; compatible; GPTBot/1.3; +https://openai.com/gptbot)"
74.7.243.195 - - [20/Jan/2026:23:39:54 +1100] "GET /?l=27161052j6ie7 HTTP/1.1" 200 1 "https://bintopia.com/sitemap-11.xml" "Mozilla/5.0 AppleWebKit/537.36 (KHTML, like Gecko; compatible; GPTBot/1.3; +https://openai.com/gptbot)"
74.7.243.195 - - [20/Jan/2026:23:39:54 +1100] "GET /?l=2330384j4d39j HTTP/1.1" 200 1 "https://bintopia.com/sitemap-16.xml" "Mozilla/5.0 AppleWebKit/537.36 (KHTML, like Gecko; compatible; GPTBot/1.3; +https://openai.com/gptbot)"
74.7.243.195 - - [20/Jan/2026:23:39:55 +1100] "GET /?l=150453208a0jj HTTP/1.1" 200 1 "https://bintopia.com/sitemap-13.xml" "Mozilla/5.0 AppleWebKit/537.36 (KHTML, like Gecko; compatible; GPTBot/1.3; +https://openai.com/gptbot)"
74.7.243.195 - - [20/Jan/2026:23:39:56 +1100] "GET /?l=2212766ah4d12 HTTP/1.1" 200 1 "https://bintopia.com/sitemap-14.xml" "Mozilla/5.0 AppleWebKit/537.36 (KHTML, like Gecko; compatible; GPTBot/1.3; +https://openai.com/gptbot)"
74.7.243.195 - - [20/Jan/2026:23:39:56 +1100] "GET /?l=2629725h7ed10 HTTP/1.1" 200 1 "https://bintopia.com/sitemap-16.xml" "Mozilla/5.0 AppleWebKit/537.36 (KHTML, like Gecko; compatible; GPTBot/1.3; +https://openai.com/gptbot)"
192.178.6.69 - - [20/Jan/2026:23:39:47 +1100] "GET /?detail/1519660 HTTP/1.1" 200 163330 "-" "Mozilla/5.0 (Linux; Android 6.0.1; Nexus 5X Build/MMB29P) AppleWebKit/537.36 (KHTML, like Gecko) Chrome/143.0.7499.192 Mobile Safari/537.36 (compatible; Googlebot/2.1; +http://www.google.com/bot.html)"
57.141.16.50 - - [20/Jan/2026:23:39:53 +1100] "GET /?sitemap782.xml HTTP/1.1" 200 163533 "-" "meta-externalagent/1.1 (+https://developers.facebook.com/docs/sharing/webmasters/crawler)"
74.7.243.195 - - [20/Jan/2026:23:39:57 +1100] "GET /?l=2454215d67ed7 HTTP/1.1" 200 1 "https://bintopia.com/sitemap-13.xml" "Mozilla/5.0 AppleWebKit/537.36 (KHTML, like Gecko; compatible; GPTBot/1.3; +https://openai.com/gptbot)"
74.7.243.195 - - [20/Jan/2026:23:39:57 +1100] "GET /?l=1869863ga6h86 HTTP/1.1" 200 1 "https://bintopia.com/sitemap-14.xml" "Mozilla/5.0 AppleWebKit/537.36 (KHTML, like Gecko; compatible; GPTBot/1.3; +https://openai.com/gptbot)"
74.7.243.195 - - [20/Jan/2026:23:39:58 +1100] "GET /?l=30324358a1fa8 HTTP/1.1" 200 1 "https://bintopia.com/sitemap-15.xml" "Mozilla/5.0 AppleWebKit/537.36 (KHTML, like Gecko; compatible; GPTBot/1.3; +https://openai.com/gptbot)"
74.7.243.195 - - [20/Jan/2026:23:39:58 +1100] "GET /?l=1397379j08hh4 HTTP/1.1" 200 1 "https://bintopia.com/sitemap-11.xml" "Mozilla/5.0 AppleWebKit/537.36 (KHTML, like Gecko; compatible; GPTBot/1.3; +https://openai.com/gptbot)"
192.178.6.69 - - [20/Jan/2026:23:39:55 +1100] "GET /?detail/6990960 HTTP/1.1" 200 164803 "-" "Mozilla/5.0 (Linux; Android 6.0.1; Nexus 5X Build/MMB29P) AppleWebKit/537.36 (KHTML, like Gecko) Chrome/143.0.7499.192 Mobile Safari/537.36 (compatible; Googlebot/2.1; +http://www.google.com/bot.html)"
74.7.243.195 - - [20/Jan/2026:23:39:59 +1100] "GET /?l=13419613hi30i HTTP/1.1" 200 1 "https://bintopia.com/sitemap-16.xml" "Mozilla/5.0 AppleWebKit/537.36 (KHTML, like Gecko; compatible; GPTBot/1.3; +https://openai.com/gptbot)"
74.7.243.195 - - [20/Jan/2026:23:39:59 +1100] "GET /?l=13604504fa06h HTTP/1.1" 200 1 "https://bintopia.com/sitemap-16.xml" "Mozilla/5.0 AppleWebKit/537.36 (KHTML, like Gecko; compatible; GPTBot/1.3; +https://openai.com/gptbot)"
74.7.243.195 - - [20/Jan/2026:23:40:00 +1100] "GET /?l=2925317c435bc HTTP/1.1" 200 1 "https://bintopia.com/sitemap-15.xml" "Mozilla/5.0 AppleWebKit/537.36 (KHTML, like Gecko; compatible; GPTBot/1.3; +https://openai.com/gptbot)"
74.7.243.195 - - [20/Jan/2026:23:40:00 +1100] "GET /?l=46207908e22bb HTTP/1.1" 200 1 "https://bintopia.com/sitemap-14.xml" "Mozilla/5.0 AppleWebKit/537.36 (KHTML, like Gecko; compatible; GPTBot/1.3; +https://openai.com/gptbot)"
74.7.243.195 - - [20/Jan/2026:23:40:01 +1100] "GET /?l=2735748fia765 HTTP/1.1" 200 1 "https://bintopia.com/sitemap-11.xml" "Mozilla/5.0 AppleWebKit/537.36 (KHTML, like Gecko; compatible; GPTBot/1.3; +https://openai.com/gptbot)"
74.7.243.195 - - [20/Jan/2026:23:40:01 +1100] "GET /?l=12823211d01cf HTTP/1.1" 200 1 "https://bintopia.com/sitemap-16.xml" "Mozilla/5.0 AppleWebKit/537.36 (KHTML, like Gecko; compatible; GPTBot/1.3; +https://openai.com/gptbot)"
74.7.243.195 - - [20/Jan/2026:23:40:02 +1100] "GET /?l=164651585e4hh HTTP/1.1" 200 1 "https://bintopia.com/sitemap-10.xml" "Mozilla/5.0 AppleWebKit/537.36 (KHTML, like Gecko; compatible; GPTBot/1.3; +https://openai.com/gptbot)"
85.11.183.6 - - [20/Jan/2026:23:40:02 +1100] "GET / HTTP/1.1" 200 1 "-" "Mozilla/5.0 (Windows NT 10.0; Win64; x64) AppleWebKit/537.36 (KHTML, like Gecko) Chrome/140.0.0.0 Safari/537.36"
74.7.243.195 - - [20/Jan/2026:23:40:02 +1100] "GET /?l=2044252542ghj HTTP/1.1" 200 1 "https://bintopia.com/sitemap-10.xml" "Mozilla/5.0 AppleWebKit/537.36 (KHTML, like Gecko; compatible; GPTBot/1.3; +https://openai.com/gptbot)"
74.7.243.195 - - [20/Jan/2026:23:40:03 +1100] "GET /?l=1895813d1b4a8 HTTP/1.1" 200 1 "https://bintopia.com/sitemap-13.xml" "Mozilla/5.0 AppleWebKit/537.36 (KHTML, like Gecko; compatible; GPTBot/1.3; +https://openai.com/gptbot)"
85.11.183.6 - - [20/Jan/2026:23:40:03 +1100] "GET / HTTP/1.0" 400 1 "-" "-"
74.7.243.195 - - [20/Jan/2026:23:40:03 +1100] "GET /?l=10458066c4aa7 HTTP/1.1" 200 1 "https://bintopia.com/sitemap-15.xml" "Mozilla/5.0 AppleWebKit/537.36 (KHTML, like Gecko; compatible; GPTBot/1.3; +https://openai.com/gptbot)"
74.7.243.195 - - [20/Jan/2026:23:40:04 +1100] "GET /?l=2621145bc1d93 HTTP/1.1" 200 1 "https://bintopia.com/sitemap-11.xml" "Mozilla/5.0 AppleWebKit/537.36 (KHTML, like Gecko; compatible; GPTBot/1.3; +https://openai.com/gptbot)"
74.7.243.195 - - [20/Jan/2026:23:40:04 +1100] "GET /?l=1049640abf396 HTTP/1.1" 200 1 "https://bintopia.com/sitemap-11.xml" "Mozilla/5.0 AppleWebKit/537.36 (KHTML, like Gecko; compatible; GPTBot/1.3; +https://openai.com/gptbot)"
74.7.243.195 - - [20/Jan/2026:23:40:05 +1100] "GET /?l=35355441b4ce0 HTTP/1.1" 200 1 "https://bintopia.com/sitemap-11.xml" "Mozilla/5.0 AppleWebKit/537.36 (KHTML, like Gecko; compatible; GPTBot/1.3; +https://openai.com/gptbot)"
74.7.243.195 - - [20/Jan/2026:23:40:06 +1100] "GET /?l=2181836f46a1i HTTP/1.1" 200 1 "https://bintopia.com/sitemap-10.xml" "Mozilla/5.0 AppleWebKit/537.36 (KHTML, like Gecko; compatible; GPTBot/1.3; +https://openai.com/gptbot)"
74.7.243.195 - - [20/Jan/2026:23:40:06 +1100] "GET /?l=17925578d6e7i HTTP/1.1" 200 1 "https://bintopia.com/sitemap-11.xml" "Mozilla/5.0 AppleWebKit/537.36 (KHTML, like Gecko; compatible; GPTBot/1.3; +https://openai.com/gptbot)"
74.7.243.195 - - [20/Jan/2026:23:40:07 +1100] "GET /?l=183642122ig3b HTTP/1.1" 200 1 "https://bintopia.com/sitemap-18.xml" "Mozilla/5.0 AppleWebKit/537.36 (KHTML, like Gecko; compatible; GPTBot/1.3; +https://openai.com/gptbot)"
74.7.243.195 - - [20/Jan/2026:23:40:07 +1100] "GET /?l=3566592f368gf HTTP/1.1" 200 1 "https://bintopia.com/sitemap-10.xml" "Mozilla/5.0 AppleWebKit/537.36 (KHTML, like Gecko; compatible; GPTBot/1.3; +https://openai.com/gptbot)"
74.7.243.195 - - [20/Jan/2026:23:40:08 +1100] "GET /?l=14773982ii77d HTTP/1.1" 200 1 "https://bintopia.com/sitemap-11.xml" "Mozilla/5.0 AppleWebKit/537.36 (KHTML, like Gecko; compatible; GPTBot/1.3; +https://openai.com/gptbot)"
74.7.243.195 - - [20/Jan/2026:23:40:08 +1100] "GET /?l=4409754b2d38d HTTP/1.1" 200 1 "https://bintopia.com/sitemap-13.xml" "Mozilla/5.0 AppleWebKit/537.36 (KHTML, like Gecko; compatible; GPTBot/1.3; +https://openai.com/gptbot)"
74.7.243.195 - - [20/Jan/2026:23:40:09 +1100] "GET /?l=315663838cf6e HTTP/1.1" 200 1 "https://bintopia.com/sitemap-15.xml" "Mozilla/5.0 AppleWebKit/537.36 (KHTML, like Gecko; compatible; GPTBot/1.3; +https://openai.com/gptbot)"
74.7.243.195 - - [20/Jan/2026:23:40:09 +1100] "GET /?l=142356634ifa5 HTTP/1.1" 200 1 "https://bintopia.com/sitemap-18.xml" "Mozilla/5.0 AppleWebKit/537.36 (KHTML, like Gecko; compatible; GPTBot/1.3; +https://openai.com/gptbot)"
