74.7.243.195 - - [20/Jan/2026:23:45:16 +1100] "GET /?l=13892592hc084 HTTP/1.1" 200 1 "https://bintopia.com/sitemap-10.xml" "Mozilla/5.0 AppleWebKit/537.36 (KHTML, like Gecko; compatible; GPTBot/1.3; +https://openai.com/gptbot)"
74.7.243.195 - - [20/Jan/2026:23:45:16 +1100] "GET /?l=29317021g805e HTTP/1.1" 200 1 "https://bintopia.com/sitemap-15.xml" "Mozilla/5.0 AppleWebKit/537.36 (KHTML, like Gecko; compatible; GPTBot/1.3; +https://openai.com/gptbot)"
74.7.243.195 - - [20/Jan/2026:23:45:17 +1100] "GET /?l=21007645f28f9 HTTP/1.1" 200 1 "https://bintopia.com/sitemap-11.xml" "Mozilla/5.0 AppleWebKit/537.36 (KHTML, like Gecko; compatible; GPTBot/1.3; +https://openai.com/gptbot)"
74.7.243.195 - - [20/Jan/2026:23:45:17 +1100] "GET /?l=17009563a63i2 HTTP/1.1" 200 1 "https://bintopia.com/sitemap-18.xml" "Mozilla/5.0 AppleWebKit/537.36 (KHTML, like Gecko; compatible; GPTBot/1.3; +https://openai.com/gptbot)"
74.7.243.195 - - [20/Jan/2026:23:45:18 +1100] "GET /?l=2754403827h9e HTTP/1.1" 200 1 "https://bintopia.com/sitemap-14.xml" "Mozilla/5.0 AppleWebKit/537.36 (KHTML, like Gecko; compatible; GPTBot/1.3; +https://openai.com/gptbot)"
74.7.243.195 - - [20/Jan/2026:23:45:18 +1100] "GET /?l=29780735cg682 HTTP/1.1" 200 1 "https://bintopia.com/sitemap-10.xml" "Mozilla/5.0 AppleWebKit/537.36 (KHTML, like Gecko; compatible; GPTBot/1.3; +https://openai.com/gptbot)"
57.141.16.66 - - [20/Jan/2026:23:45:19 +1100] "GET /?detail/24209937 HTTP/1.1" 200 1 "-" "meta-externalagent/1.1 (+https://developers.facebook.com/docs/sharing/webmasters/crawler)"
74.7.243.195 - - [20/Jan/2026:23:45:19 +1100] "GET /?l=4467719h03g83 HTTP/1.1" 200 1 "https://bintopia.com/sitemap-10.xml" "Mozilla/5.0 AppleWebKit/537.36 (KHTML, like Gecko; compatible; GPTBot/1.3; +https://openai.com/gptbot)"
74.7.243.195 - - [20/Jan/2026:23:45:19 +1100] "GET /?l=2717868g3490b HTTP/1.1" 200 1 "https://bintopia.com/sitemap-15.xml" "Mozilla/5.0 AppleWebKit/537.36 (KHTML, like Gecko; compatible; GPTBot/1.3; +https://openai.com/gptbot)"
74.7.243.195 - - [20/Jan/2026:23:45:20 +1100] "GET /?l=3932081b71c44 HTTP/1.1" 200 1 "https://bintopia.com/sitemap-15.xml" "Mozilla/5.0 AppleWebKit/537.36 (KHTML, like Gecko; compatible; GPTBot/1.3; +https://openai.com/gptbot)"
74.7.243.195 - - [20/Jan/2026:23:45:20 +1100] "GET /?l=33480892g6f41 HTTP/1.1" 200 1 "https://bintopia.com/sitemap-11.xml" "Mozilla/5.0 AppleWebKit/537.36 (KHTML, like Gecko; compatible; GPTBot/1.3; +https://openai.com/gptbot)"
74.7.243.195 - - [20/Jan/2026:23:45:21 +1100] "GET /?l=149095876c76h HTTP/1.1" 200 1 "https://bintopia.com/sitemap-10.xml" "Mozilla/5.0 AppleWebKit/537.36 (KHTML, like Gecko; compatible; GPTBot/1.3; +https://openai.com/gptbot)"
74.7.243.195 - - [20/Jan/2026:23:45:22 +1100] "GET /?l=307184960h31i HTTP/1.1" 200 1 "https://bintopia.com/sitemap-11.xml" "Mozilla/5.0 AppleWebKit/537.36 (KHTML, like Gecko; compatible; GPTBot/1.3; +https://openai.com/gptbot)"
74.7.243.195 - - [20/Jan/2026:23:45:22 +1100] "GET /?l=520461638gj48 HTTP/1.1" 200 1 "https://bintopia.com/sitemap-18.xml" "Mozilla/5.0 AppleWebKit/537.36 (KHTML, like Gecko; compatible; GPTBot/1.3; +https://openai.com/gptbot)"
74.7.243.195 - - [20/Jan/2026:23:45:23 +1100] "GET /?l=30176583d29d4 HTTP/1.1" 200 1 "https://bintopia.com/sitemap-15.xml" "Mozilla/5.0 AppleWebKit/537.36 (KHTML, like Gecko; compatible; GPTBot/1.3; +https://openai.com/gptbot)"
74.7.243.195 - - [20/Jan/2026:23:45:23 +1100] "GET /?l=25405947ga137 HTTP/1.1" 200 1 "https://bintopia.com/sitemap-10.xml" "Mozilla/5.0 AppleWebKit/537.36 (KHTML, like Gecko; compatible; GPTBot/1.3; +https://openai.com/gptbot)"
74.7.243.195 - - [20/Jan/2026:23:45:24 +1100] "GET /?l=4738156e9b860 HTTP/1.1" 200 1 "https://bintopia.com/sitemap-15.xml" "Mozilla/5.0 AppleWebKit/537.36 (KHTML, like Gecko; compatible; GPTBot/1.3; +https://openai.com/gptbot)"
74.7.243.195 - - [20/Jan/2026:23:45:24 +1100] "GET /?l=46836707525fb HTTP/1.1" 200 1 "https://bintopia.com/sitemap-14.xml" "Mozilla/5.0 AppleWebKit/537.36 (KHTML, like Gecko; compatible; GPTBot/1.3; +https://openai.com/gptbot)"
74.7.243.195 - - [20/Jan/2026:23:45:25 +1100] "GET /?l=49437261ja021 HTTP/1.1" 200 1 "https://bintopia.com/sitemap-15.xml" "Mozilla/5.0 AppleWebKit/537.36 (KHTML, like Gecko; compatible; GPTBot/1.3; +https://openai.com/gptbot)"
74.7.243.195 - - [20/Jan/2026:23:45:25 +1100] "GET /?l=33761875b4d22 HTTP/1.1" 200 1 "https://bintopia.com/sitemap-13.xml" "Mozilla/5.0 AppleWebKit/537.36 (KHTML, like Gecko; compatible; GPTBot/1.3; +https://openai.com/gptbot)"
74.7.243.195 - - [20/Jan/2026:23:45:26 +1100] "GET /?l=4209833d95j41 HTTP/1.1" 200 1 "https://bintopia.com/sitemap-18.xml" "Mozilla/5.0 AppleWebKit/537.36 (KHTML, like Gecko; compatible; GPTBot/1.3; +https://openai.com/gptbot)"
74.7.243.195 - - [20/Jan/2026:23:45:26 +1100] "GET /?l=3504522h7987i HTTP/1.1" 200 1 "https://bintopia.com/sitemap-15.xml" "Mozilla/5.0 AppleWebKit/537.36 (KHTML, like Gecko; compatible; GPTBot/1.3; +https://openai.com/gptbot)"
74.7.243.195 - - [20/Jan/2026:23:45:27 +1100] "GET /?l=41532823a90c0 HTTP/1.1" 200 1 "https://bintopia.com/sitemap-18.xml" "Mozilla/5.0 AppleWebKit/537.36 (KHTML, like Gecko; compatible; GPTBot/1.3; +https://openai.com/gptbot)"
74.7.243.195 - - [20/Jan/2026:23:45:27 +1100] "GET /?l=16434996j75h8 HTTP/1.1" 200 1 "https://bintopia.com/sitemap-11.xml" "Mozilla/5.0 AppleWebKit/537.36 (KHTML, like Gecko; compatible; GPTBot/1.3; +https://openai.com/gptbot)"
74.7.243.195 - - [20/Jan/2026:23:45:28 +1100] "GET /?l=20866140jc592 HTTP/1.1" 200 1 "https://bintopia.com/sitemap-15.xml" "Mozilla/5.0 AppleWebKit/537.36 (KHTML, like Gecko; compatible; GPTBot/1.3; +https://openai.com/gptbot)"
74.7.243.195 - - [20/Jan/2026:23:45:28 +1100] "GET /?l=3114660e789c5 HTTP/1.1" 200 1 "https://bintopia.com/sitemap-10.xml" "Mozilla/5.0 AppleWebKit/537.36 (KHTML, like Gecko; compatible; GPTBot/1.3; +https://openai.com/gptbot)"
74.7.243.195 - - [20/Jan/2026:23:45:29 +1100] "GET /?l=32398576e121f HTTP/1.1" 200 1 "https://bintopia.com/sitemap-11.xml" "Mozilla/5.0 AppleWebKit/537.36 (KHTML, like Gecko; compatible; GPTBot/1.3; +https://openai.com/gptbot)"
74.7.243.195 - - [20/Jan/2026:23:45:29 +1100] "GET /?l=328952057ac67 HTTP/1.1" 200 1 "https://bintopia.com/sitemap-16.xml" "Mozilla/5.0 AppleWebKit/537.36 (KHTML, like Gecko; compatible; GPTBot/1.3; +https://openai.com/gptbot)"
74.7.243.195 - - [20/Jan/2026:23:45:30 +1100] "GET /?l=4932970fa6035 HTTP/1.1" 200 1 "https://bintopia.com/sitemap-18.xml" "Mozilla/5.0 AppleWebKit/537.36 (KHTML, like Gecko; compatible; GPTBot/1.3; +https://openai.com/gptbot)"
74.7.243.195 - - [20/Jan/2026:23:45:31 +1100] "GET /?l=1057978418ih6 HTTP/1.1" 200 1 "https://bintopia.com/sitemap-15.xml" "Mozilla/5.0 AppleWebKit/537.36 (KHTML, like Gecko; compatible; GPTBot/1.3; +https://openai.com/gptbot)"
74.7.243.195 - - [20/Jan/2026:23:45:31 +1100] "GET /?l=10621965833ca HTTP/1.1" 200 1 "https://bintopia.com/sitemap-18.xml" "Mozilla/5.0 AppleWebKit/537.36 (KHTML, like Gecko; compatible; GPTBot/1.3; +https://openai.com/gptbot)"
192.178.6.69 - - [20/Jan/2026:23:45:21 +1100] "GET /?detail/27763915 HTTP/1.1" 200 - "-" "Mozilla/5.0 (Linux; Android 6.0.1; Nexus 5X Build/MMB29P) AppleWebKit/537.36 (KHTML, like Gecko) Chrome/143.0.7499.192 Mobile Safari/537.36 (compatible; Googlebot/2.1; +http://www.google.com/bot.html)"
74.7.243.195 - - [20/Jan/2026:23:45:32 +1100] "GET /?l=3884615j760i5 HTTP/1.1" 200 1 "https://bintopia.com/sitemap-15.xml" "Mozilla/5.0 AppleWebKit/537.36 (KHTML, like Gecko; compatible; GPTBot/1.3; +https://openai.com/gptbot)"
74.7.243.195 - - [20/Jan/2026:23:45:32 +1100] "GET /?l=514357278jc06 HTTP/1.1" 200 1 "https://bintopia.com/sitemap-18.xml" "Mozilla/5.0 AppleWebKit/537.36 (KHTML, like Gecko; compatible; GPTBot/1.3; +https://openai.com/gptbot)"
74.7.243.195 - - [20/Jan/2026:23:45:33 +1100] "GET /?l=4752955h8163j HTTP/1.1" 200 1 "https://bintopia.com/sitemap-16.xml" "Mozilla/5.0 AppleWebKit/537.36 (KHTML, like Gecko; compatible; GPTBot/1.3; +https://openai.com/gptbot)"
59.15.154.120 - - [20/Jan/2026:23:45:33 +1100] "GET /p HTTP/1.1" 301 271 "-" "Go-http-client/1.1"
74.7.243.195 - - [20/Jan/2026:23:45:33 +1100] "GET /?l=2071384ic3059 HTTP/1.1" 200 1 "https://bintopia.com/sitemap-15.xml" "Mozilla/5.0 AppleWebKit/537.36 (KHTML, like Gecko; compatible; GPTBot/1.3; +https://openai.com/gptbot)"
74.7.243.195 - - [20/Jan/2026:23:45:34 +1100] "GET /?l=21340760745dg HTTP/1.1" 200 1 "https://bintopia.com/sitemap-15.xml" "Mozilla/5.0 AppleWebKit/537.36 (KHTML, like Gecko; compatible; GPTBot/1.3; +https://openai.com/gptbot)"
74.7.243.195 - - [20/Jan/2026:23:45:34 +1100] "GET /?l=514679348f2c2 HTTP/1.1" 200 1 "https://bintopia.com/sitemap-11.xml" "Mozilla/5.0 AppleWebKit/537.36 (KHTML, like Gecko; compatible; GPTBot/1.3; +https://openai.com/gptbot)"
59.15.154.120 - - [20/Jan/2026:23:45:33 +1100] "GET /p/ HTTP/1.1" 200 13768 "https://bintopia.com/p" "Go-http-client/1.1"
74.7.243.195 - - [20/Jan/2026:23:45:35 +1100] "GET /?l=1134796b5608a HTTP/1.1" 200 1 "https://bintopia.com/sitemap-10.xml" "Mozilla/5.0 AppleWebKit/537.36 (KHTML, like Gecko; compatible; GPTBot/1.3; +https://openai.com/gptbot)"
74.7.243.195 - - [20/Jan/2026:23:45:35 +1100] "GET /?l=1042698g2h405 HTTP/1.1" 200 1 "https://bintopia.com/sitemap-13.xml" "Mozilla/5.0 AppleWebKit/537.36 (KHTML, like Gecko; compatible; GPTBot/1.3; +https://openai.com/gptbot)"
74.7.243.195 - - [20/Jan/2026:23:45:36 +1100] "GET /?l=1215732eh8400 HTTP/1.1" 200 1 "https://bintopia.com/sitemap-11.xml" "Mozilla/5.0 AppleWebKit/537.36 (KHTML, like Gecko; compatible; GPTBot/1.3; +https://openai.com/gptbot)"
57.141.16.11 - - [20/Jan/2026:23:45:36 +1100] "GET /?detail/28245715 HTTP/1.1" 200 1 "-" "meta-externalagent/1.1 (+https://developers.facebook.com/docs/sharing/webmasters/crawler)"
74.7.243.195 - - [20/Jan/2026:23:45:36 +1100] "GET /?l=32926054f881b HTTP/1.1" 200 1 "https://bintopia.com/sitemap-10.xml" "Mozilla/5.0 AppleWebKit/537.36 (KHTML, like Gecko; compatible; GPTBot/1.3; +https://openai.com/gptbot)"
57.141.16.79 - - [20/Jan/2026:23:45:37 +1100] "GET /?detail/8235771 HTTP/1.1" 200 1 "-" "meta-externalagent/1.1 (+https://developers.facebook.com/docs/sharing/webmasters/crawler)"
74.7.243.195 - - [20/Jan/2026:23:45:37 +1100] "GET /?l=385737220j6h4 HTTP/1.1" 200 1 "https://bintopia.com/sitemap-11.xml" "Mozilla/5.0 AppleWebKit/537.36 (KHTML, like Gecko; compatible; GPTBot/1.3; +https://openai.com/gptbot)"
74.7.243.195 - - [20/Jan/2026:23:45:37 +1100] "GET /?l=2751439868b6a HTTP/1.1" 200 1 "https://bintopia.com/sitemap-13.xml" "Mozilla/5.0 AppleWebKit/537.36 (KHTML, like Gecko; compatible; GPTBot/1.3; +https://openai.com/gptbot)"
74.7.243.195 - - [20/Jan/2026:23:45:38 +1100] "GET /?l=40191039d76h2 HTTP/1.1" 200 1 "https://bintopia.com/sitemap-11.xml" "Mozilla/5.0 AppleWebKit/537.36 (KHTML, like Gecko; compatible; GPTBot/1.3; +https://openai.com/gptbot)"
74.7.243.195 - - [20/Jan/2026:23:45:38 +1100] "GET /?l=1903563d4779e HTTP/1.1" 200 1 "https://bintopia.com/sitemap-15.xml" "Mozilla/5.0 AppleWebKit/537.36 (KHTML, like Gecko; compatible; GPTBot/1.3; +https://openai.com/gptbot)"
74.7.243.195 - - [20/Jan/2026:23:45:39 +1100] "GET /?l=1314793e5a460 HTTP/1.1" 200 1 "https://bintopia.com/sitemap-10.xml" "Mozilla/5.0 AppleWebKit/537.36 (KHTML, like Gecko; compatible; GPTBot/1.3; +https://openai.com/gptbot)"
192.178.6.69 - - [20/Jan/2026:23:45:29 +1100] "GET /?detail/16837359 HTTP/1.1" 200 154287 "-" "Mozilla/5.0 (Linux; Android 6.0.1; Nexus 5X Build/MMB29P) AppleWebKit/537.36 (KHTML, like Gecko) Chrome/143.0.7499.192 Mobile Safari/537.36 (compatible; Googlebot/2.1; +http://www.google.com/bot.html)"
74.7.243.195 - - [20/Jan/2026:23:45:39 +1100] "GET /?l=1576378426e9d HTTP/1.1" 200 1 "https://bintopia.com/sitemap-15.xml" "Mozilla/5.0 AppleWebKit/537.36 (KHTML, like Gecko; compatible; GPTBot/1.3; +https://openai.com/gptbot)"
74.7.243.195 - - [20/Jan/2026:23:45:40 +1100] "GET /?l=1597860a96c27 HTTP/1.1" 200 1 "https://bintopia.com/sitemap-14.xml" "Mozilla/5.0 AppleWebKit/537.36 (KHTML, like Gecko; compatible; GPTBot/1.3; +https://openai.com/gptbot)"
74.7.243.195 - - [20/Jan/2026:23:45:41 +1100] "GET /?l=3247839e754b0 HTTP/1.1" 200 1 "https://bintopia.com/sitemap-15.xml" "Mozilla/5.0 AppleWebKit/537.36 (KHTML, like Gecko; compatible; GPTBot/1.3; +https://openai.com/gptbot)"
74.7.243.195 - - [20/Jan/2026:23:45:41 +1100] "GET /?l=4813225g6b304 HTTP/1.1" 200 1 "https://bintopia.com/sitemap-13.xml" "Mozilla/5.0 AppleWebKit/537.36 (KHTML, like Gecko; compatible; GPTBot/1.3; +https://openai.com/gptbot)"
74.7.243.195 - - [20/Jan/2026:23:45:42 +1100] "GET /?l=36983184i754a HTTP/1.1" 200 1 "https://bintopia.com/sitemap-18.xml" "Mozilla/5.0 AppleWebKit/537.36 (KHTML, like Gecko; compatible; GPTBot/1.3; +https://openai.com/gptbot)"
74.7.243.195 - - [20/Jan/2026:23:45:42 +1100] "GET /?l=178165704b6c9 HTTP/1.1" 200 1 "https://bintopia.com/sitemap-15.xml" "Mozilla/5.0 AppleWebKit/537.36 (KHTML, like Gecko; compatible; GPTBot/1.3; +https://openai.com/gptbot)"
74.7.243.195 - - [20/Jan/2026:23:45:43 +1100] "GET /?l=1796527140dj5 HTTP/1.1" 200 1 "https://bintopia.com/sitemap-15.xml" "Mozilla/5.0 AppleWebKit/537.36 (KHTML, like Gecko; compatible; GPTBot/1.3; +https://openai.com/gptbot)"
74.7.243.195 - - [20/Jan/2026:23:45:43 +1100] "GET /?l=2865944b831i6 HTTP/1.1" 200 1 "https://bintopia.com/sitemap-18.xml" "Mozilla/5.0 AppleWebKit/537.36 (KHTML, like Gecko; compatible; GPTBot/1.3; +https://openai.com/gptbot)"
192.178.6.69 - - [20/Jan/2026:23:45:39 +1100] "GET /?detail/10224159 HTTP/1.1" 200 136812 "-" "Mozilla/5.0 (Linux; Android 6.0.1; Nexus 5X Build/MMB29P) AppleWebKit/537.36 (KHTML, like Gecko) Chrome/143.0.7499.192 Mobile Safari/537.36 (compatible; Googlebot/2.1; +http://www.google.com/bot.html)"
74.7.243.195 - - [20/Jan/2026:23:45:44 +1100] "GET /?l=33475612i128c HTTP/1.1" 200 1 "https://bintopia.com/sitemap-15.xml" "Mozilla/5.0 AppleWebKit/537.36 (KHTML, like Gecko; compatible; GPTBot/1.3; +https://openai.com/gptbot)"
74.7.243.195 - - [20/Jan/2026:23:45:44 +1100] "GET /?l=4763081172j6i HTTP/1.1" 200 1 "https://bintopia.com/sitemap-15.xml" "Mozilla/5.0 AppleWebKit/537.36 (KHTML, like Gecko; compatible; GPTBot/1.3; +https://openai.com/gptbot)"
74.7.243.195 - - [20/Jan/2026:23:45:45 +1100] "GET /?l=42864591313gd HTTP/1.1" 200 1 "https://bintopia.com/sitemap-18.xml" "Mozilla/5.0 AppleWebKit/537.36 (KHTML, like Gecko; compatible; GPTBot/1.3; +https://openai.com/gptbot)"
74.7.243.195 - - [20/Jan/2026:23:45:45 +1100] "GET /?l=10147057ae239 HTTP/1.1" 200 1 "https://bintopia.com/sitemap-14.xml" "Mozilla/5.0 AppleWebKit/537.36 (KHTML, like Gecko; compatible; GPTBot/1.3; +https://openai.com/gptbot)"
74.7.243.195 - - [20/Jan/2026:23:45:46 +1100] "GET /?l=34657254f087e HTTP/1.1" 200 1 "https://bintopia.com/sitemap-14.xml" "Mozilla/5.0 AppleWebKit/537.36 (KHTML, like Gecko; compatible; GPTBot/1.3; +https://openai.com/gptbot)"
74.7.243.195 - - [20/Jan/2026:23:45:46 +1100] "GET /?l=16740243gg295 HTTP/1.1" 200 1 "https://bintopia.com/sitemap-16.xml" "Mozilla/5.0 AppleWebKit/537.36 (KHTML, like Gecko; compatible; GPTBot/1.3; +https://openai.com/gptbot)"
74.7.243.195 - - [20/Jan/2026:23:45:47 +1100] "GET /?l=36588194226he HTTP/1.1" 200 1 "https://bintopia.com/sitemap-10.xml" "Mozilla/5.0 AppleWebKit/537.36 (KHTML, like Gecko; compatible; GPTBot/1.3; +https://openai.com/gptbot)"
74.7.243.195 - - [20/Jan/2026:23:45:47 +1100] "GET /?l=196750343cd40 HTTP/1.1" 200 1 "https://bintopia.com/sitemap-14.xml" "Mozilla/5.0 AppleWebKit/537.36 (KHTML, like Gecko; compatible; GPTBot/1.3; +https://openai.com/gptbot)"
192.178.6.69 - - [20/Jan/2026:23:45:44 +1100] "GET /?detail/9886604 HTTP/1.1" 200 173921 "-" "Mozilla/5.0 (Linux; Android 6.0.1; Nexus 5X Build/MMB29P) AppleWebKit/537.36 (KHTML, like Gecko) Chrome/143.0.7499.192 Mobile Safari/537.36 (compatible; Googlebot/2.1; +http://www.google.com/bot.html)"
74.7.243.195 - - [20/Jan/2026:23:45:48 +1100] "GET /?l=1658440e0d782 HTTP/1.1" 200 1 "https://bintopia.com/sitemap-10.xml" "Mozilla/5.0 AppleWebKit/537.36 (KHTML, like Gecko; compatible; GPTBot/1.3; +https://openai.com/gptbot)"
74.7.243.195 - - [20/Jan/2026:23:45:48 +1100] "GET /?l=2896023jb4539 HTTP/1.1" 200 1 "https://bintopia.com/sitemap-14.xml" "Mozilla/5.0 AppleWebKit/537.36 (KHTML, like Gecko; compatible; GPTBot/1.3; +https://openai.com/gptbot)"
74.7.243.195 - - [20/Jan/2026:23:45:49 +1100] "GET /?l=21456102a387j HTTP/1.1" 200 1 "https://bintopia.com/sitemap-11.xml" "Mozilla/5.0 AppleWebKit/537.36 (KHTML, like Gecko; compatible; GPTBot/1.3; +https://openai.com/gptbot)"
74.7.243.195 - - [20/Jan/2026:23:45:49 +1100] "GET /?l=4186423e30h92 HTTP/1.1" 200 1 "https://bintopia.com/sitemap-14.xml" "Mozilla/5.0 AppleWebKit/537.36 (KHTML, like Gecko; compatible; GPTBot/1.3; +https://openai.com/gptbot)"
74.7.243.195 - - [20/Jan/2026:23:45:50 +1100] "GET /?l=12729086i4c91 HTTP/1.1" 200 1 "https://bintopia.com/sitemap-11.xml" "Mozilla/5.0 AppleWebKit/537.36 (KHTML, like Gecko; compatible; GPTBot/1.3; +https://openai.com/gptbot)"
74.7.243.195 - - [20/Jan/2026:23:45:50 +1100] "GET /?l=1836267420g8b HTTP/1.1" 200 1 "https://bintopia.com/sitemap-14.xml" "Mozilla/5.0 AppleWebKit/537.36 (KHTML, like Gecko; compatible; GPTBot/1.3; +https://openai.com/gptbot)"
74.7.243.195 - - [20/Jan/2026:23:45:51 +1100] "GET /?l=4736850025be9 HTTP/1.1" 200 1 "https://bintopia.com/sitemap-18.xml" "Mozilla/5.0 AppleWebKit/537.36 (KHTML, like Gecko; compatible; GPTBot/1.3; +https://openai.com/gptbot)"
74.7.243.195 - - [20/Jan/2026:23:45:52 +1100] "GET /?l=23649182gi671 HTTP/1.1" 200 1 "https://bintopia.com/sitemap-11.xml" "Mozilla/5.0 AppleWebKit/537.36 (KHTML, like Gecko; compatible; GPTBot/1.3; +https://openai.com/gptbot)"
74.7.243.195 - - [20/Jan/2026:23:45:52 +1100] "GET /?l=51387766h4g92 HTTP/1.1" 200 1 "https://bintopia.com/sitemap-13.xml" "Mozilla/5.0 AppleWebKit/537.36 (KHTML, like Gecko; compatible; GPTBot/1.3; +https://openai.com/gptbot)"
74.7.243.195 - - [20/Jan/2026:23:45:53 +1100] "GET /?l=51904675f32e4 HTTP/1.1" 200 1 "https://bintopia.com/sitemap-13.xml" "Mozilla/5.0 AppleWebKit/537.36 (KHTML, like Gecko; compatible; GPTBot/1.3; +https://openai.com/gptbot)"
74.7.243.195 - - [20/Jan/2026:23:45:54 +1100] "GET /?l=24735578b669e HTTP/1.1" 200 1 "https://bintopia.com/sitemap-14.xml" "Mozilla/5.0 AppleWebKit/537.36 (KHTML, like Gecko; compatible; GPTBot/1.3; +https://openai.com/gptbot)"
74.7.243.195 - - [20/Jan/2026:23:45:54 +1100] "GET /?l=372159150d8b9 HTTP/1.1" 200 1 "https://bintopia.com/sitemap-18.xml" "Mozilla/5.0 AppleWebKit/537.36 (KHTML, like Gecko; compatible; GPTBot/1.3; +https://openai.com/gptbot)"
74.7.243.195 - - [20/Jan/2026:23:45:54 +1100] "GET /?l=1328930h4a654 HTTP/1.1" 200 1 "https://bintopia.com/sitemap-16.xml" "Mozilla/5.0 AppleWebKit/537.36 (KHTML, like Gecko; compatible; GPTBot/1.3; +https://openai.com/gptbot)"
74.7.243.195 - - [20/Jan/2026:23:45:55 +1100] "GET /?l=463967305cd21 HTTP/1.1" 200 1 "https://bintopia.com/sitemap-14.xml" "Mozilla/5.0 AppleWebKit/537.36 (KHTML, like Gecko; compatible; GPTBot/1.3; +https://openai.com/gptbot)"
74.7.243.195 - - [20/Jan/2026:23:45:55 +1100] "GET /?l=4056163h2071b HTTP/1.1" 200 1 "https://bintopia.com/sitemap-10.xml" "Mozilla/5.0 AppleWebKit/537.36 (KHTML, like Gecko; compatible; GPTBot/1.3; +https://openai.com/gptbot)"
74.7.243.195 - - [20/Jan/2026:23:45:56 +1100] "GET /?l=1320243e9a857 HTTP/1.1" 200 1 "https://bintopia.com/sitemap-13.xml" "Mozilla/5.0 AppleWebKit/537.36 (KHTML, like Gecko; compatible; GPTBot/1.3; +https://openai.com/gptbot)"
74.7.243.195 - - [20/Jan/2026:23:45:57 +1100] "GET /?l=28713839f0a05 HTTP/1.1" 200 1 "https://bintopia.com/sitemap-11.xml" "Mozilla/5.0 AppleWebKit/537.36 (KHTML, like Gecko; compatible; GPTBot/1.3; +https://openai.com/gptbot)"
74.7.243.195 - - [20/Jan/2026:23:45:57 +1100] "GET /?l=38495617j010a HTTP/1.1" 200 1 "https://bintopia.com/sitemap-15.xml" "Mozilla/5.0 AppleWebKit/537.36 (KHTML, like Gecko; compatible; GPTBot/1.3; +https://openai.com/gptbot)"
74.7.243.195 - - [20/Jan/2026:23:45:58 +1100] "GET /?l=3791828f146g0 HTTP/1.1" 200 1 "https://bintopia.com/sitemap-18.xml" "Mozilla/5.0 AppleWebKit/537.36 (KHTML, like Gecko; compatible; GPTBot/1.3; +https://openai.com/gptbot)"
74.7.243.195 - - [20/Jan/2026:23:45:58 +1100] "GET /?l=1528394660j5f HTTP/1.1" 200 1 "https://bintopia.com/sitemap-11.xml" "Mozilla/5.0 AppleWebKit/537.36 (KHTML, like Gecko; compatible; GPTBot/1.3; +https://openai.com/gptbot)"
192.178.6.69 - - [20/Jan/2026:23:45:48 +1100] "GET /pw/ HTTP/1.1" 200 - "-" "Mozilla/5.0 (Linux; Android 6.0.1; Nexus 5X Build/MMB29P) AppleWebKit/537.36 (KHTML, like Gecko) Chrome/143.0.7499.192 Mobile Safari/537.36 (compatible; Googlebot/2.1; +http://www.google.com/bot.html)"
192.178.6.69 - - [20/Jan/2026:23:45:56 +1100] "GET /?detail/13953404 HTTP/1.1" 200 139314 "-" "Mozilla/5.0 (Linux; Android 6.0.1; Nexus 5X Build/MMB29P) AppleWebKit/537.36 (KHTML, like Gecko) Chrome/143.0.7499.192 Mobile Safari/537.36 (compatible; Googlebot/2.1; +http://www.google.com/bot.html)"
74.7.243.195 - - [20/Jan/2026:23:45:59 +1100] "GET /?l=12304557h8f87 HTTP/1.1" 200 1 "https://bintopia.com/sitemap-16.xml" "Mozilla/5.0 AppleWebKit/537.36 (KHTML, like Gecko; compatible; GPTBot/1.3; +https://openai.com/gptbot)"
74.7.243.195 - - [20/Jan/2026:23:45:59 +1100] "GET /?l=2605749360g8c HTTP/1.1" 200 1 "https://bintopia.com/sitemap-13.xml" "Mozilla/5.0 AppleWebKit/537.36 (KHTML, like Gecko; compatible; GPTBot/1.3; +https://openai.com/gptbot)"
74.7.243.195 - - [20/Jan/2026:23:46:00 +1100] "GET /?l=1674921ga4585 HTTP/1.1" 200 1 "https://bintopia.com/sitemap-18.xml" "Mozilla/5.0 AppleWebKit/537.36 (KHTML, like Gecko; compatible; GPTBot/1.3; +https://openai.com/gptbot)"
74.7.243.195 - - [20/Jan/2026:23:46:00 +1100] "GET /?l=4371668970g9c HTTP/1.1" 200 1 "https://bintopia.com/sitemap-18.xml" "Mozilla/5.0 AppleWebKit/537.36 (KHTML, like Gecko; compatible; GPTBot/1.3; +https://openai.com/gptbot)"
74.7.243.195 - - [20/Jan/2026:23:46:01 +1100] "GET /?l=2934276f59a68 HTTP/1.1" 200 1 "https://bintopia.com/sitemap-15.xml" "Mozilla/5.0 AppleWebKit/537.36 (KHTML, like Gecko; compatible; GPTBot/1.3; +https://openai.com/gptbot)"
74.7.243.195 - - [20/Jan/2026:23:46:01 +1100] "GET /?l=16026958j481b HTTP/1.1" 200 1 "https://bintopia.com/sitemap-14.xml" "Mozilla/5.0 AppleWebKit/537.36 (KHTML, like Gecko; compatible; GPTBot/1.3; +https://openai.com/gptbot)"
74.7.243.195 - - [20/Jan/2026:23:46:02 +1100] "GET /?l=4058696597ih3 HTTP/1.1" 200 1 "https://bintopia.com/sitemap-10.xml" "Mozilla/5.0 AppleWebKit/537.36 (KHTML, like Gecko; compatible; GPTBot/1.3; +https://openai.com/gptbot)"
74.7.243.195 - - [20/Jan/2026:23:46:02 +1100] "GET /?l=1765270h2b998 HTTP/1.1" 200 1 "https://bintopia.com/sitemap-13.xml" "Mozilla/5.0 AppleWebKit/537.36 (KHTML, like Gecko; compatible; GPTBot/1.3; +https://openai.com/gptbot)"
74.7.243.195 - - [20/Jan/2026:23:46:03 +1100] "GET /?l=420163415d7c0 HTTP/1.1" 200 1 "https://bintopia.com/sitemap-16.xml" "Mozilla/5.0 AppleWebKit/537.36 (KHTML, like Gecko; compatible; GPTBot/1.3; +https://openai.com/gptbot)"
57.141.16.86 - - [20/Jan/2026:23:46:03 +1100] "GET /?detail/15671093 HTTP/1.1" 200 1 "-" "meta-externalagent/1.1 (+https://developers.facebook.com/docs/sharing/webmasters/crawler)"
74.7.243.195 - - [20/Jan/2026:23:46:03 +1100] "GET /?l=213406515d3a8 HTTP/1.1" 200 1 "https://bintopia.com/sitemap-18.xml" "Mozilla/5.0 AppleWebKit/537.36 (KHTML, like Gecko; compatible; GPTBot/1.3; +https://openai.com/gptbot)"
74.7.243.195 - - [20/Jan/2026:23:46:04 +1100] "GET /?l=125397258cd76 HTTP/1.1" 200 1 "https://bintopia.com/sitemap-15.xml" "Mozilla/5.0 AppleWebKit/537.36 (KHTML, like Gecko; compatible; GPTBot/1.3; +https://openai.com/gptbot)"
74.7.243.195 - - [20/Jan/2026:23:46:04 +1100] "GET /?l=36870559f112a HTTP/1.1" 200 1 "https://bintopia.com/sitemap-14.xml" "Mozilla/5.0 AppleWebKit/537.36 (KHTML, like Gecko; compatible; GPTBot/1.3; +https://openai.com/gptbot)"
74.7.243.195 - - [20/Jan/2026:23:46:05 +1100] "GET /?l=4491586e278j2 HTTP/1.1" 200 1 "https://bintopia.com/sitemap-11.xml" "Mozilla/5.0 AppleWebKit/537.36 (KHTML, like Gecko; compatible; GPTBot/1.3; +https://openai.com/gptbot)"
74.7.243.195 - - [20/Jan/2026:23:46:05 +1100] "GET /?l=3645780064ed1 HTTP/1.1" 200 1 "https://bintopia.com/sitemap-14.xml" "Mozilla/5.0 AppleWebKit/537.36 (KHTML, like Gecko; compatible; GPTBot/1.3; +https://openai.com/gptbot)"
74.7.243.195 - - [20/Jan/2026:23:46:06 +1100] "GET /?l=30845767b9e61 HTTP/1.1" 200 1 "https://bintopia.com/sitemap-18.xml" "Mozilla/5.0 AppleWebKit/537.36 (KHTML, like Gecko; compatible; GPTBot/1.3; +https://openai.com/gptbot)"
74.7.243.195 - - [20/Jan/2026:23:46:06 +1100] "GET /?l=22730119bg945 HTTP/1.1" 200 1 "https://bintopia.com/sitemap-16.xml" "Mozilla/5.0 AppleWebKit/537.36 (KHTML, like Gecko; compatible; GPTBot/1.3; +https://openai.com/gptbot)"
74.7.243.195 - - [20/Jan/2026:23:46:07 +1100] "GET /?l=275154jedfj HTTP/1.1" 200 1 "https://bintopia.com/sitemap-14.xml" "Mozilla/5.0 AppleWebKit/537.36 (KHTML, like Gecko; compatible; GPTBot/1.3; +https://openai.com/gptbot)"
74.7.243.195 - - [20/Jan/2026:23:46:07 +1100] "GET /?l=686612afcih HTTP/1.1" 200 1 "https://bintopia.com/sitemap-16.xml" "Mozilla/5.0 AppleWebKit/537.36 (KHTML, like Gecko; compatible; GPTBot/1.3; +https://openai.com/gptbot)"
74.7.243.195 - - [20/Jan/2026:23:46:08 +1100] "GET /?l=19330jb8ffi HTTP/1.1" 200 1 "https://bintopia.com/sitemap-11.xml" "Mozilla/5.0 AppleWebKit/537.36 (KHTML, like Gecko; compatible; GPTBot/1.3; +https://openai.com/gptbot)"
74.7.243.195 - - [20/Jan/2026:23:46:08 +1100] "GET /?l=27181f6hcha HTTP/1.1" 200 1 "https://bintopia.com/sitemap-11.xml" "Mozilla/5.0 AppleWebKit/537.36 (KHTML, like Gecko; compatible; GPTBot/1.3; +https://openai.com/gptbot)"
74.7.243.195 - - [20/Jan/2026:23:46:09 +1100] "GET /?l=857999c239cc HTTP/1.1" 200 1 "https://bintopia.com/sitemap-16.xml" "Mozilla/5.0 AppleWebKit/537.36 (KHTML, like Gecko; compatible; GPTBot/1.3; +https://openai.com/gptbot)"
74.7.243.195 - - [20/Jan/2026:23:46:09 +1100] "GET /?l=5544497jjh84 HTTP/1.1" 200 1 "https://bintopia.com/sitemap-14.xml" "Mozilla/5.0 AppleWebKit/537.36 (KHTML, like Gecko; compatible; GPTBot/1.3; +https://openai.com/gptbot)"
74.7.243.195 - - [20/Jan/2026:23:46:10 +1100] "GET /?l=6586667fj93c HTTP/1.1" 200 1 "https://bintopia.com/sitemap-13.xml" "Mozilla/5.0 AppleWebKit/537.36 (KHTML, like Gecko; compatible; GPTBot/1.3; +https://openai.com/gptbot)"
74.7.243.195 - - [20/Jan/2026:23:46:10 +1100] "GET /?l=788861b7a31b HTTP/1.1" 200 1 "https://bintopia.com/sitemap-18.xml" "Mozilla/5.0 AppleWebKit/537.36 (KHTML, like Gecko; compatible; GPTBot/1.3; +https://openai.com/gptbot)"
74.7.243.195 - - [20/Jan/2026:23:46:11 +1100] "GET /?l=88843494ce4i HTTP/1.1" 200 1 "https://bintopia.com/sitemap-10.xml" "Mozilla/5.0 AppleWebKit/537.36 (KHTML, like Gecko; compatible; GPTBot/1.3; +https://openai.com/gptbot)"
74.7.243.195 - - [20/Jan/2026:23:46:12 +1100] "GET /?l=444800dj71b3 HTTP/1.1" 200 1 "https://bintopia.com/sitemap-10.xml" "Mozilla/5.0 AppleWebKit/537.36 (KHTML, like Gecko; compatible; GPTBot/1.3; +https://openai.com/gptbot)"
66.249.75.38 - - [20/Jan/2026:23:46:02 +1100] "GET /?l=75492081c4h2 HTTP/1.1" 200 - "-" "Mozilla/5.0 (Linux; Android 6.0.1; Nexus 5X Build/MMB29P) AppleWebKit/537.36 (KHTML, like Gecko) Chrome/143.0.7499.192 Mobile Safari/537.36 (compatible; GoogleOther)"
74.7.243.195 - - [20/Jan/2026:23:46:12 +1100] "GET /?l=58584449b4ac HTTP/1.1" 200 1 "https://bintopia.com/sitemap-14.xml" "Mozilla/5.0 AppleWebKit/537.36 (KHTML, like Gecko; compatible; GPTBot/1.3; +https://openai.com/gptbot)"
74.7.243.195 - - [20/Jan/2026:23:46:13 +1100] "GET /?l=817775jg124i HTTP/1.1" 200 1 "https://bintopia.com/sitemap-15.xml" "Mozilla/5.0 AppleWebKit/537.36 (KHTML, like Gecko; compatible; GPTBot/1.3; +https://openai.com/gptbot)"
74.7.243.195 - - [20/Jan/2026:23:46:13 +1100] "GET /?l=8670003h32aa HTTP/1.1" 200 1 "https://bintopia.com/sitemap-11.xml" "Mozilla/5.0 AppleWebKit/537.36 (KHTML, like Gecko; compatible; GPTBot/1.3; +https://openai.com/gptbot)"
74.7.243.195 - - [20/Jan/2026:23:46:14 +1100] "GET /?l=23222359hbe9 HTTP/1.1" 200 1 "https://bintopia.com/sitemap-11.xml" "Mozilla/5.0 AppleWebKit/537.36 (KHTML, like Gecko; compatible; GPTBot/1.3; +https://openai.com/gptbot)"
74.7.243.195 - - [20/Jan/2026:23:46:14 +1100] "GET /?l=688830h0b76a HTTP/1.1" 200 1 "https://bintopia.com/sitemap-13.xml" "Mozilla/5.0 AppleWebKit/537.36 (KHTML, like Gecko; compatible; GPTBot/1.3; +https://openai.com/gptbot)"
74.7.243.195 - - [20/Jan/2026:23:46:15 +1100] "GET /?l=4777485bjj28 HTTP/1.1" 200 1 "https://bintopia.com/sitemap-11.xml" "Mozilla/5.0 AppleWebKit/537.36 (KHTML, like Gecko; compatible; GPTBot/1.3; +https://openai.com/gptbot)"
74.7.243.195 - - [20/Jan/2026:23:46:15 +1100] "GET /?l=528222a9b64d HTTP/1.1" 200 1 "https://bintopia.com/sitemap-14.xml" "Mozilla/5.0 AppleWebKit/537.36 (KHTML, like Gecko; compatible; GPTBot/1.3; +https://openai.com/gptbot)"
74.7.243.195 - - [20/Jan/2026:23:46:16 +1100] "GET /?l=619396888dic HTTP/1.1" 200 1 "https://bintopia.com/sitemap-15.xml" "Mozilla/5.0 AppleWebKit/537.36 (KHTML, like Gecko; compatible; GPTBot/1.3; +https://openai.com/gptbot)"
74.7.243.195 - - [20/Jan/2026:23:46:16 +1100] "GET /?l=555086he99e6 HTTP/1.1" 200 1 "https://bintopia.com/sitemap-16.xml" "Mozilla/5.0 AppleWebKit/537.36 (KHTML, like Gecko; compatible; GPTBot/1.3; +https://openai.com/gptbot)"
74.7.243.195 - - [20/Jan/2026:23:46:17 +1100] "GET /?l=639998773hih HTTP/1.1" 200 1 "https://bintopia.com/sitemap-11.xml" "Mozilla/5.0 AppleWebKit/537.36 (KHTML, like Gecko; compatible; GPTBot/1.3; +https://openai.com/gptbot)"
192.178.6.69 - - [20/Jan/2026:23:46:07 +1100] "GET /?detail/8915704 HTTP/1.1" 200 - "-" "Mozilla/5.0 (Linux; Android 6.0.1; Nexus 5X Build/MMB29P) AppleWebKit/537.36 (KHTML, like Gecko) Chrome/143.0.7499.192 Mobile Safari/537.36 (compatible; Googlebot/2.1; +http://www.google.com/bot.html)"
74.7.243.195 - - [20/Jan/2026:23:46:17 +1100] "GET /?l=3336982fbi61 HTTP/1.1" 200 1 "https://bintopia.com/sitemap-16.xml" "Mozilla/5.0 AppleWebKit/537.36 (KHTML, like Gecko; compatible; GPTBot/1.3; +https://openai.com/gptbot)"
74.7.243.195 - - [20/Jan/2026:23:46:18 +1100] "GET /?l=2053331dch3 HTTP/1.1" 200 1 "https://bintopia.com/sitemap-11.xml" "Mozilla/5.0 AppleWebKit/537.36 (KHTML, like Gecko; compatible; GPTBot/1.3; +https://openai.com/gptbot)"
74.7.243.195 - - [20/Jan/2026:23:46:18 +1100] "GET /?l=2959834ica0fe HTTP/1.1" 200 1 "https://bintopia.com/sitemap-14.xml" "Mozilla/5.0 AppleWebKit/537.36 (KHTML, like Gecko; compatible; GPTBot/1.3; +https://openai.com/gptbot)"
74.7.243.195 - - [20/Jan/2026:23:46:19 +1100] "GET /?l=18428739fhjbi HTTP/1.1" 200 1 "https://bintopia.com/sitemap-10.xml" "Mozilla/5.0 AppleWebKit/537.36 (KHTML, like Gecko; compatible; GPTBot/1.3; +https://openai.com/gptbot)"
74.7.243.195 - - [20/Jan/2026:23:46:19 +1100] "GET /?l=2458016begai6 HTTP/1.1" 200 1 "https://bintopia.com/sitemap-13.xml" "Mozilla/5.0 AppleWebKit/537.36 (KHTML, like Gecko; compatible; GPTBot/1.3; +https://openai.com/gptbot)"
74.7.243.195 - - [20/Jan/2026:23:46:20 +1100] "GET /?l=1244059hfjae7 HTTP/1.1" 200 1 "https://bintopia.com/sitemap-14.xml" "Mozilla/5.0 AppleWebKit/537.36 (KHTML, like Gecko; compatible; GPTBot/1.3; +https://openai.com/gptbot)"
74.7.243.195 - - [20/Jan/2026:23:46:21 +1100] "GET /?l=1864409b5hgfc HTTP/1.1" 200 1 "https://bintopia.com/sitemap-13.xml" "Mozilla/5.0 AppleWebKit/537.36 (KHTML, like Gecko; compatible; GPTBot/1.3; +https://openai.com/gptbot)"
74.7.243.195 - - [20/Jan/2026:23:46:21 +1100] "GET /?l=1086270fhcj4d HTTP/1.1" 200 1 "https://bintopia.com/sitemap-16.xml" "Mozilla/5.0 AppleWebKit/537.36 (KHTML, like Gecko; compatible; GPTBot/1.3; +https://openai.com/gptbot)"
74.7.243.195 - - [20/Jan/2026:23:46:22 +1100] "GET /?l=3714268cj9ech HTTP/1.1" 200 1 "https://bintopia.com/sitemap-14.xml" "Mozilla/5.0 AppleWebKit/537.36 (KHTML, like Gecko; compatible; GPTBot/1.3; +https://openai.com/gptbot)"
74.7.243.195 - - [20/Jan/2026:23:46:22 +1100] "GET /?l=3175482ej1iag HTTP/1.1" 200 1 "https://bintopia.com/sitemap-18.xml" "Mozilla/5.0 AppleWebKit/537.36 (KHTML, like Gecko; compatible; GPTBot/1.3; +https://openai.com/gptbot)"
74.7.243.195 - - [20/Jan/2026:23:46:23 +1100] "GET /?l=3881729hiag0e HTTP/1.1" 200 1 "https://bintopia.com/sitemap-10.xml" "Mozilla/5.0 AppleWebKit/537.36 (KHTML, like Gecko; compatible; GPTBot/1.3; +https://openai.com/gptbot)"
74.7.243.195 - - [20/Jan/2026:23:46:23 +1100] "GET /?l=3876265igfje1 HTTP/1.1" 200 1 "https://bintopia.com/sitemap-18.xml" "Mozilla/5.0 AppleWebKit/537.36 (KHTML, like Gecko; compatible; GPTBot/1.3; +https://openai.com/gptbot)"
74.7.243.195 - - [20/Jan/2026:23:46:24 +1100] "GET /?l=4213706jg5igf HTTP/1.1" 200 1 "https://bintopia.com/sitemap-11.xml" "Mozilla/5.0 AppleWebKit/537.36 (KHTML, like Gecko; compatible; GPTBot/1.3; +https://openai.com/gptbot)"
74.7.243.195 - - [20/Jan/2026:23:46:24 +1100] "GET /?l=4109756gh5fic HTTP/1.1" 200 1 "https://bintopia.com/sitemap-11.xml" "Mozilla/5.0 AppleWebKit/537.36 (KHTML, like Gecko; compatible; GPTBot/1.3; +https://openai.com/gptbot)"
57.141.16.49 - - [20/Jan/2026:23:46:24 +1100] "GET /?detail/2705382 HTTP/1.1" 200 1 "-" "meta-externalagent/1.1 (+https://developers.facebook.com/docs/sharing/webmasters/crawler)"
192.178.6.70 - - [20/Jan/2026:23:46:15 +1100] "GET /?detail/24044271 HTTP/1.1" 200 - "-" "Mozilla/5.0 (Linux; Android 6.0.1; Nexus 5X Build/MMB29P) AppleWebKit/537.36 (KHTML, like Gecko) Chrome/143.0.7499.192 Mobile Safari/537.36 (compatible; Googlebot/2.1; +http://www.google.com/bot.html)"
74.7.243.195 - - [20/Jan/2026:23:46:25 +1100] "GET /?l=3281480ahbfc7 HTTP/1.1" 200 1 "https://bintopia.com/sitemap-11.xml" "Mozilla/5.0 AppleWebKit/537.36 (KHTML, like Gecko; compatible; GPTBot/1.3; +https://openai.com/gptbot)"
74.7.243.195 - - [20/Jan/2026:23:46:25 +1100] "GET /?l=1562930i9ahbf HTTP/1.1" 200 1 "https://bintopia.com/sitemap-15.xml" "Mozilla/5.0 AppleWebKit/537.36 (KHTML, like Gecko; compatible; GPTBot/1.3; +https://openai.com/gptbot)"
74.7.243.195 - - [20/Jan/2026:23:46:26 +1100] "GET /?l=3784695hd3jeg HTTP/1.1" 200 1 "https://bintopia.com/sitemap-10.xml" "Mozilla/5.0 AppleWebKit/537.36 (KHTML, like Gecko; compatible; GPTBot/1.3; +https://openai.com/gptbot)"
114.119.150.248 - - [20/Jan/2026:23:46:26 +1100] "GET /?l=985894b61112 HTTP/1.1" 200 1 "https://bintopia.com/sitemap-7.xml" "Mozilla/5.0 (Linux; Android 7.0;) AppleWebKit/537.36 (KHTML, like Gecko) Mobile Safari/537.36 (compatible; PetalBot;+https://webmaster.petalsearch.com/site/petalbot)"
74.7.243.195 - - [20/Jan/2026:23:46:26 +1100] "GET /?l=2315464ejbh7d HTTP/1.1" 200 1 "https://bintopia.com/sitemap-11.xml" "Mozilla/5.0 AppleWebKit/537.36 (KHTML, like Gecko; compatible; GPTBot/1.3; +https://openai.com/gptbot)"
74.7.243.195 - - [20/Jan/2026:23:46:27 +1100] "GET /?l=2598031gd6ced HTTP/1.1" 200 1 "https://bintopia.com/sitemap-10.xml" "Mozilla/5.0 AppleWebKit/537.36 (KHTML, like Gecko; compatible; GPTBot/1.3; +https://openai.com/gptbot)"
192.178.6.69 - - [20/Jan/2026:23:46:17 +1100] "GET /7338255 HTTP/1.1" 200 - "-" "Mozilla/5.0 (Linux; Android 6.0.1; Nexus 5X Build/MMB29P) AppleWebKit/537.36 (KHTML, like Gecko) Chrome/143.0.7499.192 Mobile Safari/537.36 (compatible; Googlebot/2.1; +http://www.google.com/bot.html)"
74.7.243.195 - - [20/Jan/2026:23:46:27 +1100] "GET /?l=5168507d4jgei HTTP/1.1" 200 1 "https://bintopia.com/sitemap-14.xml" "Mozilla/5.0 AppleWebKit/537.36 (KHTML, like Gecko; compatible; GPTBot/1.3; +https://openai.com/gptbot)"
74.7.243.195 - - [20/Jan/2026:23:46:28 +1100] "GET /?l=4225678gd3jfe HTTP/1.1" 200 1 "https://bintopia.com/sitemap-18.xml" "Mozilla/5.0 AppleWebKit/537.36 (KHTML, like Gecko; compatible; GPTBot/1.3; +https://openai.com/gptbot)"
74.7.243.195 - - [20/Jan/2026:23:46:28 +1100] "GET /?l=1850962hje4fe HTTP/1.1" 200 1 "https://bintopia.com/sitemap-15.xml" "Mozilla/5.0 AppleWebKit/537.36 (KHTML, like Gecko; compatible; GPTBot/1.3; +https://openai.com/gptbot)"
74.7.243.195 - - [20/Jan/2026:23:46:29 +1100] "GET /?l=35569017chjea HTTP/1.1" 200 1 "https://bintopia.com/sitemap-16.xml" "Mozilla/5.0 AppleWebKit/537.36 (KHTML, like Gecko; compatible; GPTBot/1.3; +https://openai.com/gptbot)"
74.7.243.195 - - [20/Jan/2026:23:46:29 +1100] "GET /?l=4529316faji1d HTTP/1.1" 200 1 "https://bintopia.com/sitemap-18.xml" "Mozilla/5.0 AppleWebKit/537.36 (KHTML, like Gecko; compatible; GPTBot/1.3; +https://openai.com/gptbot)"
74.7.243.195 - - [20/Jan/2026:23:46:30 +1100] "GET /?l=3851700ie4fbh HTTP/1.1" 200 1 "https://bintopia.com/sitemap-16.xml" "Mozilla/5.0 AppleWebKit/537.36 (KHTML, like Gecko; compatible; GPTBot/1.3; +https://openai.com/gptbot)"
74.7.243.195 - - [20/Jan/2026:23:46:30 +1100] "GET /?l=3795342dgbhc1 HTTP/1.1" 200 1 "https://bintopia.com/sitemap-15.xml" "Mozilla/5.0 AppleWebKit/537.36 (KHTML, like Gecko; compatible; GPTBot/1.3; +https://openai.com/gptbot)"
192.178.6.69 - - [20/Jan/2026:23:46:25 +1100] "GET /?detail/19325093 HTTP/1.1" 200 148772 "-" "Mozilla/5.0 (Linux; Android 6.0.1; Nexus 5X Build/MMB29P) AppleWebKit/537.36 (KHTML, like Gecko) Chrome/143.0.7499.192 Mobile Safari/537.36 (compatible; Googlebot/2.1; +http://www.google.com/bot.html)"
74.7.243.195 - - [20/Jan/2026:23:46:31 +1100] "GET /?l=3268560h9bdfj HTTP/1.1" 200 1 "https://bintopia.com/sitemap-11.xml" "Mozilla/5.0 AppleWebKit/537.36 (KHTML, like Gecko; compatible; GPTBot/1.3; +https://openai.com/gptbot)"
74.7.243.195 - - [20/Jan/2026:23:46:32 +1100] "GET /?l=3710562a4aijc HTTP/1.1" 200 1 "https://bintopia.com/sitemap-15.xml" "Mozilla/5.0 AppleWebKit/537.36 (KHTML, like Gecko; compatible; GPTBot/1.3; +https://openai.com/gptbot)"
74.7.243.195 - - [20/Jan/2026:23:46:32 +1100] "GET /?l=24993051fahdc HTTP/1.1" 200 1 "https://bintopia.com/sitemap-14.xml" "Mozilla/5.0 AppleWebKit/537.36 (KHTML, like Gecko; compatible; GPTBot/1.3; +https://openai.com/gptbot)"
57.141.16.51 - - [20/Jan/2026:23:46:32 +1100] "GET /?detail/5775204 HTTP/1.1" 200 1 "-" "meta-externalagent/1.1 (+https://developers.facebook.com/docs/sharing/webmasters/crawler)"
74.7.243.195 - - [20/Jan/2026:23:46:33 +1100] "GET /?l=3207381hgb4ad HTTP/1.1" 200 1 "https://bintopia.com/sitemap-13.xml" "Mozilla/5.0 AppleWebKit/537.36 (KHTML, like Gecko; compatible; GPTBot/1.3; +https://openai.com/gptbot)"
74.7.243.195 - - [20/Jan/2026:23:46:33 +1100] "GET /?l=1941867ijcb5d HTTP/1.1" 200 1 "https://bintopia.com/sitemap-11.xml" "Mozilla/5.0 AppleWebKit/537.36 (KHTML, like Gecko; compatible; GPTBot/1.3; +https://openai.com/gptbot)"
74.7.243.195 - - [20/Jan/2026:23:46:34 +1100] "GET /?l=4985713jfh8ed HTTP/1.1" 200 1 "https://bintopia.com/sitemap-13.xml" "Mozilla/5.0 AppleWebKit/537.36 (KHTML, like Gecko; compatible; GPTBot/1.3; +https://openai.com/gptbot)"
74.7.243.195 - - [20/Jan/2026:23:46:34 +1100] "GET /?l=5073297abegh6 HTTP/1.1" 200 1 "https://bintopia.com/sitemap-16.xml" "Mozilla/5.0 AppleWebKit/537.36 (KHTML, like Gecko; compatible; GPTBot/1.3; +https://openai.com/gptbot)"
74.7.243.195 - - [20/Jan/2026:23:46:35 +1100] "GET /?l=3596440edhja1 HTTP/1.1" 200 1 "https://bintopia.com/sitemap-13.xml" "Mozilla/5.0 AppleWebKit/537.36 (KHTML, like Gecko; compatible; GPTBot/1.3; +https://openai.com/gptbot)"
74.7.243.195 - - [20/Jan/2026:23:46:35 +1100] "GET /?l=3512905hejb4c HTTP/1.1" 200 1 "https://bintopia.com/sitemap-14.xml" "Mozilla/5.0 AppleWebKit/537.36 (KHTML, like Gecko; compatible; GPTBot/1.3; +https://openai.com/gptbot)"
57.141.16.52 - - [20/Jan/2026:23:46:35 +1100] "GET /?detail/28112148 HTTP/1.1" 200 1 "-" "meta-externalagent/1.1 (+https://developers.facebook.com/docs/sharing/webmasters/crawler)"
74.7.243.195 - - [20/Jan/2026:23:46:36 +1100] "GET /?l=3481208i9ajdg HTTP/1.1" 200 1 "https://bintopia.com/sitemap-18.xml" "Mozilla/5.0 AppleWebKit/537.36 (KHTML, like Gecko; compatible; GPTBot/1.3; +https://openai.com/gptbot)"
74.7.243.195 - - [20/Jan/2026:23:46:36 +1100] "GET /?l=5059372bg6eaf HTTP/1.1" 200 1 "https://bintopia.com/sitemap-14.xml" "Mozilla/5.0 AppleWebKit/537.36 (KHTML, like Gecko; compatible; GPTBot/1.3; +https://openai.com/gptbot)"
192.178.6.69 - - [20/Jan/2026:23:46:31 +1100] "GET /?detail/22751237 HTTP/1.1" 200 146778 "-" "Mozilla/5.0 (Linux; Android 6.0.1; Nexus 5X Build/MMB29P) AppleWebKit/537.36 (KHTML, like Gecko) Chrome/143.0.7499.192 Mobile Safari/537.36 (compatible; Googlebot/2.1; +http://www.google.com/bot.html)"
74.7.243.195 - - [20/Jan/2026:23:46:37 +1100] "GET /?l=4825366fj0iea HTTP/1.1" 200 1 "https://bintopia.com/sitemap-18.xml" "Mozilla/5.0 AppleWebKit/537.36 (KHTML, like Gecko; compatible; GPTBot/1.3; +https://openai.com/gptbot)"
74.7.243.195 - - [20/Jan/2026:23:46:37 +1100] "GET /?l=2091487bejib3 HTTP/1.1" 200 1 "https://bintopia.com/sitemap-13.xml" "Mozilla/5.0 AppleWebKit/537.36 (KHTML, like Gecko; compatible; GPTBot/1.3; +https://openai.com/gptbot)"
74.7.243.195 - - [20/Jan/2026:23:46:38 +1100] "GET /?l=3261715hceid9 HTTP/1.1" 200 1 "https://bintopia.com/sitemap-11.xml" "Mozilla/5.0 AppleWebKit/537.36 (KHTML, like Gecko; compatible; GPTBot/1.3; +https://openai.com/gptbot)"
74.7.243.195 - - [20/Jan/2026:23:46:38 +1100] "GET /?l=42569104jefhd HTTP/1.1" 200 1 "https://bintopia.com/sitemap-13.xml" "Mozilla/5.0 AppleWebKit/537.36 (KHTML, like Gecko; compatible; GPTBot/1.3; +https://openai.com/gptbot)"
74.7.243.195 - - [20/Jan/2026:23:46:39 +1100] "GET /?l=32660741chdig HTTP/1.1" 200 1 "https://bintopia.com/sitemap-11.xml" "Mozilla/5.0 AppleWebKit/537.36 (KHTML, like Gecko; compatible; GPTBot/1.3; +https://openai.com/gptbot)"
192.178.6.69 - - [20/Jan/2026:23:46:38 +1100] "GET /?detail/15897237 HTTP/1.1" 200 139310 "-" "Mozilla/5.0 (Linux; Android 6.0.1; Nexus 5X Build/MMB29P) AppleWebKit/537.36 (KHTML, like Gecko) Chrome/143.0.7499.192 Mobile Safari/537.36 (compatible; Googlebot/2.1; +http://www.google.com/bot.html)"
74.7.243.195 - - [20/Jan/2026:23:46:39 +1100] "GET /?l=96677if7e3g HTTP/1.1" 200 1 "https://bintopia.com/sitemap-18.xml" "Mozilla/5.0 AppleWebKit/537.36 (KHTML, like Gecko; compatible; GPTBot/1.3; +https://openai.com/gptbot)"
74.7.243.195 - - [20/Jan/2026:23:46:40 +1100] "GET /?l=29116cjj4i1 HTTP/1.1" 200 1 "https://bintopia.com/sitemap-13.xml" "Mozilla/5.0 AppleWebKit/537.36 (KHTML, like Gecko; compatible; GPTBot/1.3; +https://openai.com/gptbot)"
192.178.6.69 - - [20/Jan/2026:23:46:30 +1100] "GET /?l=1313824h52630 HTTP/1.1" 200 153779 "-" "Mozilla/5.0 (Linux; Android 6.0.1; Nexus 5X Build/MMB29P) AppleWebKit/537.36 (KHTML, like Gecko) Chrome/143.0.7499.192 Mobile Safari/537.36 (compatible; GoogleOther)"
74.7.243.195 - - [20/Jan/2026:23:46:40 +1100] "GET /?l=959439i9cfi HTTP/1.1" 200 1 "https://bintopia.com/sitemap-16.xml" "Mozilla/5.0 AppleWebKit/537.36 (KHTML, like Gecko; compatible; GPTBot/1.3; +https://openai.com/gptbot)"
74.7.243.195 - - [20/Jan/2026:23:46:41 +1100] "GET /?l=1989478bebe HTTP/1.1" 200 1 "https://bintopia.com/sitemap-10.xml" "Mozilla/5.0 AppleWebKit/537.36 (KHTML, like Gecko; compatible; GPTBot/1.3; +https://openai.com/gptbot)"
74.7.243.195 - - [20/Jan/2026:23:46:41 +1100] "GET /?l=896893dfgjee HTTP/1.1" 200 1 "https://bintopia.com/sitemap-11.xml" "Mozilla/5.0 AppleWebKit/537.36 (KHTML, like Gecko; compatible; GPTBot/1.3; +https://openai.com/gptbot)"
74.7.243.195 - - [20/Jan/2026:23:46:42 +1100] "GET /?l=314134diajij HTTP/1.1" 200 1 "https://bintopia.com/sitemap-13.xml" "Mozilla/5.0 AppleWebKit/537.36 (KHTML, like Gecko; compatible; GPTBot/1.3; +https://openai.com/gptbot)"
192.178.6.69 - - [20/Jan/2026:23:46:40 +1100] "GET /?detail/19156548 HTTP/1.1" 200 148692 "-" "Mozilla/5.0 (Linux; Android 6.0.1; Nexus 5X Build/MMB29P) AppleWebKit/537.36 (KHTML, like Gecko) Chrome/143.0.7499.192 Mobile Safari/537.36 (compatible; Googlebot/2.1; +http://www.google.com/bot.html)"
74.7.243.195 - - [20/Jan/2026:23:46:43 +1100] "GET /?l=870980fajaeg HTTP/1.1" 200 1 "https://bintopia.com/sitemap-10.xml" "Mozilla/5.0 AppleWebKit/537.36 (KHTML, like Gecko; compatible; GPTBot/1.3; +https://openai.com/gptbot)"
74.7.243.195 - - [20/Jan/2026:23:46:43 +1100] "GET /?l=249390hjghch HTTP/1.1" 200 1 "https://bintopia.com/sitemap-14.xml" "Mozilla/5.0 AppleWebKit/537.36 (KHTML, like Gecko; compatible; GPTBot/1.3; +https://openai.com/gptbot)"
74.7.243.195 - - [20/Jan/2026:23:46:44 +1100] "GET /?l=738907gegedi HTTP/1.1" 200 1 "https://bintopia.com/sitemap-15.xml" "Mozilla/5.0 AppleWebKit/537.36 (KHTML, like Gecko; compatible; GPTBot/1.3; +https://openai.com/gptbot)"
74.7.243.195 - - [20/Jan/2026:23:46:44 +1100] "GET /?l=510922bdfeeb HTTP/1.1" 200 1 "https://bintopia.com/sitemap-18.xml" "Mozilla/5.0 AppleWebKit/537.36 (KHTML, like Gecko; compatible; GPTBot/1.3; +https://openai.com/gptbot)"
74.7.243.195 - - [20/Jan/2026:23:46:45 +1100] "GET /?l=210730ajajid HTTP/1.1" 200 1 "https://bintopia.com/sitemap-10.xml" "Mozilla/5.0 AppleWebKit/537.36 (KHTML, like Gecko; compatible; GPTBot/1.3; +https://openai.com/gptbot)"
74.7.243.195 - - [20/Jan/2026:23:46:45 +1100] "GET /?l=705156eegehg HTTP/1.1" 200 1 "https://bintopia.com/sitemap-15.xml" "Mozilla/5.0 AppleWebKit/537.36 (KHTML, like Gecko; compatible; GPTBot/1.3; +https://openai.com/gptbot)"
192.178.6.69 - - [20/Jan/2026:23:46:43 +1100] "GET /?detail/27528837 HTTP/1.1" 200 139340 "-" "Mozilla/5.0 (Linux; Android 6.0.1; Nexus 5X Build/MMB29P) AppleWebKit/537.36 (KHTML, like Gecko) Chrome/143.0.7499.192 Mobile Safari/537.36 (compatible; Googlebot/2.1; +http://www.google.com/bot.html)"
74.7.243.195 - - [20/Jan/2026:23:46:46 +1100] "GET /?l=501285gihihf HTTP/1.1" 200 1 "https://bintopia.com/sitemap-13.xml" "Mozilla/5.0 AppleWebKit/537.36 (KHTML, like Gecko; compatible; GPTBot/1.3; +https://openai.com/gptbot)"
74.7.243.195 - - [20/Jan/2026:23:46:46 +1100] "GET /?l=390434agcadc HTTP/1.1" 200 1 "https://bintopia.com/sitemap-16.xml" "Mozilla/5.0 AppleWebKit/537.36 (KHTML, like Gecko; compatible; GPTBot/1.3; +https://openai.com/gptbot)"
74.7.243.195 - - [20/Jan/2026:23:46:47 +1100] "GET /?l=704407eddicb HTTP/1.1" 200 1 "https://bintopia.com/sitemap-11.xml" "Mozilla/5.0 AppleWebKit/537.36 (KHTML, like Gecko; compatible; GPTBot/1.3; +https://openai.com/gptbot)"
74.7.243.195 - - [20/Jan/2026:23:46:47 +1100] "GET /?l=242969ehgiec HTTP/1.1" 200 1 "https://bintopia.com/sitemap-15.xml" "Mozilla/5.0 AppleWebKit/537.36 (KHTML, like Gecko; compatible; GPTBot/1.3; +https://openai.com/gptbot)"
74.7.243.195 - - [20/Jan/2026:23:46:48 +1100] "GET /?l=548611jjaffa HTTP/1.1" 200 1 "https://bintopia.com/sitemap-13.xml" "Mozilla/5.0 AppleWebKit/537.36 (KHTML, like Gecko; compatible; GPTBot/1.3; +https://openai.com/gptbot)"
74.7.243.195 - - [20/Jan/2026:23:46:48 +1100] "GET /?l=883803863848 HTTP/1.1" 200 1 "https://bintopia.com/sitemap-15.xml" "Mozilla/5.0 AppleWebKit/537.36 (KHTML, like Gecko; compatible; GPTBot/1.3; +https://openai.com/gptbot)"
74.7.243.195 - - [20/Jan/2026:23:46:49 +1100] "GET /?l=2016186hc8cdb HTTP/1.1" 200 1 "https://bintopia.com/sitemap-13.xml" "Mozilla/5.0 AppleWebKit/537.36 (KHTML, like Gecko; compatible; GPTBot/1.3; +https://openai.com/gptbot)"
74.7.243.195 - - [20/Jan/2026:23:46:49 +1100] "GET /?l=3465456ejh0ae HTTP/1.1" 200 1 "https://bintopia.com/sitemap-13.xml" "Mozilla/5.0 AppleWebKit/537.36 (KHTML, like Gecko; compatible; GPTBot/1.3; +https://openai.com/gptbot)"
74.7.243.195 - - [20/Jan/2026:23:46:50 +1100] "GET /?l=4466704bhiid1 HTTP/1.1" 200 1 "https://bintopia.com/sitemap-16.xml" "Mozilla/5.0 AppleWebKit/537.36 (KHTML, like Gecko; compatible; GPTBot/1.3; +https://openai.com/gptbot)"
74.7.243.195 - - [20/Jan/2026:23:46:50 +1100] "GET /?l=459762c14d3 HTTP/1.1" 200 1 "https://bintopia.com/sitemap-15.xml" "Mozilla/5.0 AppleWebKit/537.36 (KHTML, like Gecko; compatible; GPTBot/1.3; +https://openai.com/gptbot)"
74.7.243.195 - - [20/Jan/2026:23:46:51 +1100] "GET /?l=546840d97e2 HTTP/1.1" 200 1 "https://bintopia.com/sitemap-16.xml" "Mozilla/5.0 AppleWebKit/537.36 (KHTML, like Gecko; compatible; GPTBot/1.3; +https://openai.com/gptbot)"
74.7.243.195 - - [20/Jan/2026:23:46:51 +1100] "GET /?l=828817fff89i HTTP/1.1" 200 1 "https://bintopia.com/sitemap-16.xml" "Mozilla/5.0 AppleWebKit/537.36 (KHTML, like Gecko; compatible; GPTBot/1.3; +https://openai.com/gptbot)"
74.7.243.195 - - [20/Jan/2026:23:46:52 +1100] "GET /?l=1266657bb8ff HTTP/1.1" 200 1 "https://bintopia.com/sitemap-13.xml" "Mozilla/5.0 AppleWebKit/537.36 (KHTML, like Gecko; compatible; GPTBot/1.3; +https://openai.com/gptbot)"
74.7.243.195 - - [20/Jan/2026:23:46:53 +1100] "GET /?l=9467779c3eed HTTP/1.1" 200 1 "https://bintopia.com/sitemap-18.xml" "Mozilla/5.0 AppleWebKit/537.36 (KHTML, like Gecko; compatible; GPTBot/1.3; +https://openai.com/gptbot)"
74.7.243.195 - - [20/Jan/2026:23:46:53 +1100] "GET /?l=31200090jaig HTTP/1.1" 200 1 "https://bintopia.com/sitemap-18.xml" "Mozilla/5.0 AppleWebKit/537.36 (KHTML, like Gecko; compatible; GPTBot/1.3; +https://openai.com/gptbot)"
74.7.243.195 - - [20/Jan/2026:23:46:54 +1100] "GET /?l=3504449bai2h HTTP/1.1" 200 1 "https://bintopia.com/sitemap-14.xml" "Mozilla/5.0 AppleWebKit/537.36 (KHTML, like Gecko; compatible; GPTBot/1.3; +https://openai.com/gptbot)"
74.7.243.195 - - [20/Jan/2026:23:46:54 +1100] "GET /?l=988849ga1cd5 HTTP/1.1" 200 1 "https://bintopia.com/sitemap-16.xml" "Mozilla/5.0 AppleWebKit/537.36 (KHTML, like Gecko; compatible; GPTBot/1.3; +https://openai.com/gptbot)"
74.7.243.195 - - [20/Jan/2026:23:46:55 +1100] "GET /?l=5000250dh4gf HTTP/1.1" 200 1 "https://bintopia.com/sitemap-16.xml" "Mozilla/5.0 AppleWebKit/537.36 (KHTML, like Gecko; compatible; GPTBot/1.3; +https://openai.com/gptbot)"
74.7.243.195 - - [20/Jan/2026:23:46:55 +1100] "GET /?l=8099928jagi3 HTTP/1.1" 200 1 "https://bintopia.com/sitemap-14.xml" "Mozilla/5.0 AppleWebKit/537.36 (KHTML, like Gecko; compatible; GPTBot/1.3; +https://openai.com/gptbot)"
74.7.243.195 - - [20/Jan/2026:23:46:56 +1100] "GET /?l=400013g6bg4j HTTP/1.1" 200 1 "https://bintopia.com/sitemap-11.xml" "Mozilla/5.0 AppleWebKit/537.36 (KHTML, like Gecko; compatible; GPTBot/1.3; +https://openai.com/gptbot)"
