57.141.16.81 - - [20/Jan/2026:23:25:02 +1100] "GET /?detail/18515104 HTTP/1.1" 200 1 "-" "meta-externalagent/1.1 (+https://developers.facebook.com/docs/sharing/webmasters/crawler)"
74.7.243.195 - - [20/Jan/2026:23:25:02 +1100] "GET /?l=1152368229c72 HTTP/1.1" 200 1 "https://bintopia.com/sitemap-11.xml" "Mozilla/5.0 AppleWebKit/537.36 (KHTML, like Gecko; compatible; GPTBot/1.3; +https://openai.com/gptbot)"
74.7.243.195 - - [20/Jan/2026:23:25:02 +1100] "GET /?l=385760456671d HTTP/1.1" 200 1 "https://bintopia.com/sitemap-11.xml" "Mozilla/5.0 AppleWebKit/537.36 (KHTML, like Gecko; compatible; GPTBot/1.3; +https://openai.com/gptbot)"
74.7.243.195 - - [20/Jan/2026:23:25:03 +1100] "GET /?l=16297825347b8 HTTP/1.1" 200 1 "https://bintopia.com/sitemap-13.xml" "Mozilla/5.0 AppleWebKit/537.36 (KHTML, like Gecko; compatible; GPTBot/1.3; +https://openai.com/gptbot)"
74.7.243.195 - - [20/Jan/2026:23:25:03 +1100] "GET /?l=42521223137g0 HTTP/1.1" 200 1 "https://bintopia.com/sitemap-18.xml" "Mozilla/5.0 AppleWebKit/537.36 (KHTML, like Gecko; compatible; GPTBot/1.3; +https://openai.com/gptbot)"
74.7.243.195 - - [20/Jan/2026:23:25:04 +1100] "GET /?l=47733690112e0 HTTP/1.1" 200 1 "https://bintopia.com/sitemap-18.xml" "Mozilla/5.0 AppleWebKit/537.36 (KHTML, like Gecko; compatible; GPTBot/1.3; +https://openai.com/gptbot)"
74.7.243.195 - - [20/Jan/2026:23:25:04 +1100] "GET /?l=2164694182j80 HTTP/1.1" 200 1 "https://bintopia.com/sitemap-16.xml" "Mozilla/5.0 AppleWebKit/537.36 (KHTML, like Gecko; compatible; GPTBot/1.3; +https://openai.com/gptbot)"
74.7.243.195 - - [20/Jan/2026:23:25:05 +1100] "GET /?l=25123600f8145 HTTP/1.1" 200 1 "https://bintopia.com/sitemap-14.xml" "Mozilla/5.0 AppleWebKit/537.36 (KHTML, like Gecko; compatible; GPTBot/1.3; +https://openai.com/gptbot)"
74.7.243.195 - - [20/Jan/2026:23:25:05 +1100] "GET /?l=45189060753j6 HTTP/1.1" 200 1 "https://bintopia.com/sitemap-11.xml" "Mozilla/5.0 AppleWebKit/537.36 (KHTML, like Gecko; compatible; GPTBot/1.3; +https://openai.com/gptbot)"
74.7.243.195 - - [20/Jan/2026:23:25:06 +1100] "GET /?l=4990758839j18 HTTP/1.1" 200 1 "https://bintopia.com/sitemap-16.xml" "Mozilla/5.0 AppleWebKit/537.36 (KHTML, like Gecko; compatible; GPTBot/1.3; +https://openai.com/gptbot)"
192.178.6.69 - - [20/Jan/2026:23:25:03 +1100] "GET /?detail/9387115 HTTP/1.1" 200 173538 "-" "Mozilla/5.0 (Linux; Android 6.0.1; Nexus 5X Build/MMB29P) AppleWebKit/537.36 (KHTML, like Gecko) Chrome/143.0.7499.192 Mobile Safari/537.36 (compatible; Googlebot/2.1; +http://www.google.com/bot.html)"
74.7.243.195 - - [20/Jan/2026:23:25:07 +1100] "GET /?l=4109671388b50 HTTP/1.1" 200 1 "https://bintopia.com/sitemap-16.xml" "Mozilla/5.0 AppleWebKit/537.36 (KHTML, like Gecko; compatible; GPTBot/1.3; +https://openai.com/gptbot)"
74.7.243.195 - - [20/Jan/2026:23:25:07 +1100] "GET /?l=3833137j58598 HTTP/1.1" 200 1 "https://bintopia.com/sitemap-15.xml" "Mozilla/5.0 AppleWebKit/537.36 (KHTML, like Gecko; compatible; GPTBot/1.3; +https://openai.com/gptbot)"
74.7.243.195 - - [20/Jan/2026:23:25:08 +1100] "GET /?l=52187438115g5 HTTP/1.1" 200 1 "https://bintopia.com/sitemap-14.xml" "Mozilla/5.0 AppleWebKit/537.36 (KHTML, like Gecko; compatible; GPTBot/1.3; +https://openai.com/gptbot)"
74.7.243.195 - - [20/Jan/2026:23:25:08 +1100] "GET /?l=2798393h59383 HTTP/1.1" 200 1 "https://bintopia.com/sitemap-11.xml" "Mozilla/5.0 AppleWebKit/537.36 (KHTML, like Gecko; compatible; GPTBot/1.3; +https://openai.com/gptbot)"
74.7.243.195 - - [20/Jan/2026:23:25:09 +1100] "GET /?l=13219830657g0 HTTP/1.1" 200 1 "https://bintopia.com/sitemap-15.xml" "Mozilla/5.0 AppleWebKit/537.36 (KHTML, like Gecko; compatible; GPTBot/1.3; +https://openai.com/gptbot)"
74.7.243.195 - - [20/Jan/2026:23:25:09 +1100] "GET /?l=43678449g4262 HTTP/1.1" 200 1 "https://bintopia.com/sitemap-16.xml" "Mozilla/5.0 AppleWebKit/537.36 (KHTML, like Gecko; compatible; GPTBot/1.3; +https://openai.com/gptbot)"
74.7.243.195 - - [20/Jan/2026:23:25:10 +1100] "GET /?l=464362085547g HTTP/1.1" 200 1 "https://bintopia.com/sitemap-10.xml" "Mozilla/5.0 AppleWebKit/537.36 (KHTML, like Gecko; compatible; GPTBot/1.3; +https://openai.com/gptbot)"
74.7.243.195 - - [20/Jan/2026:23:25:10 +1100] "GET /?l=1725564f42167 HTTP/1.1" 200 1 "https://bintopia.com/sitemap-15.xml" "Mozilla/5.0 AppleWebKit/537.36 (KHTML, like Gecko; compatible; GPTBot/1.3; +https://openai.com/gptbot)"
74.7.243.195 - - [20/Jan/2026:23:25:11 +1100] "GET /?l=490045009912i HTTP/1.1" 200 1 "https://bintopia.com/sitemap-13.xml" "Mozilla/5.0 AppleWebKit/537.36 (KHTML, like Gecko; compatible; GPTBot/1.3; +https://openai.com/gptbot)"
192.178.6.69 - - [20/Jan/2026:23:25:07 +1100] "GET /?detail/10341293 HTTP/1.1" 200 137363 "-" "Mozilla/5.0 (Linux; Android 6.0.1; Nexus 5X Build/MMB29P) AppleWebKit/537.36 (KHTML, like Gecko) Chrome/143.0.7499.192 Mobile Safari/537.36 (compatible; Googlebot/2.1; +http://www.google.com/bot.html)"
74.7.243.195 - - [20/Jan/2026:23:25:11 +1100] "GET /?l=25397205f4697 HTTP/1.1" 200 1 "https://bintopia.com/sitemap-14.xml" "Mozilla/5.0 AppleWebKit/537.36 (KHTML, like Gecko; compatible; GPTBot/1.3; +https://openai.com/gptbot)"
74.7.243.195 - - [20/Jan/2026:23:25:12 +1100] "GET /?l=4178900661c12 HTTP/1.1" 200 1 "https://bintopia.com/sitemap-13.xml" "Mozilla/5.0 AppleWebKit/537.36 (KHTML, like Gecko; compatible; GPTBot/1.3; +https://openai.com/gptbot)"
74.7.243.195 - - [20/Jan/2026:23:25:12 +1100] "GET /?l=3768390906i56 HTTP/1.1" 200 1 "https://bintopia.com/sitemap-15.xml" "Mozilla/5.0 AppleWebKit/537.36 (KHTML, like Gecko; compatible; GPTBot/1.3; +https://openai.com/gptbot)"
74.7.243.195 - - [20/Jan/2026:23:25:13 +1100] "GET /?l=255803917305a HTTP/1.1" 200 1 "https://bintopia.com/sitemap-14.xml" "Mozilla/5.0 AppleWebKit/537.36 (KHTML, like Gecko; compatible; GPTBot/1.3; +https://openai.com/gptbot)"
74.7.243.195 - - [20/Jan/2026:23:25:13 +1100] "GET /?l=51495026234a7 HTTP/1.1" 200 1 "https://bintopia.com/sitemap-10.xml" "Mozilla/5.0 AppleWebKit/537.36 (KHTML, like Gecko; compatible; GPTBot/1.3; +https://openai.com/gptbot)"
74.7.243.195 - - [20/Jan/2026:23:25:14 +1100] "GET /?l=432022565154d HTTP/1.1" 200 1 "https://bintopia.com/sitemap-14.xml" "Mozilla/5.0 AppleWebKit/537.36 (KHTML, like Gecko; compatible; GPTBot/1.3; +https://openai.com/gptbot)"
192.178.6.69 - - [20/Jan/2026:23:25:11 +1100] "GET /?detail/17231482 HTTP/1.1" 200 141431 "-" "Mozilla/5.0 (Linux; Android 6.0.1; Nexus 5X Build/MMB29P) AppleWebKit/537.36 (KHTML, like Gecko) Chrome/143.0.7499.192 Mobile Safari/537.36 (compatible; Googlebot/2.1; +http://www.google.com/bot.html)"
74.7.243.195 - - [20/Jan/2026:23:25:14 +1100] "GET /?l=4230704099e58 HTTP/1.1" 200 1 "https://bintopia.com/sitemap-13.xml" "Mozilla/5.0 AppleWebKit/537.36 (KHTML, like Gecko; compatible; GPTBot/1.3; +https://openai.com/gptbot)"
74.7.243.195 - - [20/Jan/2026:23:25:15 +1100] "GET /?l=159305403986b HTTP/1.1" 200 1 "https://bintopia.com/sitemap-10.xml" "Mozilla/5.0 AppleWebKit/537.36 (KHTML, like Gecko; compatible; GPTBot/1.3; +https://openai.com/gptbot)"
74.7.243.195 - - [20/Jan/2026:23:25:16 +1100] "GET /?l=3578095595a23 HTTP/1.1" 200 1 "https://bintopia.com/sitemap-18.xml" "Mozilla/5.0 AppleWebKit/537.36 (KHTML, like Gecko; compatible; GPTBot/1.3; +https://openai.com/gptbot)"
74.7.243.195 - - [20/Jan/2026:23:25:16 +1100] "GET /?l=1449393j36342 HTTP/1.1" 200 1 "https://bintopia.com/sitemap-14.xml" "Mozilla/5.0 AppleWebKit/537.36 (KHTML, like Gecko; compatible; GPTBot/1.3; +https://openai.com/gptbot)"
74.7.243.195 - - [20/Jan/2026:23:25:17 +1100] "GET /?l=1372419d82003 HTTP/1.1" 200 1 "https://bintopia.com/sitemap-10.xml" "Mozilla/5.0 AppleWebKit/537.36 (KHTML, like Gecko; compatible; GPTBot/1.3; +https://openai.com/gptbot)"
74.7.243.195 - - [20/Jan/2026:23:25:17 +1100] "GET /?l=467258657a990 HTTP/1.1" 200 1 "https://bintopia.com/sitemap-14.xml" "Mozilla/5.0 AppleWebKit/537.36 (KHTML, like Gecko; compatible; GPTBot/1.3; +https://openai.com/gptbot)"
74.7.243.195 - - [20/Jan/2026:23:25:18 +1100] "GET /?l=50657351022b7 HTTP/1.1" 200 1 "https://bintopia.com/sitemap-14.xml" "Mozilla/5.0 AppleWebKit/537.36 (KHTML, like Gecko; compatible; GPTBot/1.3; +https://openai.com/gptbot)"
74.7.243.195 - - [20/Jan/2026:23:25:18 +1100] "GET /?l=13205701f7451 HTTP/1.1" 200 1 "https://bintopia.com/sitemap-16.xml" "Mozilla/5.0 AppleWebKit/537.36 (KHTML, like Gecko; compatible; GPTBot/1.3; +https://openai.com/gptbot)"
74.7.243.195 - - [20/Jan/2026:23:25:19 +1100] "GET /?l=412420414j083 HTTP/1.1" 200 1 "https://bintopia.com/sitemap-15.xml" "Mozilla/5.0 AppleWebKit/537.36 (KHTML, like Gecko; compatible; GPTBot/1.3; +https://openai.com/gptbot)"
74.7.243.195 - - [20/Jan/2026:23:25:19 +1100] "GET /?l=36094589e5231 HTTP/1.1" 200 1 "https://bintopia.com/sitemap-16.xml" "Mozilla/5.0 AppleWebKit/537.36 (KHTML, like Gecko; compatible; GPTBot/1.3; +https://openai.com/gptbot)"
74.7.243.195 - - [20/Jan/2026:23:25:20 +1100] "GET /?l=366437223139i HTTP/1.1" 200 1 "https://bintopia.com/sitemap-10.xml" "Mozilla/5.0 AppleWebKit/537.36 (KHTML, like Gecko; compatible; GPTBot/1.3; +https://openai.com/gptbot)"
74.7.243.195 - - [20/Jan/2026:23:25:20 +1100] "GET /?l=4988346f86411 HTTP/1.1" 200 1 "https://bintopia.com/sitemap-13.xml" "Mozilla/5.0 AppleWebKit/537.36 (KHTML, like Gecko; compatible; GPTBot/1.3; +https://openai.com/gptbot)"
74.7.243.195 - - [20/Jan/2026:23:25:21 +1100] "GET /?l=3602977001i49 HTTP/1.1" 200 1 "https://bintopia.com/sitemap-10.xml" "Mozilla/5.0 AppleWebKit/537.36 (KHTML, like Gecko; compatible; GPTBot/1.3; +https://openai.com/gptbot)"
74.7.243.195 - - [20/Jan/2026:23:25:22 +1100] "GET /?l=3466939567e88 HTTP/1.1" 200 1 "https://bintopia.com/sitemap-11.xml" "Mozilla/5.0 AppleWebKit/537.36 (KHTML, like Gecko; compatible; GPTBot/1.3; +https://openai.com/gptbot)"
74.7.243.195 - - [20/Jan/2026:23:25:22 +1100] "GET /?l=26712462907j1 HTTP/1.1" 200 1 "https://bintopia.com/sitemap-18.xml" "Mozilla/5.0 AppleWebKit/537.36 (KHTML, like Gecko; compatible; GPTBot/1.3; +https://openai.com/gptbot)"
74.7.243.195 - - [20/Jan/2026:23:25:23 +1100] "GET /?l=454640155991c HTTP/1.1" 200 1 "https://bintopia.com/sitemap-11.xml" "Mozilla/5.0 AppleWebKit/537.36 (KHTML, like Gecko; compatible; GPTBot/1.3; +https://openai.com/gptbot)"
74.7.243.195 - - [20/Jan/2026:23:25:23 +1100] "GET /?l=467469193831h HTTP/1.1" 200 1 "https://bintopia.com/sitemap-14.xml" "Mozilla/5.0 AppleWebKit/537.36 (KHTML, like Gecko; compatible; GPTBot/1.3; +https://openai.com/gptbot)"
74.7.243.195 - - [20/Jan/2026:23:25:24 +1100] "GET /?l=28601279278e1 HTTP/1.1" 200 1 "https://bintopia.com/sitemap-13.xml" "Mozilla/5.0 AppleWebKit/537.36 (KHTML, like Gecko; compatible; GPTBot/1.3; +https://openai.com/gptbot)"
74.7.243.195 - - [20/Jan/2026:23:25:24 +1100] "GET /?l=49201776388d4 HTTP/1.1" 200 1 "https://bintopia.com/sitemap-14.xml" "Mozilla/5.0 AppleWebKit/537.36 (KHTML, like Gecko; compatible; GPTBot/1.3; +https://openai.com/gptbot)"
192.178.6.69 - - [20/Jan/2026:23:25:15 +1100] "GET /?detail/22259637 HTTP/1.1" 200 145651 "-" "Mozilla/5.0 (Linux; Android 6.0.1; Nexus 5X Build/MMB29P) AppleWebKit/537.36 (KHTML, like Gecko) Chrome/143.0.7499.192 Mobile Safari/537.36 (compatible; Googlebot/2.1; +http://www.google.com/bot.html)"
74.7.243.195 - - [20/Jan/2026:23:25:25 +1100] "GET /?l=2363714548g17 HTTP/1.1" 200 1 "https://bintopia.com/sitemap-15.xml" "Mozilla/5.0 AppleWebKit/537.36 (KHTML, like Gecko; compatible; GPTBot/1.3; +https://openai.com/gptbot)"
74.7.243.195 - - [20/Jan/2026:23:25:25 +1100] "GET /?l=4141725352j59 HTTP/1.1" 200 1 "https://bintopia.com/sitemap-18.xml" "Mozilla/5.0 AppleWebKit/537.36 (KHTML, like Gecko; compatible; GPTBot/1.3; +https://openai.com/gptbot)"
192.178.6.69 - - [20/Jan/2026:23:25:20 +1100] "GET /?detail/20042459 HTTP/1.1" 200 149711 "-" "Mozilla/5.0 (Linux; Android 6.0.1; Nexus 5X Build/MMB29P) AppleWebKit/537.36 (KHTML, like Gecko) Chrome/143.0.7499.192 Mobile Safari/537.36 (compatible; Googlebot/2.1; +http://www.google.com/bot.html)"
74.7.243.195 - - [20/Jan/2026:23:25:26 +1100] "GET /?l=208696145076j HTTP/1.1" 200 1 "https://bintopia.com/sitemap-11.xml" "Mozilla/5.0 AppleWebKit/537.36 (KHTML, like Gecko; compatible; GPTBot/1.3; +https://openai.com/gptbot)"
74.7.243.195 - - [20/Jan/2026:23:25:26 +1100] "GET /?l=419519767485g HTTP/1.1" 200 1 "https://bintopia.com/sitemap-16.xml" "Mozilla/5.0 AppleWebKit/537.36 (KHTML, like Gecko; compatible; GPTBot/1.3; +https://openai.com/gptbot)"
74.7.243.195 - - [20/Jan/2026:23:25:27 +1100] "GET /?l=48175539c3071 HTTP/1.1" 200 1 "https://bintopia.com/sitemap-11.xml" "Mozilla/5.0 AppleWebKit/537.36 (KHTML, like Gecko; compatible; GPTBot/1.3; +https://openai.com/gptbot)"
74.7.243.195 - - [20/Jan/2026:23:25:27 +1100] "GET /?l=14479060911c9 HTTP/1.1" 200 1 "https://bintopia.com/sitemap-18.xml" "Mozilla/5.0 AppleWebKit/537.36 (KHTML, like Gecko; compatible; GPTBot/1.3; +https://openai.com/gptbot)"
74.7.243.195 - - [20/Jan/2026:23:25:28 +1100] "GET /?l=308707317i582 HTTP/1.1" 200 1 "https://bintopia.com/sitemap-14.xml" "Mozilla/5.0 AppleWebKit/537.36 (KHTML, like Gecko; compatible; GPTBot/1.3; +https://openai.com/gptbot)"
74.7.243.195 - - [20/Jan/2026:23:25:28 +1100] "GET /?l=21350281615a1 HTTP/1.1" 200 1 "https://bintopia.com/sitemap-10.xml" "Mozilla/5.0 AppleWebKit/537.36 (KHTML, like Gecko; compatible; GPTBot/1.3; +https://openai.com/gptbot)"
74.7.243.195 - - [20/Jan/2026:23:25:29 +1100] "GET /?l=18376231d6389 HTTP/1.1" 200 1 "https://bintopia.com/sitemap-14.xml" "Mozilla/5.0 AppleWebKit/537.36 (KHTML, like Gecko; compatible; GPTBot/1.3; +https://openai.com/gptbot)"
74.7.243.195 - - [20/Jan/2026:23:25:29 +1100] "GET /?l=15189382262j7 HTTP/1.1" 200 1 "https://bintopia.com/sitemap-10.xml" "Mozilla/5.0 AppleWebKit/537.36 (KHTML, like Gecko; compatible; GPTBot/1.3; +https://openai.com/gptbot)"
192.178.6.69 - - [20/Jan/2026:23:25:25 +1100] "GET /?detail/26977726 HTTP/1.1" 200 145592 "-" "Mozilla/5.0 (Linux; Android 6.0.1; Nexus 5X Build/MMB29P) AppleWebKit/537.36 (KHTML, like Gecko) Chrome/143.0.7499.192 Mobile Safari/537.36 (compatible; Googlebot/2.1; +http://www.google.com/bot.html)"
74.7.243.195 - - [20/Jan/2026:23:25:30 +1100] "GET /?l=2731673c83724 HTTP/1.1" 200 1 "https://bintopia.com/sitemap-13.xml" "Mozilla/5.0 AppleWebKit/537.36 (KHTML, like Gecko; compatible; GPTBot/1.3; +https://openai.com/gptbot)"
74.7.243.195 - - [20/Jan/2026:23:25:30 +1100] "GET /?l=478714090813g HTTP/1.1" 200 1 "https://bintopia.com/sitemap-13.xml" "Mozilla/5.0 AppleWebKit/537.36 (KHTML, like Gecko; compatible; GPTBot/1.3; +https://openai.com/gptbot)"
74.7.243.195 - - [20/Jan/2026:23:25:31 +1100] "GET /?l=3459988686i13 HTTP/1.1" 200 1 "https://bintopia.com/sitemap-13.xml" "Mozilla/5.0 AppleWebKit/537.36 (KHTML, like Gecko; compatible; GPTBot/1.3; +https://openai.com/gptbot)"
74.7.243.195 - - [20/Jan/2026:23:25:31 +1100] "GET /?l=4461627i76752 HTTP/1.1" 200 1 "https://bintopia.com/sitemap-16.xml" "Mozilla/5.0 AppleWebKit/537.36 (KHTML, like Gecko; compatible; GPTBot/1.3; +https://openai.com/gptbot)"
74.7.243.195 - - [20/Jan/2026:23:25:32 +1100] "GET /?l=174972501624h HTTP/1.1" 200 1 "https://bintopia.com/sitemap-15.xml" "Mozilla/5.0 AppleWebKit/537.36 (KHTML, like Gecko; compatible; GPTBot/1.3; +https://openai.com/gptbot)"
74.7.243.195 - - [20/Jan/2026:23:25:33 +1100] "GET /?l=3911908936h45 HTTP/1.1" 200 1 "https://bintopia.com/sitemap-11.xml" "Mozilla/5.0 AppleWebKit/537.36 (KHTML, like Gecko; compatible; GPTBot/1.3; +https://openai.com/gptbot)"
74.7.243.195 - - [20/Jan/2026:23:25:33 +1100] "GET /?l=366093690a144 HTTP/1.1" 200 1 "https://bintopia.com/sitemap-13.xml" "Mozilla/5.0 AppleWebKit/537.36 (KHTML, like Gecko; compatible; GPTBot/1.3; +https://openai.com/gptbot)"
74.7.243.195 - - [20/Jan/2026:23:25:34 +1100] "GET /?l=30099429389i4 HTTP/1.1" 200 1 "https://bintopia.com/sitemap-16.xml" "Mozilla/5.0 AppleWebKit/537.36 (KHTML, like Gecko; compatible; GPTBot/1.3; +https://openai.com/gptbot)"
74.7.243.195 - - [20/Jan/2026:23:25:34 +1100] "GET /?l=2237540b30177 HTTP/1.1" 200 1 "https://bintopia.com/sitemap-14.xml" "Mozilla/5.0 AppleWebKit/537.36 (KHTML, like Gecko; compatible; GPTBot/1.3; +https://openai.com/gptbot)"
74.7.243.195 - - [20/Jan/2026:23:25:35 +1100] "GET /?l=139923957f447 HTTP/1.1" 200 1 "https://bintopia.com/sitemap-14.xml" "Mozilla/5.0 AppleWebKit/537.36 (KHTML, like Gecko; compatible; GPTBot/1.3; +https://openai.com/gptbot)"
74.7.243.195 - - [20/Jan/2026:23:25:35 +1100] "GET /?l=3591814393e18 HTTP/1.1" 200 1 "https://bintopia.com/sitemap-11.xml" "Mozilla/5.0 AppleWebKit/537.36 (KHTML, like Gecko; compatible; GPTBot/1.3; +https://openai.com/gptbot)"
74.7.243.195 - - [20/Jan/2026:23:25:36 +1100] "GET /?l=52330891241e6 HTTP/1.1" 200 1 "https://bintopia.com/sitemap-14.xml" "Mozilla/5.0 AppleWebKit/537.36 (KHTML, like Gecko; compatible; GPTBot/1.3; +https://openai.com/gptbot)"
74.7.243.195 - - [20/Jan/2026:23:25:36 +1100] "GET /?l=399197740b373 HTTP/1.1" 200 1 "https://bintopia.com/sitemap-14.xml" "Mozilla/5.0 AppleWebKit/537.36 (KHTML, like Gecko; compatible; GPTBot/1.3; +https://openai.com/gptbot)"
74.7.243.195 - - [20/Jan/2026:23:25:37 +1100] "GET /?l=3497159224f27 HTTP/1.1" 200 1 "https://bintopia.com/sitemap-13.xml" "Mozilla/5.0 AppleWebKit/537.36 (KHTML, like Gecko; compatible; GPTBot/1.3; +https://openai.com/gptbot)"
74.7.243.195 - - [20/Jan/2026:23:25:37 +1100] "GET /?l=271552942933d HTTP/1.1" 200 1 "https://bintopia.com/sitemap-14.xml" "Mozilla/5.0 AppleWebKit/537.36 (KHTML, like Gecko; compatible; GPTBot/1.3; +https://openai.com/gptbot)"
74.7.243.195 - - [20/Jan/2026:23:25:38 +1100] "GET /?l=25475862205d3 HTTP/1.1" 200 1 "https://bintopia.com/sitemap-11.xml" "Mozilla/5.0 AppleWebKit/537.36 (KHTML, like Gecko; compatible; GPTBot/1.3; +https://openai.com/gptbot)"
74.7.243.195 - - [20/Jan/2026:23:25:38 +1100] "GET /?l=379401497a879 HTTP/1.1" 200 1 "https://bintopia.com/sitemap-16.xml" "Mozilla/5.0 AppleWebKit/537.36 (KHTML, like Gecko; compatible; GPTBot/1.3; +https://openai.com/gptbot)"
74.7.243.195 - - [20/Jan/2026:23:25:39 +1100] "GET /?l=284496031325c HTTP/1.1" 200 1 "https://bintopia.com/sitemap-14.xml" "Mozilla/5.0 AppleWebKit/537.36 (KHTML, like Gecko; compatible; GPTBot/1.3; +https://openai.com/gptbot)"
74.7.243.195 - - [20/Jan/2026:23:25:39 +1100] "GET /?l=52105368c3515 HTTP/1.1" 200 1 "https://bintopia.com/sitemap-15.xml" "Mozilla/5.0 AppleWebKit/537.36 (KHTML, like Gecko; compatible; GPTBot/1.3; +https://openai.com/gptbot)"
74.7.243.195 - - [20/Jan/2026:23:25:40 +1100] "GET /?l=23199521d3144 HTTP/1.1" 200 1 "https://bintopia.com/sitemap-15.xml" "Mozilla/5.0 AppleWebKit/537.36 (KHTML, like Gecko; compatible; GPTBot/1.3; +https://openai.com/gptbot)"
192.178.6.69 - - [20/Jan/2026:23:25:32 +1100] "GET /?detail/13160037 HTTP/1.1" 200 137800 "-" "Mozilla/5.0 (Linux; Android 6.0.1; Nexus 5X Build/MMB29P) AppleWebKit/537.36 (KHTML, like Gecko) Chrome/143.0.7499.192 Mobile Safari/537.36 (compatible; Googlebot/2.1; +http://www.google.com/bot.html)"
74.7.243.195 - - [20/Jan/2026:23:25:40 +1100] "GET /?l=37512020c5896 HTTP/1.1" 200 1 "https://bintopia.com/sitemap-13.xml" "Mozilla/5.0 AppleWebKit/537.36 (KHTML, like Gecko; compatible; GPTBot/1.3; +https://openai.com/gptbot)"
74.7.243.195 - - [20/Jan/2026:23:25:41 +1100] "GET /?l=505743597b240 HTTP/1.1" 200 1 "https://bintopia.com/sitemap-10.xml" "Mozilla/5.0 AppleWebKit/537.36 (KHTML, like Gecko; compatible; GPTBot/1.3; +https://openai.com/gptbot)"
74.7.243.195 - - [20/Jan/2026:23:25:41 +1100] "GET /?l=21521792f1723 HTTP/1.1" 200 1 "https://bintopia.com/sitemap-14.xml" "Mozilla/5.0 AppleWebKit/537.36 (KHTML, like Gecko; compatible; GPTBot/1.3; +https://openai.com/gptbot)"
74.7.243.195 - - [20/Jan/2026:23:25:42 +1100] "GET /?l=136981448406b HTTP/1.1" 200 1 "https://bintopia.com/sitemap-13.xml" "Mozilla/5.0 AppleWebKit/537.36 (KHTML, like Gecko; compatible; GPTBot/1.3; +https://openai.com/gptbot)"
74.7.243.195 - - [20/Jan/2026:23:25:42 +1100] "GET /?l=355364197927f HTTP/1.1" 200 1 "https://bintopia.com/sitemap-16.xml" "Mozilla/5.0 AppleWebKit/537.36 (KHTML, like Gecko; compatible; GPTBot/1.3; +https://openai.com/gptbot)"
192.178.6.69 - - [20/Jan/2026:23:25:41 +1100] "GET /?detail/20893848 HTTP/1.1" 200 149588 "-" "Mozilla/5.0 (Linux; Android 6.0.1; Nexus 5X Build/MMB29P) AppleWebKit/537.36 (KHTML, like Gecko) Chrome/143.0.7499.192 Mobile Safari/537.36 (compatible; Googlebot/2.1; +http://www.google.com/bot.html)"
192.178.6.69 - - [20/Jan/2026:23:25:36 +1100] "GET /?detail/3053826 HTTP/1.1" 200 141304 "-" "Mozilla/5.0 (Linux; Android 6.0.1; Nexus 5X Build/MMB29P) AppleWebKit/537.36 (KHTML, like Gecko) Chrome/143.0.7499.192 Mobile Safari/537.36 (compatible; Googlebot/2.1; +http://www.google.com/bot.html)"
74.7.243.195 - - [20/Jan/2026:23:25:43 +1100] "GET /?l=241926787207b HTTP/1.1" 200 1 "https://bintopia.com/sitemap-14.xml" "Mozilla/5.0 AppleWebKit/537.36 (KHTML, like Gecko; compatible; GPTBot/1.3; +https://openai.com/gptbot)"
74.7.243.195 - - [20/Jan/2026:23:25:43 +1100] "GET /?l=3451939344d12 HTTP/1.1" 200 1 "https://bintopia.com/sitemap-10.xml" "Mozilla/5.0 AppleWebKit/537.36 (KHTML, like Gecko; compatible; GPTBot/1.3; +https://openai.com/gptbot)"
74.7.243.195 - - [20/Jan/2026:23:25:44 +1100] "GET /?l=50015188478h3 HTTP/1.1" 200 1 "https://bintopia.com/sitemap-13.xml" "Mozilla/5.0 AppleWebKit/537.36 (KHTML, like Gecko; compatible; GPTBot/1.3; +https://openai.com/gptbot)"
74.7.243.195 - - [20/Jan/2026:23:25:44 +1100] "GET /?l=36780786541d8 HTTP/1.1" 200 1 "https://bintopia.com/sitemap-13.xml" "Mozilla/5.0 AppleWebKit/537.36 (KHTML, like Gecko; compatible; GPTBot/1.3; +https://openai.com/gptbot)"
74.7.243.195 - - [20/Jan/2026:23:25:45 +1100] "GET /?l=3007932b47141 HTTP/1.1" 200 1 "https://bintopia.com/sitemap-18.xml" "Mozilla/5.0 AppleWebKit/537.36 (KHTML, like Gecko; compatible; GPTBot/1.3; +https://openai.com/gptbot)"
192.178.6.69 - - [20/Jan/2026:23:25:44 +1100] "GET /?detail/18154859 HTTP/1.1" 200 137497 "-" "Mozilla/5.0 (Linux; Android 6.0.1; Nexus 5X Build/MMB29P) AppleWebKit/537.36 (KHTML, like Gecko) Chrome/143.0.7499.192 Mobile Safari/537.36 (compatible; Googlebot/2.1; +http://www.google.com/bot.html)"
74.7.243.195 - - [20/Jan/2026:23:25:46 +1100] "GET /?l=2186471j41091 HTTP/1.1" 200 1 "https://bintopia.com/sitemap-11.xml" "Mozilla/5.0 AppleWebKit/537.36 (KHTML, like Gecko; compatible; GPTBot/1.3; +https://openai.com/gptbot)"
74.7.243.195 - - [20/Jan/2026:23:25:46 +1100] "GET /?l=286801771j945 HTTP/1.1" 200 1 "https://bintopia.com/sitemap-15.xml" "Mozilla/5.0 AppleWebKit/537.36 (KHTML, like Gecko; compatible; GPTBot/1.3; +https://openai.com/gptbot)"
74.7.243.195 - - [20/Jan/2026:23:25:47 +1100] "GET /?l=410780835615h HTTP/1.1" 200 1 "https://bintopia.com/sitemap-15.xml" "Mozilla/5.0 AppleWebKit/537.36 (KHTML, like Gecko; compatible; GPTBot/1.3; +https://openai.com/gptbot)"
74.7.243.195 - - [20/Jan/2026:23:25:47 +1100] "GET /?l=2524458c05113 HTTP/1.1" 200 1 "https://bintopia.com/sitemap-13.xml" "Mozilla/5.0 AppleWebKit/537.36 (KHTML, like Gecko; compatible; GPTBot/1.3; +https://openai.com/gptbot)"
74.7.243.195 - - [20/Jan/2026:23:25:48 +1100] "GET /?l=465693484189f HTTP/1.1" 200 1 "https://bintopia.com/sitemap-18.xml" "Mozilla/5.0 AppleWebKit/537.36 (KHTML, like Gecko; compatible; GPTBot/1.3; +https://openai.com/gptbot)"
74.7.243.195 - - [20/Jan/2026:23:25:48 +1100] "GET /?l=225345610a431 HTTP/1.1" 200 1 "https://bintopia.com/sitemap-14.xml" "Mozilla/5.0 AppleWebKit/537.36 (KHTML, like Gecko; compatible; GPTBot/1.3; +https://openai.com/gptbot)"
74.7.243.195 - - [20/Jan/2026:23:25:49 +1100] "GET /?l=5005624i48633 HTTP/1.1" 200 1 "https://bintopia.com/sitemap-16.xml" "Mozilla/5.0 AppleWebKit/537.36 (KHTML, like Gecko; compatible; GPTBot/1.3; +https://openai.com/gptbot)"
74.7.243.195 - - [20/Jan/2026:23:25:49 +1100] "GET /?l=433764414840i HTTP/1.1" 200 1 "https://bintopia.com/sitemap-18.xml" "Mozilla/5.0 AppleWebKit/537.36 (KHTML, like Gecko; compatible; GPTBot/1.3; +https://openai.com/gptbot)"
74.7.243.195 - - [20/Jan/2026:23:25:50 +1100] "GET /?l=51066044j5231 HTTP/1.1" 200 1 "https://bintopia.com/sitemap-16.xml" "Mozilla/5.0 AppleWebKit/537.36 (KHTML, like Gecko; compatible; GPTBot/1.3; +https://openai.com/gptbot)"
74.7.243.195 - - [20/Jan/2026:23:25:50 +1100] "GET /?l=4724104b65688 HTTP/1.1" 200 1 "https://bintopia.com/sitemap-11.xml" "Mozilla/5.0 AppleWebKit/537.36 (KHTML, like Gecko; compatible; GPTBot/1.3; +https://openai.com/gptbot)"
74.7.243.195 - - [20/Jan/2026:23:25:51 +1100] "GET /?l=1043956358c55 HTTP/1.1" 200 1 "https://bintopia.com/sitemap-11.xml" "Mozilla/5.0 AppleWebKit/537.36 (KHTML, like Gecko; compatible; GPTBot/1.3; +https://openai.com/gptbot)"
74.7.243.195 - - [20/Jan/2026:23:25:51 +1100] "GET /?l=459867089i972 HTTP/1.1" 200 1 "https://bintopia.com/sitemap-18.xml" "Mozilla/5.0 AppleWebKit/537.36 (KHTML, like Gecko; compatible; GPTBot/1.3; +https://openai.com/gptbot)"
209.99.168.245 - - [20/Jan/2026:23:25:51 +1100] "GET /p/ HTTP/1.1" 200 13768 "-" "Mozilla/5.0 (iPhone; CPU iPhone OS 18_7_3 like Mac OS X) AppleWebKit/605.1.15 (KHTML, like Gecko) CriOS/143.0.7499.151 Mobile/15E148 Safari/604.1"
74.7.243.195 - - [20/Jan/2026:23:25:52 +1100] "GET /?l=30804503b5246 HTTP/1.1" 200 1 "https://bintopia.com/sitemap-16.xml" "Mozilla/5.0 AppleWebKit/537.36 (KHTML, like Gecko; compatible; GPTBot/1.3; +https://openai.com/gptbot)"
209.99.168.245 - - [20/Jan/2026:23:25:52 +1100] "GET /p/assets/main.min.css HTTP/1.1" 200 237 "https://bintopia.com/p/" "Mozilla/5.0 (iPhone; CPU iPhone OS 18_7_3 like Mac OS X) AppleWebKit/605.1.15 (KHTML, like Gecko) CriOS/143.0.7499.151 Mobile/15E148 Safari/604.1"
209.99.168.245 - - [20/Jan/2026:23:25:52 +1100] "GET /p/assets/inpagelayer.css HTTP/1.1" 200 19650 "https://bintopia.com/p/" "Mozilla/5.0 (iPhone; CPU iPhone OS 18_7_3 like Mac OS X) AppleWebKit/605.1.15 (KHTML, like Gecko) CriOS/143.0.7499.151 Mobile/15E148 Safari/604.1"
74.7.243.195 - - [20/Jan/2026:23:25:52 +1100] "GET /?l=3966209178i35 HTTP/1.1" 200 1 "https://bintopia.com/sitemap-11.xml" "Mozilla/5.0 AppleWebKit/537.36 (KHTML, like Gecko; compatible; GPTBot/1.3; +https://openai.com/gptbot)"
209.99.168.245 - - [20/Jan/2026:23:25:52 +1100] "GET /p/assets/statuspage.css HTTP/1.1" 200 4695 "https://bintopia.com/p/" "Mozilla/5.0 (iPhone; CPU iPhone OS 18_7_3 like Mac OS X) AppleWebKit/605.1.15 (KHTML, like Gecko) CriOS/143.0.7499.151 Mobile/15E148 Safari/604.1"
83.229.1.49 - - [20/Jan/2026:23:25:53 +1100] "GET /p/assets/starter-main.min.css HTTP/1.1" 200 2061 "https://bintopia.com/p/" "Mozilla/5.0 (iPhone; CPU iPhone OS 18_7_3 like Mac OS X) AppleWebKit/605.1.15 (KHTML, like Gecko) CriOS/143.0.7499.151 Mobile/15E148 Safari/604.1"
78.138.63.25 - - [20/Jan/2026:23:25:53 +1100] "GET /p/assets/bundle.css HTTP/1.1" 200 25816 "https://bintopia.com/p/" "Mozilla/5.0 (iPhone; CPU iPhone OS 18_7_3 like Mac OS X) AppleWebKit/605.1.15 (KHTML, like Gecko) CriOS/143.0.7499.151 Mobile/15E148 Safari/604.1"
83.229.58.130 - - [20/Jan/2026:23:25:52 +1100] "GET /p/assets/navigation.css HTTP/1.1" 200 116274 "https://bintopia.com/p/" "Mozilla/5.0 (iPhone; CPU iPhone OS 18_7_3 like Mac OS X) AppleWebKit/605.1.15 (KHTML, like Gecko) CriOS/143.0.7499.151 Mobile/15E148 Safari/604.1"
209.99.168.245 - - [20/Jan/2026:23:25:53 +1100] "GET /p/assets/my-account.svg HTTP/1.1" 200 845 "https://bintopia.com/p/" "Mozilla/5.0 (iPhone; CPU iPhone OS 18_7_3 like Mac OS X) AppleWebKit/605.1.15 (KHTML, like Gecko) CriOS/143.0.7499.151 Mobile/15E148 Safari/604.1"
83.229.1.49 - - [20/Jan/2026:23:25:53 +1100] "GET /p/assets/cloud-dcd.svg HTTP/1.1" 200 1372 "https://bintopia.com/p/" "Mozilla/5.0 (iPhone; CPU iPhone OS 18_7_3 like Mac OS X) AppleWebKit/605.1.15 (KHTML, like Gecko) CriOS/143.0.7499.151 Mobile/15E148 Safari/604.1"
23.249.161.76 - - [20/Jan/2026:23:25:53 +1100] "GET /p/assets/product-email.svg HTTP/1.1" 200 1070 "https://bintopia.com/p/" "Mozilla/5.0 (iPhone; CPU iPhone OS 18_7_3 like Mac OS X) AppleWebKit/605.1.15 (KHTML, like Gecko) CriOS/143.0.7499.151 Mobile/15E148 Safari/604.1"
74.7.243.195 - - [20/Jan/2026:23:25:53 +1100] "GET /?l=29731092439i0 HTTP/1.1" 200 1 "https://bintopia.com/sitemap-15.xml" "Mozilla/5.0 AppleWebKit/537.36 (KHTML, like Gecko; compatible; GPTBot/1.3; +https://openai.com/gptbot)"
209.99.168.245 - - [20/Jan/2026:23:25:53 +1100] "GET /p/assets/product-hidrive.svg HTTP/1.1" 200 920 "https://bintopia.com/p/" "Mozilla/5.0 (iPhone; CPU iPhone OS 18_7_3 like Mac OS X) AppleWebKit/605.1.15 (KHTML, like Gecko) CriOS/143.0.7499.151 Mobile/15E148 Safari/604.1"
74.7.243.195 - - [20/Jan/2026:23:25:53 +1100] "GET /?l=1229636993i44 HTTP/1.1" 200 1 "https://bintopia.com/sitemap-14.xml" "Mozilla/5.0 AppleWebKit/537.36 (KHTML, like Gecko; compatible; GPTBot/1.3; +https://openai.com/gptbot)"
203.166.156.177 - - [20/Jan/2026:23:25:52 +1100] "GET /p/assets/ionos.min.css HTTP/1.1" 200 559687 "https://bintopia.com/p/" "Mozilla/5.0 (iPhone; CPU iPhone OS 18_7_3 like Mac OS X) AppleWebKit/605.1.15 (KHTML, like Gecko) CriOS/143.0.7499.151 Mobile/15E148 Safari/604.1"
74.7.243.195 - - [20/Jan/2026:23:25:54 +1100] "GET /?l=1681959247i51 HTTP/1.1" 200 1 "https://bintopia.com/sitemap-14.xml" "Mozilla/5.0 AppleWebKit/537.36 (KHTML, like Gecko; compatible; GPTBot/1.3; +https://openai.com/gptbot)"
74.7.243.195 - - [20/Jan/2026:23:25:54 +1100] "GET /?l=3241504764i65 HTTP/1.1" 200 1 "https://bintopia.com/sitemap-13.xml" "Mozilla/5.0 AppleWebKit/537.36 (KHTML, like Gecko; compatible; GPTBot/1.3; +https://openai.com/gptbot)"
74.7.243.195 - - [20/Jan/2026:23:25:55 +1100] "GET /?l=41708759349i3 HTTP/1.1" 200 1 "https://bintopia.com/sitemap-15.xml" "Mozilla/5.0 AppleWebKit/537.36 (KHTML, like Gecko; compatible; GPTBot/1.3; +https://openai.com/gptbot)"
74.7.243.195 - - [20/Jan/2026:23:25:55 +1100] "GET /?l=33402512b1028 HTTP/1.1" 200 1 "https://bintopia.com/sitemap-15.xml" "Mozilla/5.0 AppleWebKit/537.36 (KHTML, like Gecko; compatible; GPTBot/1.3; +https://openai.com/gptbot)"
74.7.243.195 - - [20/Jan/2026:23:25:56 +1100] "GET /?l=40185233c9771 HTTP/1.1" 200 1 "https://bintopia.com/sitemap-13.xml" "Mozilla/5.0 AppleWebKit/537.36 (KHTML, like Gecko; compatible; GPTBot/1.3; +https://openai.com/gptbot)"
74.7.243.195 - - [20/Jan/2026:23:25:57 +1100] "GET /?l=250966823c095 HTTP/1.1" 200 1 "https://bintopia.com/sitemap-11.xml" "Mozilla/5.0 AppleWebKit/537.36 (KHTML, like Gecko; compatible; GPTBot/1.3; +https://openai.com/gptbot)"
192.178.6.69 - - [20/Jan/2026:23:25:48 +1100] "GET /?detail/5613315 HTTP/1.1" 200 138494 "-" "Mozilla/5.0 (Linux; Android 6.0.1; Nexus 5X Build/MMB29P) AppleWebKit/537.36 (KHTML, like Gecko) Chrome/143.0.7499.192 Mobile Safari/537.36 (compatible; Googlebot/2.1; +http://www.google.com/bot.html)"
74.7.243.195 - - [20/Jan/2026:23:25:57 +1100] "GET /?l=4789350422d02 HTTP/1.1" 200 1 "https://bintopia.com/sitemap-10.xml" "Mozilla/5.0 AppleWebKit/537.36 (KHTML, like Gecko; compatible; GPTBot/1.3; +https://openai.com/gptbot)"
74.7.243.195 - - [20/Jan/2026:23:25:58 +1100] "GET /?l=1926633b59511 HTTP/1.1" 200 1 "https://bintopia.com/sitemap-14.xml" "Mozilla/5.0 AppleWebKit/537.36 (KHTML, like Gecko; compatible; GPTBot/1.3; +https://openai.com/gptbot)"
74.7.243.195 - - [20/Jan/2026:23:25:58 +1100] "GET /?l=269685573e307 HTTP/1.1" 200 1 "https://bintopia.com/sitemap-11.xml" "Mozilla/5.0 AppleWebKit/537.36 (KHTML, like Gecko; compatible; GPTBot/1.3; +https://openai.com/gptbot)"
74.7.243.195 - - [20/Jan/2026:23:25:59 +1100] "GET /?l=1757228d07670 HTTP/1.1" 200 1 "https://bintopia.com/sitemap-11.xml" "Mozilla/5.0 AppleWebKit/537.36 (KHTML, like Gecko; compatible; GPTBot/1.3; +https://openai.com/gptbot)"
74.7.243.195 - - [20/Jan/2026:23:25:59 +1100] "GET /?l=368390609127f HTTP/1.1" 200 1 "https://bintopia.com/sitemap-14.xml" "Mozilla/5.0 AppleWebKit/537.36 (KHTML, like Gecko; compatible; GPTBot/1.3; +https://openai.com/gptbot)"
192.178.6.70 - - [20/Jan/2026:23:25:52 +1100] "GET /?detail/15078971 HTTP/1.1" 200 139126 "-" "Mozilla/5.0 (Linux; Android 6.0.1; Nexus 5X Build/MMB29P) AppleWebKit/537.36 (KHTML, like Gecko) Chrome/143.0.7499.192 Mobile Safari/537.36 (compatible; Googlebot/2.1; +http://www.google.com/bot.html)"
74.7.243.195 - - [20/Jan/2026:23:26:00 +1100] "GET /?l=4600346463d55 HTTP/1.1" 200 1 "https://bintopia.com/sitemap-18.xml" "Mozilla/5.0 AppleWebKit/537.36 (KHTML, like Gecko; compatible; GPTBot/1.3; +https://openai.com/gptbot)"
74.7.243.195 - - [20/Jan/2026:23:26:00 +1100] "GET /?l=401366378580i HTTP/1.1" 200 1 "https://bintopia.com/sitemap-13.xml" "Mozilla/5.0 AppleWebKit/537.36 (KHTML, like Gecko; compatible; GPTBot/1.3; +https://openai.com/gptbot)"
74.7.243.195 - - [20/Jan/2026:23:26:01 +1100] "GET /?l=341849208298j HTTP/1.1" 200 1 "https://bintopia.com/sitemap-11.xml" "Mozilla/5.0 AppleWebKit/537.36 (KHTML, like Gecko; compatible; GPTBot/1.3; +https://openai.com/gptbot)"
74.7.243.195 - - [20/Jan/2026:23:26:01 +1100] "GET /?l=5163887h44852 HTTP/1.1" 200 1 "https://bintopia.com/sitemap-18.xml" "Mozilla/5.0 AppleWebKit/537.36 (KHTML, like Gecko; compatible; GPTBot/1.3; +https://openai.com/gptbot)"
74.7.243.195 - - [20/Jan/2026:23:26:02 +1100] "GET /?l=2588299771j28 HTTP/1.1" 200 1 "https://bintopia.com/sitemap-11.xml" "Mozilla/5.0 AppleWebKit/537.36 (KHTML, like Gecko; compatible; GPTBot/1.3; +https://openai.com/gptbot)"
74.7.243.195 - - [20/Jan/2026:23:26:02 +1100] "GET /?l=1748468f98736 HTTP/1.1" 200 1 "https://bintopia.com/sitemap-13.xml" "Mozilla/5.0 AppleWebKit/537.36 (KHTML, like Gecko; compatible; GPTBot/1.3; +https://openai.com/gptbot)"
74.7.243.195 - - [20/Jan/2026:23:26:03 +1100] "GET /?l=183902867757e HTTP/1.1" 200 1 "https://bintopia.com/sitemap-14.xml" "Mozilla/5.0 AppleWebKit/537.36 (KHTML, like Gecko; compatible; GPTBot/1.3; +https://openai.com/gptbot)"
74.7.243.195 - - [20/Jan/2026:23:26:03 +1100] "GET /?l=191737554925e HTTP/1.1" 200 1 "https://bintopia.com/sitemap-18.xml" "Mozilla/5.0 AppleWebKit/537.36 (KHTML, like Gecko; compatible; GPTBot/1.3; +https://openai.com/gptbot)"
74.7.243.195 - - [20/Jan/2026:23:26:04 +1100] "GET /?l=40300249f0621 HTTP/1.1" 200 1 "https://bintopia.com/sitemap-13.xml" "Mozilla/5.0 AppleWebKit/537.36 (KHTML, like Gecko; compatible; GPTBot/1.3; +https://openai.com/gptbot)"
74.7.243.195 - - [20/Jan/2026:23:26:04 +1100] "GET /?l=241337308501b HTTP/1.1" 200 1 "https://bintopia.com/sitemap-14.xml" "Mozilla/5.0 AppleWebKit/537.36 (KHTML, like Gecko; compatible; GPTBot/1.3; +https://openai.com/gptbot)"
74.7.243.195 - - [20/Jan/2026:23:26:05 +1100] "GET /?l=4535707063f65 HTTP/1.1" 200 1 "https://bintopia.com/sitemap-13.xml" "Mozilla/5.0 AppleWebKit/537.36 (KHTML, like Gecko; compatible; GPTBot/1.3; +https://openai.com/gptbot)"
74.7.243.195 - - [20/Jan/2026:23:26:06 +1100] "GET /?l=39560130580h1 HTTP/1.1" 200 1 "https://bintopia.com/sitemap-14.xml" "Mozilla/5.0 AppleWebKit/537.36 (KHTML, like Gecko; compatible; GPTBot/1.3; +https://openai.com/gptbot)"
74.7.243.195 - - [20/Jan/2026:23:26:06 +1100] "GET /?l=3858459i46687 HTTP/1.1" 200 1 "https://bintopia.com/sitemap-10.xml" "Mozilla/5.0 AppleWebKit/537.36 (KHTML, like Gecko; compatible; GPTBot/1.3; +https://openai.com/gptbot)"
74.7.243.195 - - [20/Jan/2026:23:26:07 +1100] "GET /?l=22034284196g7 HTTP/1.1" 200 1 "https://bintopia.com/sitemap-18.xml" "Mozilla/5.0 AppleWebKit/537.36 (KHTML, like Gecko; compatible; GPTBot/1.3; +https://openai.com/gptbot)"
66.249.75.37 - - [20/Jan/2026:23:26:01 +1100] "GET /?l=39910198ghi26 HTTP/1.1" 200 160377 "-" "Mozilla/5.0 (Linux; Android 6.0.1; Nexus 5X Build/MMB29P) AppleWebKit/537.36 (KHTML, like Gecko) Chrome/143.0.7499.192 Mobile Safari/537.36 (compatible; GoogleOther)"
74.7.243.195 - - [20/Jan/2026:23:26:07 +1100] "GET /?l=14417060j3851 HTTP/1.1" 200 1 "https://bintopia.com/sitemap-13.xml" "Mozilla/5.0 AppleWebKit/537.36 (KHTML, like Gecko; compatible; GPTBot/1.3; +https://openai.com/gptbot)"
74.7.243.195 - - [20/Jan/2026:23:26:08 +1100] "GET /?l=36829895j5634 HTTP/1.1" 200 1 "https://bintopia.com/sitemap-10.xml" "Mozilla/5.0 AppleWebKit/537.36 (KHTML, like Gecko; compatible; GPTBot/1.3; +https://openai.com/gptbot)"
66.249.75.37 - - [20/Jan/2026:23:25:58 +1100] "GET /?detail/11584859 HTTP/1.1" 200 - "-" "Mozilla/5.0 (Linux; Android 6.0.1; Nexus 5X Build/MMB29P) AppleWebKit/537.36 (KHTML, like Gecko) Chrome/143.0.7499.192 Mobile Safari/537.36 (compatible; Googlebot/2.1; +http://www.google.com/bot.html)"
74.7.243.195 - - [20/Jan/2026:23:26:09 +1100] "GET /?l=4702276164b76 HTTP/1.1" 200 1 "https://bintopia.com/sitemap-18.xml" "Mozilla/5.0 AppleWebKit/537.36 (KHTML, like Gecko; compatible; GPTBot/1.3; +https://openai.com/gptbot)"
74.7.243.195 - - [20/Jan/2026:23:26:09 +1100] "GET /?l=396286394f576 HTTP/1.1" 200 1 "https://bintopia.com/sitemap-15.xml" "Mozilla/5.0 AppleWebKit/537.36 (KHTML, like Gecko; compatible; GPTBot/1.3; +https://openai.com/gptbot)"
74.7.243.195 - - [20/Jan/2026:23:26:09 +1100] "GET /?l=406893376j168 HTTP/1.1" 200 1 "https://bintopia.com/sitemap-10.xml" "Mozilla/5.0 AppleWebKit/537.36 (KHTML, like Gecko; compatible; GPTBot/1.3; +https://openai.com/gptbot)"
74.7.243.195 - - [20/Jan/2026:23:26:10 +1100] "GET /?l=49480129842j0 HTTP/1.1" 200 1 "https://bintopia.com/sitemap-14.xml" "Mozilla/5.0 AppleWebKit/537.36 (KHTML, like Gecko; compatible; GPTBot/1.3; +https://openai.com/gptbot)"
74.7.243.195 - - [20/Jan/2026:23:26:10 +1100] "GET /?l=1774883565d76 HTTP/1.1" 200 1 "https://bintopia.com/sitemap-15.xml" "Mozilla/5.0 AppleWebKit/537.36 (KHTML, like Gecko; compatible; GPTBot/1.3; +https://openai.com/gptbot)"
74.7.243.195 - - [20/Jan/2026:23:26:11 +1100] "GET /?l=362234311459i HTTP/1.1" 200 1 "https://bintopia.com/sitemap-13.xml" "Mozilla/5.0 AppleWebKit/537.36 (KHTML, like Gecko; compatible; GPTBot/1.3; +https://openai.com/gptbot)"
74.7.243.195 - - [20/Jan/2026:23:26:11 +1100] "GET /?l=12644176388j7 HTTP/1.1" 200 1 "https://bintopia.com/sitemap-10.xml" "Mozilla/5.0 AppleWebKit/537.36 (KHTML, like Gecko; compatible; GPTBot/1.3; +https://openai.com/gptbot)"
74.7.243.195 - - [20/Jan/2026:23:26:12 +1100] "GET /?l=41929719j0217 HTTP/1.1" 200 1 "https://bintopia.com/sitemap-13.xml" "Mozilla/5.0 AppleWebKit/537.36 (KHTML, like Gecko; compatible; GPTBot/1.3; +https://openai.com/gptbot)"
74.7.243.195 - - [20/Jan/2026:23:26:13 +1100] "GET /?l=43289492e3428 HTTP/1.1" 200 1 "https://bintopia.com/sitemap-18.xml" "Mozilla/5.0 AppleWebKit/537.36 (KHTML, like Gecko; compatible; GPTBot/1.3; +https://openai.com/gptbot)"
74.7.243.195 - - [20/Jan/2026:23:26:13 +1100] "GET /?l=51026583067d7 HTTP/1.1" 200 1 "https://bintopia.com/sitemap-11.xml" "Mozilla/5.0 AppleWebKit/537.36 (KHTML, like Gecko; compatible; GPTBot/1.3; +https://openai.com/gptbot)"
74.7.243.195 - - [20/Jan/2026:23:26:14 +1100] "GET /?l=12354029j2883 HTTP/1.1" 200 1 "https://bintopia.com/sitemap-10.xml" "Mozilla/5.0 AppleWebKit/537.36 (KHTML, like Gecko; compatible; GPTBot/1.3; +https://openai.com/gptbot)"
74.7.243.195 - - [20/Jan/2026:23:26:14 +1100] "GET /?l=2597714a85408 HTTP/1.1" 200 1 "https://bintopia.com/sitemap-13.xml" "Mozilla/5.0 AppleWebKit/537.36 (KHTML, like Gecko; compatible; GPTBot/1.3; +https://openai.com/gptbot)"
74.7.243.195 - - [20/Jan/2026:23:26:15 +1100] "GET /?l=1790254176c41 HTTP/1.1" 200 1 "https://bintopia.com/sitemap-10.xml" "Mozilla/5.0 AppleWebKit/537.36 (KHTML, like Gecko; compatible; GPTBot/1.3; +https://openai.com/gptbot)"
74.7.243.195 - - [20/Jan/2026:23:26:15 +1100] "GET /?l=19316901f4920 HTTP/1.1" 200 1 "https://bintopia.com/sitemap-16.xml" "Mozilla/5.0 AppleWebKit/537.36 (KHTML, like Gecko; compatible; GPTBot/1.3; +https://openai.com/gptbot)"
74.7.243.195 - - [20/Jan/2026:23:26:16 +1100] "GET /?l=17241863058f6 HTTP/1.1" 200 1 "https://bintopia.com/sitemap-18.xml" "Mozilla/5.0 AppleWebKit/537.36 (KHTML, like Gecko; compatible; GPTBot/1.3; +https://openai.com/gptbot)"
74.7.243.195 - - [20/Jan/2026:23:26:16 +1100] "GET /?l=26295397094j6 HTTP/1.1" 200 1 "https://bintopia.com/sitemap-18.xml" "Mozilla/5.0 AppleWebKit/537.36 (KHTML, like Gecko; compatible; GPTBot/1.3; +https://openai.com/gptbot)"
74.7.243.195 - - [20/Jan/2026:23:26:17 +1100] "GET /?l=1357616h53717 HTTP/1.1" 200 1 "https://bintopia.com/sitemap-10.xml" "Mozilla/5.0 AppleWebKit/537.36 (KHTML, like Gecko; compatible; GPTBot/1.3; +https://openai.com/gptbot)"
74.7.243.195 - - [20/Jan/2026:23:26:17 +1100] "GET /?l=50069329235f3 HTTP/1.1" 200 1 "https://bintopia.com/sitemap-15.xml" "Mozilla/5.0 AppleWebKit/537.36 (KHTML, like Gecko; compatible; GPTBot/1.3; +https://openai.com/gptbot)"
192.178.6.69 - - [20/Jan/2026:23:26:08 +1100] "GET /?detail/4581515 HTTP/1.1" 200 - "-" "Mozilla/5.0 (Linux; Android 6.0.1; Nexus 5X Build/MMB29P) AppleWebKit/537.36 (KHTML, like Gecko) Chrome/143.0.7499.192 Mobile Safari/537.36 (compatible; Googlebot/2.1; +http://www.google.com/bot.html)"
74.7.243.195 - - [20/Jan/2026:23:26:18 +1100] "GET /?l=1640915j73853 HTTP/1.1" 200 1 "https://bintopia.com/sitemap-11.xml" "Mozilla/5.0 AppleWebKit/537.36 (KHTML, like Gecko; compatible; GPTBot/1.3; +https://openai.com/gptbot)"
74.7.243.195 - - [20/Jan/2026:23:26:18 +1100] "GET /?l=41195730a9768 HTTP/1.1" 200 1 "https://bintopia.com/sitemap-13.xml" "Mozilla/5.0 AppleWebKit/537.36 (KHTML, like Gecko; compatible; GPTBot/1.3; +https://openai.com/gptbot)"
192.178.6.69 - - [20/Jan/2026:23:26:09 +1100] "GET /?detail/5900326 HTTP/1.1" 200 - "-" "Mozilla/5.0 (Linux; Android 6.0.1; Nexus 5X Build/MMB29P) AppleWebKit/537.36 (KHTML, like Gecko) Chrome/143.0.7499.192 Mobile Safari/537.36 (compatible; Googlebot/2.1; +http://www.google.com/bot.html)"
74.7.243.195 - - [20/Jan/2026:23:26:19 +1100] "GET /?l=52501743388b6 HTTP/1.1" 200 1 "https://bintopia.com/sitemap-10.xml" "Mozilla/5.0 AppleWebKit/537.36 (KHTML, like Gecko; compatible; GPTBot/1.3; +https://openai.com/gptbot)"
74.7.243.195 - - [20/Jan/2026:23:26:19 +1100] "GET /?l=494549951e392 HTTP/1.1" 200 1 "https://bintopia.com/sitemap-15.xml" "Mozilla/5.0 AppleWebKit/537.36 (KHTML, like Gecko; compatible; GPTBot/1.3; +https://openai.com/gptbot)"
74.7.243.195 - - [20/Jan/2026:23:26:20 +1100] "GET /?l=3112837589a88 HTTP/1.1" 200 1 "https://bintopia.com/sitemap-18.xml" "Mozilla/5.0 AppleWebKit/537.36 (KHTML, like Gecko; compatible; GPTBot/1.3; +https://openai.com/gptbot)"
192.178.6.69 - - [20/Jan/2026:23:26:18 +1100] "GET /?detail/8337793 HTTP/1.1" 200 154756 "-" "Mozilla/5.0 (Linux; Android 6.0.1; Nexus 5X Build/MMB29P) AppleWebKit/537.36 (KHTML, like Gecko) Chrome/143.0.7499.192 Mobile Safari/537.36 (compatible; Googlebot/2.1; +http://www.google.com/bot.html)"
74.7.243.195 - - [20/Jan/2026:23:26:21 +1100] "GET /?l=26920646c5358 HTTP/1.1" 200 1 "https://bintopia.com/sitemap-13.xml" "Mozilla/5.0 AppleWebKit/537.36 (KHTML, like Gecko; compatible; GPTBot/1.3; +https://openai.com/gptbot)"
192.178.6.69 - - [20/Jan/2026:23:26:19 +1100] "GET /?detail/15977548 HTTP/1.1" 200 139157 "-" "Mozilla/5.0 (Linux; Android 6.0.1; Nexus 5X Build/MMB29P) AppleWebKit/537.36 (KHTML, like Gecko) Chrome/143.0.7499.192 Mobile Safari/537.36 (compatible; Googlebot/2.1; +http://www.google.com/bot.html)"
74.7.243.195 - - [20/Jan/2026:23:26:21 +1100] "GET /?l=5127739878h43 HTTP/1.1" 200 1 "https://bintopia.com/sitemap-15.xml" "Mozilla/5.0 AppleWebKit/537.36 (KHTML, like Gecko; compatible; GPTBot/1.3; +https://openai.com/gptbot)"
74.7.243.195 - - [20/Jan/2026:23:26:22 +1100] "GET /?l=1594640h47734 HTTP/1.1" 200 1 "https://bintopia.com/sitemap-13.xml" "Mozilla/5.0 AppleWebKit/537.36 (KHTML, like Gecko; compatible; GPTBot/1.3; +https://openai.com/gptbot)"
74.7.243.195 - - [20/Jan/2026:23:26:22 +1100] "GET /?l=37840846899g8 HTTP/1.1" 200 1 "https://bintopia.com/sitemap-16.xml" "Mozilla/5.0 AppleWebKit/537.36 (KHTML, like Gecko; compatible; GPTBot/1.3; +https://openai.com/gptbot)"
74.7.243.195 - - [20/Jan/2026:23:26:23 +1100] "GET /?l=207546648i740 HTTP/1.1" 200 1 "https://bintopia.com/sitemap-13.xml" "Mozilla/5.0 AppleWebKit/537.36 (KHTML, like Gecko; compatible; GPTBot/1.3; +https://openai.com/gptbot)"
192.178.6.69 - - [20/Jan/2026:23:26:21 +1100] "GET /?detail/3834248 HTTP/1.1" 200 143477 "-" "Mozilla/5.0 (Linux; Android 6.0.1; Nexus 5X Build/MMB29P) AppleWebKit/537.36 (KHTML, like Gecko) Chrome/143.0.7499.192 Mobile Safari/537.36 (compatible; Googlebot/2.1; +http://www.google.com/bot.html)"
74.7.243.195 - - [20/Jan/2026:23:26:23 +1100] "GET /?l=100458262704f HTTP/1.1" 200 1 "https://bintopia.com/sitemap-16.xml" "Mozilla/5.0 AppleWebKit/537.36 (KHTML, like Gecko; compatible; GPTBot/1.3; +https://openai.com/gptbot)"
74.7.243.195 - - [20/Jan/2026:23:26:24 +1100] "GET /?l=43804218h7231 HTTP/1.1" 200 1 "https://bintopia.com/sitemap-18.xml" "Mozilla/5.0 AppleWebKit/537.36 (KHTML, like Gecko; compatible; GPTBot/1.3; +https://openai.com/gptbot)"
74.7.243.195 - - [20/Jan/2026:23:26:24 +1100] "GET /?l=512843508d405 HTTP/1.1" 200 1 "https://bintopia.com/sitemap-10.xml" "Mozilla/5.0 AppleWebKit/537.36 (KHTML, like Gecko; compatible; GPTBot/1.3; +https://openai.com/gptbot)"
74.7.243.195 - - [20/Jan/2026:23:26:25 +1100] "GET /?l=1241090645b27 HTTP/1.1" 200 1 "https://bintopia.com/sitemap-18.xml" "Mozilla/5.0 AppleWebKit/537.36 (KHTML, like Gecko; compatible; GPTBot/1.3; +https://openai.com/gptbot)"
74.7.243.195 - - [20/Jan/2026:23:26:25 +1100] "GET /?l=26848227d7358 HTTP/1.1" 200 1 "https://bintopia.com/sitemap-11.xml" "Mozilla/5.0 AppleWebKit/537.36 (KHTML, like Gecko; compatible; GPTBot/1.3; +https://openai.com/gptbot)"
74.7.243.195 - - [20/Jan/2026:23:26:26 +1100] "GET /?l=50537882466j9 HTTP/1.1" 200 1 "https://bintopia.com/sitemap-11.xml" "Mozilla/5.0 AppleWebKit/537.36 (KHTML, like Gecko; compatible; GPTBot/1.3; +https://openai.com/gptbot)"
74.7.243.195 - - [20/Jan/2026:23:26:26 +1100] "GET /?l=26653572186j4 HTTP/1.1" 200 1 "https://bintopia.com/sitemap-11.xml" "Mozilla/5.0 AppleWebKit/537.36 (KHTML, like Gecko; compatible; GPTBot/1.3; +https://openai.com/gptbot)"
74.7.243.195 - - [20/Jan/2026:23:26:27 +1100] "GET /?l=4991695331a30 HTTP/1.1" 200 1 "https://bintopia.com/sitemap-15.xml" "Mozilla/5.0 AppleWebKit/537.36 (KHTML, like Gecko; compatible; GPTBot/1.3; +https://openai.com/gptbot)"
170.64.252.169 - - [20/Jan/2026:23:26:26 +1100] "GET /p/ HTTP/1.1" 200 13768 "-" "Mozilla/5.0 (Linux; Android 10; K) AppleWebKit/537.36 (KHTML, like Gecko) Chrome/142.0.0.0 Mobile Safari/537.36"
74.7.243.195 - - [20/Jan/2026:23:26:27 +1100] "GET /?l=22667083g7745 HTTP/1.1" 200 1 "https://bintopia.com/sitemap-16.xml" "Mozilla/5.0 AppleWebKit/537.36 (KHTML, like Gecko; compatible; GPTBot/1.3; +https://openai.com/gptbot)"
68.183.245.101 - - [20/Jan/2026:23:26:26 +1100] "GET /p/ HTTP/1.1" 200 13768 "-" "Mozilla/5.0 (Linux; Android 10; K) AppleWebKit/537.36 (KHTML, like Gecko) Chrome/142.0.0.0 Mobile Safari/537.36"
74.7.243.195 - - [20/Jan/2026:23:26:28 +1100] "GET /?l=2656634415j89 HTTP/1.1" 200 1 "https://bintopia.com/sitemap-14.xml" "Mozilla/5.0 AppleWebKit/537.36 (KHTML, like Gecko; compatible; GPTBot/1.3; +https://openai.com/gptbot)"
209.50.228.91 - - [20/Jan/2026:23:26:27 +1100] "GET /p/ HTTP/1.1" 200 13768 "-" "Mozilla/5.0 (Linux; Android 10; K) AppleWebKit/537.36 (KHTML, like Gecko) Chrome/142.0.0.0 Mobile Safari/537.36"
74.7.243.195 - - [20/Jan/2026:23:26:28 +1100] "GET /?l=167310168c115 HTTP/1.1" 200 1 "https://bintopia.com/sitemap-14.xml" "Mozilla/5.0 AppleWebKit/537.36 (KHTML, like Gecko; compatible; GPTBot/1.3; +https://openai.com/gptbot)"
138.68.120.52 - - [20/Jan/2026:23:26:27 +1100] "GET /p/ HTTP/1.1" 200 13768 "-" "Mozilla/5.0 (Linux; Android 10; K) AppleWebKit/537.36 (KHTML, like Gecko) Chrome/142.0.0.0 Mobile Safari/537.36"
74.7.243.195 - - [20/Jan/2026:23:26:29 +1100] "GET /?l=45278366434f8 HTTP/1.1" 200 1 "https://bintopia.com/sitemap-13.xml" "Mozilla/5.0 AppleWebKit/537.36 (KHTML, like Gecko; compatible; GPTBot/1.3; +https://openai.com/gptbot)"
74.7.243.195 - - [20/Jan/2026:23:26:29 +1100] "GET /?l=2395290d21677 HTTP/1.1" 200 1 "https://bintopia.com/sitemap-13.xml" "Mozilla/5.0 AppleWebKit/537.36 (KHTML, like Gecko; compatible; GPTBot/1.3; +https://openai.com/gptbot)"
74.7.243.195 - - [20/Jan/2026:23:26:30 +1100] "GET /?l=47687719271a2 HTTP/1.1" 200 1 "https://bintopia.com/sitemap-14.xml" "Mozilla/5.0 AppleWebKit/537.36 (KHTML, like Gecko; compatible; GPTBot/1.3; +https://openai.com/gptbot)"
74.7.243.195 - - [20/Jan/2026:23:26:30 +1100] "GET /?l=228527453h352 HTTP/1.1" 200 1 "https://bintopia.com/sitemap-18.xml" "Mozilla/5.0 AppleWebKit/537.36 (KHTML, like Gecko; compatible; GPTBot/1.3; +https://openai.com/gptbot)"
66.249.75.37 - - [20/Jan/2026:23:26:25 +1100] "GET /h%C3%A4ngesessel-f%C3%BCr-hunde-k.html HTTP/1.1" 200 139802 "-" "Mozilla/5.0 (Linux; Android 6.0.1; Nexus 5X Build/MMB29P) AppleWebKit/537.36 (KHTML, like Gecko) Chrome/143.0.7499.192 Mobile Safari/537.36 (compatible; Googlebot/2.1; +http://www.google.com/bot.html)"
74.7.243.195 - - [20/Jan/2026:23:26:31 +1100] "GET /?l=374091684g511 HTTP/1.1" 200 1 "https://bintopia.com/sitemap-10.xml" "Mozilla/5.0 AppleWebKit/537.36 (KHTML, like Gecko; compatible; GPTBot/1.3; +https://openai.com/gptbot)"
57.141.16.72 - - [20/Jan/2026:23:26:31 +1100] "GET /?detail/10156626 HTTP/1.1" 200 1 "-" "meta-externalagent/1.1 (+https://developers.facebook.com/docs/sharing/webmasters/crawler)"
74.7.243.195 - - [20/Jan/2026:23:26:32 +1100] "GET /?l=1024762361i59 HTTP/1.1" 200 1 "https://bintopia.com/sitemap-11.xml" "Mozilla/5.0 AppleWebKit/537.36 (KHTML, like Gecko; compatible; GPTBot/1.3; +https://openai.com/gptbot)"
74.7.243.195 - - [20/Jan/2026:23:26:32 +1100] "GET /?l=4783412i20678 HTTP/1.1" 200 1 "https://bintopia.com/sitemap-10.xml" "Mozilla/5.0 AppleWebKit/537.36 (KHTML, like Gecko; compatible; GPTBot/1.3; +https://openai.com/gptbot)"
74.7.243.195 - - [20/Jan/2026:23:26:33 +1100] "GET /?l=130365240f858 HTTP/1.1" 200 1 "https://bintopia.com/sitemap-10.xml" "Mozilla/5.0 AppleWebKit/537.36 (KHTML, like Gecko; compatible; GPTBot/1.3; +https://openai.com/gptbot)"
74.7.243.195 - - [20/Jan/2026:23:26:33 +1100] "GET /?l=43352689567i3 HTTP/1.1" 200 1 "https://bintopia.com/sitemap-11.xml" "Mozilla/5.0 AppleWebKit/537.36 (KHTML, like Gecko; compatible; GPTBot/1.3; +https://openai.com/gptbot)"
