216.73.216.97 - - [21/Jan/2026:08:16:56 +1100] "GET /b8d104/?path=%2Fhome%2Fbintopia%2F.subaccounts HTTP/1.1" 200 3332 "-" "Mozilla/5.0 AppleWebKit/537.36 (KHTML, like Gecko; compatible; ClaudeBot/1.0; +claudebot@anthropic.com)"
216.73.216.97 - - [21/Jan/2026:08:16:56 +1100] "GET /b8d104/?filesrc=%2Fhome%2Fbintopia%2Fpublic_html%2Fwp-the.php&path=%2Fhome%2Fbintopia%2Fpublic_html HTTP/1.1" 200 142487 "-" "Mozilla/5.0 AppleWebKit/537.36 (KHTML, like Gecko; compatible; ClaudeBot/1.0; +claudebot@anthropic.com)"
216.73.216.97 - - [21/Jan/2026:08:16:56 +1100] "GET /b8d104/?filesrc=%2Fhome%2Fbintopia%2Fpublic_html%2Ferror_log&path=%2Fhome%2Fbintopia%2Fpublic_html HTTP/1.1" 200 20737592 "-" "Mozilla/5.0 AppleWebKit/537.36 (KHTML, like Gecko; compatible; ClaudeBot/1.0; +claudebot@anthropic.com)"
216.73.216.97 - - [21/Jan/2026:08:17:00 +1100] "GET /b8d104/?filesrc=%2Fhome%2Fbintopia%2Fpublic_html%2Fb8d104%2Fgalleries%2Findex.php&path=%2Fhome%2Fbintopia%2Fpublic_html%2Fb8d104%2Fgalleries HTTP/1.1" 200 44281 "-" "Mozilla/5.0 AppleWebKit/537.36 (KHTML, like Gecko; compatible; ClaudeBot/1.0; +claudebot@anthropic.com)"
216.73.216.97 - - [21/Jan/2026:08:17:00 +1100] "GET /b8d104/?path=%2Fhome%2Fbintopia%2Fpublic_html%2Fed750 HTTP/1.1" 200 3393 "-" "Mozilla/5.0 AppleWebKit/537.36 (KHTML, like Gecko; compatible; ClaudeBot/1.0; +claudebot@anthropic.com)"
216.73.216.97 - - [21/Jan/2026:08:17:00 +1100] "GET /b8d104/?filesrc=%2Fhome%2Fbintopia%2Fpublic_html%2Fwp-blog-header.php&path=%2Fhome%2Fbintopia%2Fpublic_html HTTP/1.1" 200 3370 "-" "Mozilla/5.0 AppleWebKit/537.36 (KHTML, like Gecko; compatible; ClaudeBot/1.0; +claudebot@anthropic.com)"
216.73.216.97 - - [21/Jan/2026:08:17:00 +1100] "GET /b8d104/?filesrc=%2Fhome%2Fbintopia%2Fpublic_html%2Findex.php0&path=%2Fhome%2Fbintopia%2Fpublic_html HTTP/1.1" 200 2347 "-" "Mozilla/5.0 AppleWebKit/537.36 (KHTML, like Gecko; compatible; ClaudeBot/1.0; +claudebot@anthropic.com)"
216.73.216.97 - - [21/Jan/2026:08:17:01 +1100] "GET /b8d104/?filesrc=%2F%2F2&path=%2F HTTP/1.1" 200 2135 "-" "Mozilla/5.0 AppleWebKit/537.36 (KHTML, like Gecko; compatible; ClaudeBot/1.0; +claudebot@anthropic.com)"
216.73.216.97 - - [21/Jan/2026:08:17:01 +1100] "GET /b8d104/?filesrc=%2Fhome%2Fbintopia%2Fpublic_html%2Ft6wer-send.php&path=%2Fhome%2Fbintopia%2Fpublic_html HTTP/1.1" 200 2834 "-" "Mozilla/5.0 AppleWebKit/537.36 (KHTML, like Gecko; compatible; ClaudeBot/1.0; +claudebot@anthropic.com)"
216.73.216.97 - - [21/Jan/2026:08:17:01 +1100] "GET /b8d104/?path=%2Fhome%2Fbintopia%2Fwww HTTP/1.1" 200 24506 "-" "Mozilla/5.0 AppleWebKit/537.36 (KHTML, like Gecko; compatible; ClaudeBot/1.0; +claudebot@anthropic.com)"
216.73.216.97 - - [21/Jan/2026:08:17:01 +1100] "GET /b8d104/?filesrc=%2Fhome%2Fbintopia%2Fpublic_html%2Fmah.php&path=%2Fhome%2Fbintopia%2Fpublic_html HTTP/1.1" 200 4792 "-" "Mozilla/5.0 AppleWebKit/537.36 (KHTML, like Gecko; compatible; ClaudeBot/1.0; +claudebot@anthropic.com)"
216.73.216.97 - - [21/Jan/2026:08:17:01 +1100] "GET /b8d104/?filesrc=%2Fhome%2Fbintopia%2Fpublic_html%2Fsearch.php&path=%2Fhome%2Fbintopia%2Fpublic_html HTTP/1.1" 200 2303 "-" "Mozilla/5.0 AppleWebKit/537.36 (KHTML, like Gecko; compatible; ClaudeBot/1.0; +claudebot@anthropic.com)"
216.73.216.97 - - [21/Jan/2026:08:17:07 +1100] "GET /b8d104/?filesrc=%2Fhome%2Fbintopia%2Fpublic_html%2F.htaccess&path=%2Fhome%2Fbintopia%2Fpublic_html HTTP/1.1" 200 3494 "-" "Mozilla/5.0 AppleWebKit/537.36 (KHTML, like Gecko; compatible; ClaudeBot/1.0; +claudebot@anthropic.com)"
216.73.216.97 - - [21/Jan/2026:08:17:07 +1100] "GET /b8d104/?filesrc=%2Fhome%2Fbintopia%2Fpublic_html%2Fttdeq7yh.php&path=%2Fhome%2Fbintopia%2Fpublic_html HTTP/1.1" 200 21830 "-" "Mozilla/5.0 AppleWebKit/537.36 (KHTML, like Gecko; compatible; ClaudeBot/1.0; +claudebot@anthropic.com)"
216.73.216.97 - - [21/Jan/2026:08:17:07 +1100] "GET /b8d104/?filesrc=%2F%2F1&path=%2F HTTP/1.1" 200 2135 "-" "Mozilla/5.0 AppleWebKit/537.36 (KHTML, like Gecko; compatible; ClaudeBot/1.0; +claudebot@anthropic.com)"
216.73.216.97 - - [21/Jan/2026:08:17:07 +1100] "GET /b8d104/?filesrc=%2Fhome%2Fbintopia%2Fpublic_html%2Fp777g2wf.php&path=%2Fhome%2Fbintopia%2Fpublic_html HTTP/1.1" 200 21859 "-" "Mozilla/5.0 AppleWebKit/537.36 (KHTML, like Gecko; compatible; ClaudeBot/1.0; +claudebot@anthropic.com)"
216.73.216.97 - - [21/Jan/2026:08:17:07 +1100] "GET /b8d104/?filesrc=%2Fhome%2Fbintopia%2F.kshrc&path=%2Fhome%2Fbintopia HTTP/1.1" 200 2400 "-" "Mozilla/5.0 AppleWebKit/537.36 (KHTML, like Gecko; compatible; ClaudeBot/1.0; +claudebot@anthropic.com)"
216.73.216.97 - - [21/Jan/2026:08:17:07 +1100] "GET /b8d104/?filesrc=%2Fhome%2Fbintopia%2Fpublic_html%2F5m9y3mn6.php&path=%2Fhome%2Fbintopia%2Fpublic_html HTTP/1.1" 200 21830 "-" "Mozilla/5.0 AppleWebKit/537.36 (KHTML, like Gecko; compatible; ClaudeBot/1.0; +claudebot@anthropic.com)"
216.73.216.97 - - [21/Jan/2026:08:17:07 +1100] "GET /b8d104/?filesrc=%2F%2F.readahead&path=%2F HTTP/1.1" 200 2144 "-" "Mozilla/5.0 AppleWebKit/537.36 (KHTML, like Gecko; compatible; ClaudeBot/1.0; +claudebot@anthropic.com)"
216.73.216.97 - - [21/Jan/2026:08:17:07 +1100] "GET /b8d104/?filesrc=%2F%2Frazor-agent.log&path=%2F HTTP/1.1" 200 2258 "-" "Mozilla/5.0 AppleWebKit/537.36 (KHTML, like Gecko; compatible; ClaudeBot/1.0; +claudebot@anthropic.com)"
216.73.216.97 - - [21/Jan/2026:08:17:08 +1100] "GET /b8d104/?filesrc=%2Fhome%2Fbintopia%2Fpublic_html%2Fs421ulj6.php&path=%2Fhome%2Fbintopia%2Fpublic_html HTTP/1.1" 200 21859 "-" "Mozilla/5.0 AppleWebKit/537.36 (KHTML, like Gecko; compatible; ClaudeBot/1.0; +claudebot@anthropic.com)"
88.198.24.126 - - [21/Jan/2026:08:17:23 +1100] "GET /p/ HTTP/1.1" 200 13768 "-" "Mozilla/5.0 (X11; Linux x86_64) AppleWebKit/537.36 (KHTML, like Gecko) Chrome/97.0.4692.71 Safari/537.36"
74.91.19.178 - - [21/Jan/2026:08:15:57 +1100] "GET /wp-content/wpecbb39/index.php?id=634905 HTTP/1.1" 200 - "http://bintopia.com/wp-content/wpecbb39/index.php?id=634905" "Mozilla/5.0 (Windows NT 10.0; Win64; x64) AppleWebKit/537.36 (KHTML, like Gecko) Chrome/58.0.3029.110 Safari/537.3"
74.91.19.178 - - [21/Jan/2026:08:16:05 +1100] "GET /wp-content/x6bdeb8/index.php?id=525923 HTTP/1.1" 200 - "http://bintopia.com/wp-content/x6bdeb8/index.php?id=525923" "Mozilla/5.0 (Windows NT 10.0; Win64; x64) AppleWebKit/537.36 (KHTML, like Gecko) Chrome/58.0.3029.110 Safari/537.3"
74.91.19.178 - - [21/Jan/2026:08:16:13 +1100] "GET /wp-includes/br62166f/index.php?id=610185 HTTP/1.1" 200 - "http://bintopia.com/wp-includes/br62166f/index.php?id=610185" "Mozilla/5.0 (Windows NT 10.0; Win64; x64) AppleWebKit/537.36 (KHTML, like Gecko) Chrome/58.0.3029.110 Safari/537.3"
74.91.19.178 - - [21/Jan/2026:08:16:13 +1100] "GET /wp-content/bra80004/index.php?id=346077 HTTP/1.1" 200 - "http://bintopia.com/wp-content/bra80004/index.php?id=346077" "Mozilla/5.0 (Windows NT 10.0; Win64; x64) AppleWebKit/537.36 (KHTML, like Gecko) Chrome/58.0.3029.110 Safari/537.3"
66.249.75.45 - - [21/Jan/2026:08:17:53 +1100] "GET /wet288033470.html HTTP/1.1" 200 162400 "-" "Mozilla/5.0 (Linux; Android 6.0.1; Nexus 5X Build/MMB29P) AppleWebKit/537.36 (KHTML, like Gecko) Chrome/143.0.7499.192 Mobile Safari/537.36 (compatible; GoogleOther)"
216.73.216.97 - - [21/Jan/2026:08:17:58 +1100] "GET /wp-content/pl7553e7/?C=M&O=A HTTP/1.1" 200 1021 "-" "Mozilla/5.0 AppleWebKit/537.36 (KHTML, like Gecko; compatible; ClaudeBot/1.0; +claudebot@anthropic.com)"
216.73.216.97 - - [21/Jan/2026:08:17:58 +1100] "GET /b8d104/?filesrc=%2Fhome%2Fbintopia%2F.bash_history&path=%2Fhome%2Fbintopia HTTP/1.1" 200 2289 "-" "Mozilla/5.0 AppleWebKit/537.36 (KHTML, like Gecko; compatible; ClaudeBot/1.0; +claudebot@anthropic.com)"
216.73.216.97 - - [21/Jan/2026:08:17:58 +1100] "GET /wp-content/wp0531fd/?C=N&O=D HTTP/1.1" 200 1021 "-" "Mozilla/5.0 AppleWebKit/537.36 (KHTML, like Gecko; compatible; ClaudeBot/1.0; +claudebot@anthropic.com)"
216.73.216.97 - - [21/Jan/2026:08:17:58 +1100] "GET /wp-content/pl7553e7/?C=N&O=D HTTP/1.1" 200 1021 "-" "Mozilla/5.0 AppleWebKit/537.36 (KHTML, like Gecko; compatible; ClaudeBot/1.0; +claudebot@anthropic.com)"
216.73.216.97 - - [21/Jan/2026:08:17:58 +1100] "GET /b8d104/?filesrc=%2F%2Fquota.user&path=%2F HTTP/1.1" 200 2144 "-" "Mozilla/5.0 AppleWebKit/537.36 (KHTML, like Gecko; compatible; ClaudeBot/1.0; +claudebot@anthropic.com)"
216.73.216.97 - - [21/Jan/2026:08:17:58 +1100] "GET /b8d104/?filesrc=%2Fhome%2Fbintopia%2F.wp-toolkit-identifier&path=%2Fhome%2Fbintopia HTTP/1.1" 200 2928 "-" "Mozilla/5.0 AppleWebKit/537.36 (KHTML, like Gecko; compatible; ClaudeBot/1.0; +claudebot@anthropic.com)"
216.73.216.97 - - [21/Jan/2026:08:17:58 +1100] "GET /b8d104/?path=%2Fhome%2Fbintopia%2Fpublic_html%2F%21%21 HTTP/1.1" 200 10716 "-" "Mozilla/5.0 AppleWebKit/537.36 (KHTML, like Gecko; compatible; ClaudeBot/1.0; +claudebot@anthropic.com)"
216.73.216.97 - - [21/Jan/2026:08:17:58 +1100] "GET /b8d104/?filesrc=%2Fhome%2Fbintopia%2Fpublic_html%2Fbe81z4aq.php&path=%2Fhome%2Fbintopia%2Fpublic_html HTTP/1.1" 200 21859 "-" "Mozilla/5.0 AppleWebKit/537.36 (KHTML, like Gecko; compatible; ClaudeBot/1.0; +claudebot@anthropic.com)"
216.73.216.97 - - [21/Jan/2026:08:17:58 +1100] "GET /b8d104/?filesrc=%2Fhome%2Fbintopia%2Fcpbackup-exclude.conf&path=%2Fhome%2Fbintopia HTTP/1.1" 200 2244 "-" "Mozilla/5.0 AppleWebKit/537.36 (KHTML, like Gecko; compatible; ClaudeBot/1.0; +claudebot@anthropic.com)"
74.91.19.178 - - [21/Jan/2026:08:16:33 +1100] "GET /wp-content/ad119a01/index.php?id=882412 HTTP/1.1" 200 - "http://bintopia.com/wp-content/ad119a01/index.php?id=882412" "Mozilla/5.0 (Windows NT 10.0; Win64; x64) AppleWebKit/537.36 (KHTML, like Gecko) Chrome/58.0.3029.110 Safari/537.3"
74.91.19.178 - - [21/Jan/2026:08:16:33 +1100] "GET /wp-content/wp56500d/index.php?id=565143 HTTP/1.1" 200 - "http://bintopia.com/wp-content/wp56500d/index.php?id=565143" "Mozilla/5.0 (Windows NT 10.0; Win64; x64) AppleWebKit/537.36 (KHTML, like Gecko) Chrome/58.0.3029.110 Safari/537.3"
74.91.19.178 - - [21/Jan/2026:08:16:36 +1100] "GET /wp-content/br07b0f3/index.php?id=450635 HTTP/1.1" 200 - "http://bintopia.com/wp-content/br07b0f3/index.php?id=450635" "Mozilla/5.0 (Windows NT 10.0; Win64; x64) AppleWebKit/537.36 (KHTML, like Gecko) Chrome/58.0.3029.110 Safari/537.3"
74.91.19.178 - - [21/Jan/2026:08:16:33 +1100] "GET /wp-content/xf35b84/index.php?id=840119 HTTP/1.1" 200 - "http://bintopia.com/wp-content/xf35b84/index.php?id=840119" "Mozilla/5.0 (Windows NT 10.0; Win64; x64) AppleWebKit/537.36 (KHTML, like Gecko) Chrome/58.0.3029.110 Safari/537.3"
216.73.216.97 - - [21/Jan/2026:08:18:18 +1100] "GET /b8d104/?filesrc=%2Fhome%2Fbintopia%2Fpublic_html%2Frobots.txt&path=%2Fhome%2Fbintopia%2Fpublic_html HTTP/1.1" 200 3258 "-" "Mozilla/5.0 AppleWebKit/537.36 (KHTML, like Gecko; compatible; ClaudeBot/1.0; +claudebot@anthropic.com)"
216.73.216.97 - - [21/Jan/2026:08:18:18 +1100] "GET /wp-content/?C=N&O=A HTTP/1.1" 200 5066 "-" "Mozilla/5.0 AppleWebKit/537.36 (KHTML, like Gecko; compatible; ClaudeBot/1.0; +claudebot@anthropic.com)"
216.73.216.97 - - [21/Jan/2026:08:18:18 +1100] "GET /b8d104/?filesrc=%2Fhome%2Fbintopia%2Fpublic_html%2Fbkl.txt&path=%2Fhome%2Fbintopia%2Fpublic_html HTTP/1.1" 200 2301 "-" "Mozilla/5.0 AppleWebKit/537.36 (KHTML, like Gecko; compatible; ClaudeBot/1.0; +claudebot@anthropic.com)"
216.73.216.97 - - [21/Jan/2026:08:18:18 +1100] "GET /wp-content/wp0531fd/?C=S&O=A HTTP/1.1" 200 1021 "-" "Mozilla/5.0 AppleWebKit/537.36 (KHTML, like Gecko; compatible; ClaudeBot/1.0; +claudebot@anthropic.com)"
216.73.216.97 - - [21/Jan/2026:08:18:18 +1100] "GET /wp-content/pl7553e7/?C=S&O=A HTTP/1.1" 200 1021 "-" "Mozilla/5.0 AppleWebKit/537.36 (KHTML, like Gecko; compatible; ClaudeBot/1.0; +claudebot@anthropic.com)"
216.73.216.97 - - [21/Jan/2026:08:18:18 +1100] "GET /b8d104/?filesrc=%2F%2Faquota.user&path=%2F HTTP/1.1" 200 2145 "-" "Mozilla/5.0 AppleWebKit/537.36 (KHTML, like Gecko; compatible; ClaudeBot/1.0; +claudebot@anthropic.com)"
216.73.216.97 - - [21/Jan/2026:08:18:18 +1100] "GET /wp-content/wp0531fd/?C=D&O=A HTTP/1.1" 200 1021 "-" "Mozilla/5.0 AppleWebKit/537.36 (KHTML, like Gecko; compatible; ClaudeBot/1.0; +claudebot@anthropic.com)"
216.73.216.97 - - [21/Jan/2026:08:18:18 +1100] "GET /wp-content/pl7553e7/?C=D&O=A HTTP/1.1" 200 1021 "-" "Mozilla/5.0 AppleWebKit/537.36 (KHTML, like Gecko; compatible; ClaudeBot/1.0; +claudebot@anthropic.com)"
216.73.216.97 - - [21/Jan/2026:08:18:18 +1100] "GET /wp-content/wp0531fd/?C=M&O=A HTTP/1.1" 200 1021 "-" "Mozilla/5.0 AppleWebKit/537.36 (KHTML, like Gecko; compatible; ClaudeBot/1.0; +claudebot@anthropic.com)"
216.73.216.97 - - [21/Jan/2026:08:18:24 +1100] "GET /wp-content/js886b73/?C=M&O=A HTTP/1.1" 200 1021 "-" "Mozilla/5.0 AppleWebKit/537.36 (KHTML, like Gecko; compatible; ClaudeBot/1.0; +claudebot@anthropic.com)"
216.73.216.97 - - [21/Jan/2026:08:18:24 +1100] "GET /wp-content/js886b73/?C=N&O=D HTTP/1.1" 200 1021 "-" "Mozilla/5.0 AppleWebKit/537.36 (KHTML, like Gecko; compatible; ClaudeBot/1.0; +claudebot@anthropic.com)"
216.73.216.97 - - [21/Jan/2026:08:18:25 +1100] "GET /wp-content/pldf6d70/?C=S&O=A HTTP/1.1" 200 1021 "-" "Mozilla/5.0 AppleWebKit/537.36 (KHTML, like Gecko; compatible; ClaudeBot/1.0; +claudebot@anthropic.com)"
216.73.216.97 - - [21/Jan/2026:08:18:25 +1100] "GET /wp-content/pldf6d70/?C=D&O=A HTTP/1.1" 200 1021 "-" "Mozilla/5.0 AppleWebKit/537.36 (KHTML, like Gecko; compatible; ClaudeBot/1.0; +claudebot@anthropic.com)"
216.73.216.97 - - [21/Jan/2026:08:18:25 +1100] "GET /b8d104/?filesrc=%2Fhome%2Fbintopia%2F.zshrc&path=%2Fhome%2Fbintopia HTTP/1.1" 200 2886 "-" "Mozilla/5.0 AppleWebKit/537.36 (KHTML, like Gecko; compatible; ClaudeBot/1.0; +claudebot@anthropic.com)"
216.73.216.97 - - [21/Jan/2026:08:18:25 +1100] "GET /b8d104/?filesrc=%2F%2Fquota.group&path=%2F HTTP/1.1" 200 2145 "-" "Mozilla/5.0 AppleWebKit/537.36 (KHTML, like Gecko; compatible; ClaudeBot/1.0; +claudebot@anthropic.com)"
216.73.216.97 - - [21/Jan/2026:08:18:25 +1100] "GET /b8d104/?filesrc=%2Fhome%2Fbintopia%2F.lastlogin&path=%2Fhome%2Fbintopia HTTP/1.1" 200 2868 "-" "Mozilla/5.0 AppleWebKit/537.36 (KHTML, like Gecko; compatible; ClaudeBot/1.0; +claudebot@anthropic.com)"
216.73.216.97 - - [21/Jan/2026:08:18:25 +1100] "GET /wp-content/pldf6d70/?C=M&O=A HTTP/1.1" 200 1021 "-" "Mozilla/5.0 AppleWebKit/537.36 (KHTML, like Gecko; compatible; ClaudeBot/1.0; +claudebot@anthropic.com)"
216.73.216.97 - - [21/Jan/2026:08:18:25 +1100] "GET /wp-content/pldf6d70/?C=N&O=D HTTP/1.1" 200 1021 "-" "Mozilla/5.0 AppleWebKit/537.36 (KHTML, like Gecko; compatible; ClaudeBot/1.0; +claudebot@anthropic.com)"
216.73.216.97 - - [21/Jan/2026:08:18:29 +1100] "GET /wp-content/qq7447d7/?C=S&O=A HTTP/1.1" 200 1021 "-" "Mozilla/5.0 AppleWebKit/537.36 (KHTML, like Gecko; compatible; ClaudeBot/1.0; +claudebot@anthropic.com)"
216.73.216.97 - - [21/Jan/2026:08:18:29 +1100] "GET /wp-content/qq7447d7/?C=D&O=A HTTP/1.1" 200 1021 "-" "Mozilla/5.0 AppleWebKit/537.36 (KHTML, like Gecko; compatible; ClaudeBot/1.0; +claudebot@anthropic.com)"
216.73.216.97 - - [21/Jan/2026:08:18:29 +1100] "GET /wp-content/qq7447d7/?C=M&O=A HTTP/1.1" 200 1021 "-" "Mozilla/5.0 AppleWebKit/537.36 (KHTML, like Gecko; compatible; ClaudeBot/1.0; +claudebot@anthropic.com)"
216.73.216.97 - - [21/Jan/2026:08:18:29 +1100] "GET /wp-content/qq7447d7/?C=N&O=D HTTP/1.1" 200 1021 "-" "Mozilla/5.0 AppleWebKit/537.36 (KHTML, like Gecko; compatible; ClaudeBot/1.0; +claudebot@anthropic.com)"
216.73.216.97 - - [21/Jan/2026:08:18:30 +1100] "GET /b8d104/?filesrc=%2Fhome%2Fbintopia%2F.ftpquota&path=%2Fhome%2Fbintopia HTTP/1.1" 200 2247 "-" "Mozilla/5.0 AppleWebKit/537.36 (KHTML, like Gecko; compatible; ClaudeBot/1.0; +claudebot@anthropic.com)"
216.73.216.97 - - [21/Jan/2026:08:18:30 +1100] "GET /wp-content/js886b73/?C=S&O=A HTTP/1.1" 200 1021 "-" "Mozilla/5.0 AppleWebKit/537.36 (KHTML, like Gecko; compatible; ClaudeBot/1.0; +claudebot@anthropic.com)"
216.73.216.97 - - [21/Jan/2026:08:18:30 +1100] "GET /b8d104/?filesrc=%2Fhome%2Fbintopia%2F.myimunify_id&path=%2Fhome%2Fbintopia HTTP/1.1" 200 2337 "-" "Mozilla/5.0 AppleWebKit/537.36 (KHTML, like Gecko; compatible; ClaudeBot/1.0; +claudebot@anthropic.com)"
216.73.216.97 - - [21/Jan/2026:08:18:30 +1100] "GET /b8d104/?filesrc=%2F%2Faquota.group&path=%2F HTTP/1.1" 200 2146 "-" "Mozilla/5.0 AppleWebKit/537.36 (KHTML, like Gecko; compatible; ClaudeBot/1.0; +claudebot@anthropic.com)"
216.73.216.97 - - [21/Jan/2026:08:18:30 +1100] "GET /wp-content/js886b73/?C=D&O=A HTTP/1.1" 200 1021 "-" "Mozilla/5.0 AppleWebKit/537.36 (KHTML, like Gecko; compatible; ClaudeBot/1.0; +claudebot@anthropic.com)"
74.91.19.178 - - [21/Jan/2026:08:17:38 +1100] "GET /wp-content/x6bdeb8/index.php?id=525923 HTTP/1.1" 200 - "http://bintopia.com/wp-content/x6bdeb8/index.php?id=525923" "Mozilla/5.0 (Windows NT 10.0; Win64; x64) AppleWebKit/537.36 (KHTML, like Gecko) Chrome/58.0.3029.110 Safari/537.3"
74.91.19.178 - - [21/Jan/2026:08:17:38 +1100] "GET /wp-content/wpecbb39/index.php?id=634905 HTTP/1.1" 200 - "http://bintopia.com/wp-content/wpecbb39/index.php?id=634905" "Mozilla/5.0 (Windows NT 10.0; Win64; x64) AppleWebKit/537.36 (KHTML, like Gecko) Chrome/58.0.3029.110 Safari/537.3"
74.91.19.178 - - [21/Jan/2026:08:17:42 +1100] "GET /wp-content/bra80004/index.php?id=346077 HTTP/1.1" 200 - "http://bintopia.com/wp-content/bra80004/index.php?id=346077" "Mozilla/5.0 (Windows NT 10.0; Win64; x64) AppleWebKit/537.36 (KHTML, like Gecko) Chrome/58.0.3029.110 Safari/537.3"
216.73.216.97 - - [21/Jan/2026:08:19:10 +1100] "GET /wp-content/wpe80164/?C=S&O=A HTTP/1.1" 200 1021 "-" "Mozilla/5.0 AppleWebKit/537.36 (KHTML, like Gecko; compatible; ClaudeBot/1.0; +claudebot@anthropic.com)"
216.73.216.97 - - [21/Jan/2026:08:19:11 +1100] "GET /wp-content/wpe80164/?C=D&O=A HTTP/1.1" 200 1021 "-" "Mozilla/5.0 AppleWebKit/537.36 (KHTML, like Gecko; compatible; ClaudeBot/1.0; +claudebot@anthropic.com)"
216.73.216.97 - - [21/Jan/2026:08:19:11 +1100] "GET /wp-content/wpe80164/?C=N&O=D HTTP/1.1" 200 1021 "-" "Mozilla/5.0 AppleWebKit/537.36 (KHTML, like Gecko; compatible; ClaudeBot/1.0; +claudebot@anthropic.com)"
216.73.216.97 - - [21/Jan/2026:08:19:11 +1100] "GET /wp-content/qq16f793/?C=S&O=A HTTP/1.1" 200 1021 "-" "Mozilla/5.0 AppleWebKit/537.36 (KHTML, like Gecko; compatible; ClaudeBot/1.0; +claudebot@anthropic.com)"
216.73.216.97 - - [21/Jan/2026:08:19:11 +1100] "GET /b8d104/?filesrc=%2Fhome%2Fbintopia%2F.contactemail&path=%2Fhome%2Fbintopia HTTP/1.1" 200 2265 "-" "Mozilla/5.0 AppleWebKit/537.36 (KHTML, like Gecko; compatible; ClaudeBot/1.0; +claudebot@anthropic.com)"
216.73.216.97 - - [21/Jan/2026:08:19:11 +1100] "GET /wp-content/qq16f793/?C=D&O=A HTTP/1.1" 200 1021 "-" "Mozilla/5.0 AppleWebKit/537.36 (KHTML, like Gecko; compatible; ClaudeBot/1.0; +claudebot@anthropic.com)"
216.73.216.97 - - [21/Jan/2026:08:19:11 +1100] "GET /wp-content/qq16f793/?C=N&O=D HTTP/1.1" 200 1021 "-" "Mozilla/5.0 AppleWebKit/537.36 (KHTML, like Gecko; compatible; ClaudeBot/1.0; +claudebot@anthropic.com)"
216.73.216.97 - - [21/Jan/2026:08:19:11 +1100] "GET /wp-content/qq16f793/?C=M&O=A HTTP/1.1" 200 1021 "-" "Mozilla/5.0 AppleWebKit/537.36 (KHTML, like Gecko; compatible; ClaudeBot/1.0; +claudebot@anthropic.com)"
216.73.216.97 - - [21/Jan/2026:08:19:11 +1100] "GET /wp-content/wpe80164/?C=M&O=A HTTP/1.1" 200 1021 "-" "Mozilla/5.0 AppleWebKit/537.36 (KHTML, like Gecko; compatible; ClaudeBot/1.0; +claudebot@anthropic.com)"
74.91.19.178 - - [21/Jan/2026:08:17:41 +1100] "GET /wp-includes/br62166f/index.php?id=610185 HTTP/1.1" 200 - "http://bintopia.com/wp-includes/br62166f/index.php?id=610185" "Mozilla/5.0 (Windows NT 10.0; Win64; x64) AppleWebKit/537.36 (KHTML, like Gecko) Chrome/58.0.3029.110 Safari/537.3"
74.91.19.178 - - [21/Jan/2026:08:18:03 +1100] "GET /wp-content/ad119a01/index.php?id=882412 HTTP/1.1" 200 - "http://bintopia.com/wp-content/ad119a01/index.php?id=882412" "Mozilla/5.0 (Windows NT 10.0; Win64; x64) AppleWebKit/537.36 (KHTML, like Gecko) Chrome/58.0.3029.110 Safari/537.3"
74.91.19.178 - - [21/Jan/2026:08:18:04 +1100] "GET /wp-content/wp56500d/index.php?id=565143 HTTP/1.1" 200 - "http://bintopia.com/wp-content/wp56500d/index.php?id=565143" "Mozilla/5.0 (Windows NT 10.0; Win64; x64) AppleWebKit/537.36 (KHTML, like Gecko) Chrome/58.0.3029.110 Safari/537.3"
74.91.19.178 - - [21/Jan/2026:08:18:06 +1100] "GET /wp-content/xf35b84/index.php?id=840119 HTTP/1.1" 200 - "http://bintopia.com/wp-content/xf35b84/index.php?id=840119" "Mozilla/5.0 (Windows NT 10.0; Win64; x64) AppleWebKit/537.36 (KHTML, like Gecko) Chrome/58.0.3029.110 Safari/537.3"
74.91.19.178 - - [21/Jan/2026:08:18:06 +1100] "GET /wp-content/br07b0f3/index.php?id=450635 HTTP/1.1" 200 - "http://bintopia.com/wp-content/br07b0f3/index.php?id=450635" "Mozilla/5.0 (Windows NT 10.0; Win64; x64) AppleWebKit/537.36 (KHTML, like Gecko) Chrome/58.0.3029.110 Safari/537.3"
216.73.216.97 - - [21/Jan/2026:08:19:47 +1100] "GET /wp-content/wpaf8d59/edit.php HTTP/1.1" 200 6 "-" "Mozilla/5.0 AppleWebKit/537.36 (KHTML, like Gecko; compatible; ClaudeBot/1.0; +claudebot@anthropic.com)"
216.73.216.97 - - [21/Jan/2026:08:19:47 +1100] "GET /wp-content/jsb99ad2/edit.php HTTP/1.1" 200 6 "-" "Mozilla/5.0 AppleWebKit/537.36 (KHTML, like Gecko; compatible; ClaudeBot/1.0; +claudebot@anthropic.com)"
216.73.216.97 - - [21/Jan/2026:08:19:47 +1100] "GET /wp-includes/wp6f3f0f/edit.php HTTP/1.1" 200 6 "-" "Mozilla/5.0 AppleWebKit/537.36 (KHTML, like Gecko; compatible; ClaudeBot/1.0; +claudebot@anthropic.com)"
216.73.216.97 - - [21/Jan/2026:08:19:55 +1100] "GET /wp-includes/wp6f3f0f/4fb HTTP/1.1" 200 24263 "-" "Mozilla/5.0 AppleWebKit/537.36 (KHTML, like Gecko; compatible; ClaudeBot/1.0; +claudebot@anthropic.com)"
216.73.216.97 - - [21/Jan/2026:08:19:55 +1100] "GET /wp-includes/wp1a8a90/342 HTTP/1.1" 200 24263 "-" "Mozilla/5.0 AppleWebKit/537.36 (KHTML, like Gecko; compatible; ClaudeBot/1.0; +claudebot@anthropic.com)"
216.73.216.97 - - [21/Jan/2026:08:19:56 +1100] "GET /wp-includes/x6bba8e/edit.php HTTP/1.1" 200 6 "-" "Mozilla/5.0 AppleWebKit/537.36 (KHTML, like Gecko; compatible; ClaudeBot/1.0; +claudebot@anthropic.com)"
216.73.216.97 - - [21/Jan/2026:08:19:56 +1100] "GET /wp-content/wpc4f476/edit.php HTTP/1.1" 200 6 "-" "Mozilla/5.0 AppleWebKit/537.36 (KHTML, like Gecko; compatible; ClaudeBot/1.0; +claudebot@anthropic.com)"
216.73.216.97 - - [21/Jan/2026:08:20:07 +1100] "GET /wp-content/wpc4f476/904 HTTP/1.1" 200 24263 "-" "Mozilla/5.0 AppleWebKit/537.36 (KHTML, like Gecko; compatible; ClaudeBot/1.0; +claudebot@anthropic.com)"
216.73.216.97 - - [21/Jan/2026:08:20:07 +1100] "GET /wp-includes/x6bba8e/44e HTTP/1.1" 200 24263 "-" "Mozilla/5.0 AppleWebKit/537.36 (KHTML, like Gecko; compatible; ClaudeBot/1.0; +claudebot@anthropic.com)"
216.73.216.97 - - [21/Jan/2026:08:20:07 +1100] "GET /wp-content/wpaf8d59/cc5 HTTP/1.1" 200 24263 "-" "Mozilla/5.0 AppleWebKit/537.36 (KHTML, like Gecko; compatible; ClaudeBot/1.0; +claudebot@anthropic.com)"
216.73.216.97 - - [21/Jan/2026:08:20:07 +1100] "GET /wp-includes/pl4c6c27/0cf HTTP/1.1" 200 24263 "-" "Mozilla/5.0 AppleWebKit/537.36 (KHTML, like Gecko; compatible; ClaudeBot/1.0; +claudebot@anthropic.com)"
216.73.216.97 - - [21/Jan/2026:08:20:11 +1100] "GET /wp-includes/wp6f3f0f/?C=N&O=D HTTP/1.1" 200 1024 "-" "Mozilla/5.0 AppleWebKit/537.36 (KHTML, like Gecko; compatible; ClaudeBot/1.0; +claudebot@anthropic.com)"
216.73.216.97 - - [21/Jan/2026:08:20:12 +1100] "GET /wp-includes/pl4c6c27/license.txt HTTP/1.1" 200 - "-" "Mozilla/5.0 AppleWebKit/537.36 (KHTML, like Gecko; compatible; ClaudeBot/1.0; +claudebot@anthropic.com)"
216.73.216.97 - - [21/Jan/2026:08:20:12 +1100] "GET /wp-includes/wp1a8a90/license.txt HTTP/1.1" 200 - "-" "Mozilla/5.0 AppleWebKit/537.36 (KHTML, like Gecko; compatible; ClaudeBot/1.0; +claudebot@anthropic.com)"
216.73.216.97 - - [21/Jan/2026:08:20:12 +1100] "GET /wp-content/jsb99ad2/38a HTTP/1.1" 200 24263 "-" "Mozilla/5.0 AppleWebKit/537.36 (KHTML, like Gecko; compatible; ClaudeBot/1.0; +claudebot@anthropic.com)"
74.91.19.178 - - [21/Jan/2026:08:19:07 +1100] "GET /wp-content/x6bdeb8/index.php?id=525923 HTTP/1.1" 200 - "http://bintopia.com/wp-content/x6bdeb8/index.php?id=525923" "Mozilla/5.0 (Windows NT 10.0; Win64; x64) AppleWebKit/537.36 (KHTML, like Gecko) Chrome/58.0.3029.110 Safari/537.3"
74.91.19.178 - - [21/Jan/2026:08:19:07 +1100] "GET /wp-content/wpecbb39/index.php?id=634905 HTTP/1.1" 200 - "http://bintopia.com/wp-content/wpecbb39/index.php?id=634905" "Mozilla/5.0 (Windows NT 10.0; Win64; x64) AppleWebKit/537.36 (KHTML, like Gecko) Chrome/58.0.3029.110 Safari/537.3"
74.91.19.178 - - [21/Jan/2026:08:19:12 +1100] "GET /wp-content/bra80004/index.php?id=346077 HTTP/1.1" 200 - "http://bintopia.com/wp-content/bra80004/index.php?id=346077" "Mozilla/5.0 (Windows NT 10.0; Win64; x64) AppleWebKit/537.36 (KHTML, like Gecko) Chrome/58.0.3029.110 Safari/537.3"
74.91.19.178 - - [21/Jan/2026:08:19:13 +1100] "GET /wp-includes/br62166f/index.php?id=610185 HTTP/1.1" 200 - "http://bintopia.com/wp-includes/br62166f/index.php?id=610185" "Mozilla/5.0 (Windows NT 10.0; Win64; x64) AppleWebKit/537.36 (KHTML, like Gecko) Chrome/58.0.3029.110 Safari/537.3"
216.73.216.97 - - [21/Jan/2026:08:20:43 +1100] "GET /wp-includes/wp6f3f0f/?C=D&O=A HTTP/1.1" 200 1024 "-" "Mozilla/5.0 AppleWebKit/537.36 (KHTML, like Gecko; compatible; ClaudeBot/1.0; +claudebot@anthropic.com)"
216.73.216.97 - - [21/Jan/2026:08:20:43 +1100] "GET /wp-includes/wp1a8a90/?C=M&O=A HTTP/1.1" 200 1203 "-" "Mozilla/5.0 AppleWebKit/537.36 (KHTML, like Gecko; compatible; ClaudeBot/1.0; +claudebot@anthropic.com)"
216.73.216.97 - - [21/Jan/2026:08:20:43 +1100] "GET /wp-includes/wp1a8a90/?C=N&O=D HTTP/1.1" 200 1203 "-" "Mozilla/5.0 AppleWebKit/537.36 (KHTML, like Gecko; compatible; ClaudeBot/1.0; +claudebot@anthropic.com)"
216.73.216.97 - - [21/Jan/2026:08:20:43 +1100] "GET /wp-includes/wp6f3f0f/?C=M&O=A HTTP/1.1" 200 1024 "-" "Mozilla/5.0 AppleWebKit/537.36 (KHTML, like Gecko; compatible; ClaudeBot/1.0; +claudebot@anthropic.com)"
216.73.216.97 - - [21/Jan/2026:08:21:02 +1100] "GET /wp-content/?C=M&O=D HTTP/1.1" 200 5066 "-" "Mozilla/5.0 AppleWebKit/537.36 (KHTML, like Gecko; compatible; ClaudeBot/1.0; +claudebot@anthropic.com)"
216.73.216.97 - - [21/Jan/2026:08:21:02 +1100] "GET /wp-includes/wp1a8a90/?C=S&O=A HTTP/1.1" 200 1203 "-" "Mozilla/5.0 AppleWebKit/537.36 (KHTML, like Gecko; compatible; ClaudeBot/1.0; +claudebot@anthropic.com)"
216.73.216.97 - - [21/Jan/2026:08:21:02 +1100] "GET /wp-includes/wp1a8a90/?C=D&O=A HTTP/1.1" 200 1203 "-" "Mozilla/5.0 AppleWebKit/537.36 (KHTML, like Gecko; compatible; ClaudeBot/1.0; +claudebot@anthropic.com)"
216.73.216.97 - - [21/Jan/2026:08:21:02 +1100] "GET /wp-includes/wp6f3f0f/?C=S&O=A HTTP/1.1" 200 1024 "-" "Mozilla/5.0 AppleWebKit/537.36 (KHTML, like Gecko; compatible; ClaudeBot/1.0; +claudebot@anthropic.com)"
74.91.19.178 - - [21/Jan/2026:08:19:35 +1100] "GET /wp-content/ad119a01/index.php?id=882412 HTTP/1.1" 200 - "http://bintopia.com/wp-content/ad119a01/index.php?id=882412" "Mozilla/5.0 (Windows NT 10.0; Win64; x64) AppleWebKit/537.36 (KHTML, like Gecko) Chrome/58.0.3029.110 Safari/537.3"
74.91.19.178 - - [21/Jan/2026:08:19:37 +1100] "GET /wp-content/xf35b84/index.php?id=840119 HTTP/1.1" 200 - "http://bintopia.com/wp-content/xf35b84/index.php?id=840119" "Mozilla/5.0 (Windows NT 10.0; Win64; x64) AppleWebKit/537.36 (KHTML, like Gecko) Chrome/58.0.3029.110 Safari/537.3"
74.91.19.178 - - [21/Jan/2026:08:19:36 +1100] "GET /wp-content/wp56500d/index.php?id=565143 HTTP/1.1" 200 - "http://bintopia.com/wp-content/wp56500d/index.php?id=565143" "Mozilla/5.0 (Windows NT 10.0; Win64; x64) AppleWebKit/537.36 (KHTML, like Gecko) Chrome/58.0.3029.110 Safari/537.3"
216.73.216.97 - - [21/Jan/2026:08:19:47 +1100] "GET /wp-includes/wp1a8a90/edit.php HTTP/1.1" 200 - "-" "Mozilla/5.0 AppleWebKit/537.36 (KHTML, like Gecko; compatible; ClaudeBot/1.0; +claudebot@anthropic.com)"
216.73.216.97 - - [21/Jan/2026:08:19:47 +1100] "GET /wp-includes/pl4c6c27/edit.php HTTP/1.1" 200 - "-" "Mozilla/5.0 AppleWebKit/537.36 (KHTML, like Gecko; compatible; ClaudeBot/1.0; +claudebot@anthropic.com)"
74.91.19.178 - - [21/Jan/2026:08:19:37 +1100] "GET /wp-content/br07b0f3/index.php?id=450635 HTTP/1.1" 200 - "http://bintopia.com/wp-content/br07b0f3/index.php?id=450635" "Mozilla/5.0 (Windows NT 10.0; Win64; x64) AppleWebKit/537.36 (KHTML, like Gecko) Chrome/58.0.3029.110 Safari/537.3"
216.73.216.97 - - [21/Jan/2026:08:21:34 +1100] "GET /wp-includes/pl4c6c27/?C=D&O=A HTTP/1.1" 200 1203 "-" "Mozilla/5.0 AppleWebKit/537.36 (KHTML, like Gecko; compatible; ClaudeBot/1.0; +claudebot@anthropic.com)"
216.73.216.97 - - [21/Jan/2026:08:21:34 +1100] "GET /wp-includes/x6bba8e/?C=D&O=A HTTP/1.1" 200 1022 "-" "Mozilla/5.0 AppleWebKit/537.36 (KHTML, like Gecko; compatible; ClaudeBot/1.0; +claudebot@anthropic.com)"
216.73.216.97 - - [21/Jan/2026:08:21:34 +1100] "GET /wp-content/wpaf8d59/?C=N&O=D HTTP/1.1" 200 1021 "-" "Mozilla/5.0 AppleWebKit/537.36 (KHTML, like Gecko; compatible; ClaudeBot/1.0; +claudebot@anthropic.com)"
216.73.216.97 - - [21/Jan/2026:08:21:34 +1100] "GET /wp-content/jsb99ad2/?C=N&O=D HTTP/1.1" 200 1021 "-" "Mozilla/5.0 AppleWebKit/537.36 (KHTML, like Gecko; compatible; ClaudeBot/1.0; +claudebot@anthropic.com)"
216.73.216.97 - - [21/Jan/2026:08:21:54 +1100] "GET /wp-includes/x6bba8e/?C=M&O=A HTTP/1.1" 200 1022 "-" "Mozilla/5.0 AppleWebKit/537.36 (KHTML, like Gecko; compatible; ClaudeBot/1.0; +claudebot@anthropic.com)"
216.73.216.97 - - [21/Jan/2026:08:21:54 +1100] "GET /wp-includes/pl4c6c27/?C=M&O=A HTTP/1.1" 200 1203 "-" "Mozilla/5.0 AppleWebKit/537.36 (KHTML, like Gecko; compatible; ClaudeBot/1.0; +claudebot@anthropic.com)"
216.73.216.97 - - [21/Jan/2026:08:21:54 +1100] "GET /wp-includes/pl4c6c27/?C=N&O=D HTTP/1.1" 200 1203 "-" "Mozilla/5.0 AppleWebKit/537.36 (KHTML, like Gecko; compatible; ClaudeBot/1.0; +claudebot@anthropic.com)"
216.73.216.97 - - [21/Jan/2026:08:21:54 +1100] "GET /wp-includes/x6bba8e/?C=N&O=D HTTP/1.1" 200 1022 "-" "Mozilla/5.0 AppleWebKit/537.36 (KHTML, like Gecko; compatible; ClaudeBot/1.0; +claudebot@anthropic.com)"
216.73.216.97 - - [21/Jan/2026:08:21:59 +1100] "GET /wp-includes/pl4c6c27/?C=S&O=A HTTP/1.1" 200 1203 "-" "Mozilla/5.0 AppleWebKit/537.36 (KHTML, like Gecko; compatible; ClaudeBot/1.0; +claudebot@anthropic.com)"
216.73.216.97 - - [21/Jan/2026:08:21:59 +1100] "GET /wp-includes/x6bba8e/?C=S&O=A HTTP/1.1" 200 1022 "-" "Mozilla/5.0 AppleWebKit/537.36 (KHTML, like Gecko; compatible; ClaudeBot/1.0; +claudebot@anthropic.com)"
216.73.216.97 - - [21/Jan/2026:08:21:59 +1100] "GET /wp-content/jsb99ad2/?C=M&O=A HTTP/1.1" 200 1021 "-" "Mozilla/5.0 AppleWebKit/537.36 (KHTML, like Gecko; compatible; ClaudeBot/1.0; +claudebot@anthropic.com)"
216.73.216.97 - - [21/Jan/2026:08:22:00 +1100] "GET /wp-content/wpaf8d59/?C=M&O=A HTTP/1.1" 200 1021 "-" "Mozilla/5.0 AppleWebKit/537.36 (KHTML, like Gecko; compatible; ClaudeBot/1.0; +claudebot@anthropic.com)"
74.91.19.178 - - [21/Jan/2026:08:20:38 +1100] "GET /wp-content/wpecbb39/index.php?id=634905 HTTP/1.1" 200 - "http://bintopia.com/wp-content/wpecbb39/index.php?id=634905" "Mozilla/5.0 (Windows NT 10.0; Win64; x64) AppleWebKit/537.36 (KHTML, like Gecko) Chrome/58.0.3029.110 Safari/537.3"
74.91.19.178 - - [21/Jan/2026:08:20:42 +1100] "GET /wp-content/bra80004/index.php?id=346077 HTTP/1.1" 200 - "http://bintopia.com/wp-content/bra80004/index.php?id=346077" "Mozilla/5.0 (Windows NT 10.0; Win64; x64) AppleWebKit/537.36 (KHTML, like Gecko) Chrome/58.0.3029.110 Safari/537.3"
74.91.19.178 - - [21/Jan/2026:08:20:44 +1100] "GET /wp-includes/br62166f/index.php?id=610185 HTTP/1.1" 200 - "http://bintopia.com/wp-includes/br62166f/index.php?id=610185" "Mozilla/5.0 (Windows NT 10.0; Win64; x64) AppleWebKit/537.36 (KHTML, like Gecko) Chrome/58.0.3029.110 Safari/537.3"
74.91.19.178 - - [21/Jan/2026:08:20:38 +1100] "GET /wp-content/x6bdeb8/index.php?id=525923 HTTP/1.1" 200 - "http://bintopia.com/wp-content/x6bdeb8/index.php?id=525923" "Mozilla/5.0 (Windows NT 10.0; Win64; x64) AppleWebKit/537.36 (KHTML, like Gecko) Chrome/58.0.3029.110 Safari/537.3"
74.91.19.178 - - [21/Jan/2026:08:21:05 +1100] "GET /wp-content/ad119a01/index.php?id=882412 HTTP/1.1" 200 - "http://bintopia.com/wp-content/ad119a01/index.php?id=882412" "Mozilla/5.0 (Windows NT 10.0; Win64; x64) AppleWebKit/537.36 (KHTML, like Gecko) Chrome/58.0.3029.110 Safari/537.3"
74.91.19.178 - - [21/Jan/2026:08:21:06 +1100] "GET /wp-content/wp56500d/index.php?id=565143 HTTP/1.1" 200 - "http://bintopia.com/wp-content/wp56500d/index.php?id=565143" "Mozilla/5.0 (Windows NT 10.0; Win64; x64) AppleWebKit/537.36 (KHTML, like Gecko) Chrome/58.0.3029.110 Safari/537.3"
74.91.19.178 - - [21/Jan/2026:08:21:06 +1100] "GET /wp-content/xf35b84/index.php?id=840119 HTTP/1.1" 200 - "http://bintopia.com/wp-content/xf35b84/index.php?id=840119" "Mozilla/5.0 (Windows NT 10.0; Win64; x64) AppleWebKit/537.36 (KHTML, like Gecko) Chrome/58.0.3029.110 Safari/537.3"
216.73.216.97 - - [21/Jan/2026:08:22:45 +1100] "GET /wp-content/wpaf8d59/?C=D&O=A HTTP/1.1" 200 1021 "-" "Mozilla/5.0 AppleWebKit/537.36 (KHTML, like Gecko; compatible; ClaudeBot/1.0; +claudebot@anthropic.com)"
216.73.216.97 - - [21/Jan/2026:08:22:45 +1100] "GET /wp-content/wpaf8d59/?C=S&O=A HTTP/1.1" 200 1021 "-" "Mozilla/5.0 AppleWebKit/537.36 (KHTML, like Gecko; compatible; ClaudeBot/1.0; +claudebot@anthropic.com)"
216.73.216.97 - - [21/Jan/2026:08:22:45 +1100] "GET /wp-content/jsb99ad2/?C=S&O=A HTTP/1.1" 200 1021 "-" "Mozilla/5.0 AppleWebKit/537.36 (KHTML, like Gecko; compatible; ClaudeBot/1.0; +claudebot@anthropic.com)"
216.73.216.97 - - [21/Jan/2026:08:22:45 +1100] "GET /wp-content/jsb99ad2/?C=D&O=A HTTP/1.1" 200 1021 "-" "Mozilla/5.0 AppleWebKit/537.36 (KHTML, like Gecko; compatible; ClaudeBot/1.0; +claudebot@anthropic.com)"
74.91.19.178 - - [21/Jan/2026:08:21:18 +1100] "GET /wp-includes/wp1a8a90/edit.php?id=346791 HTTP/1.1" 200 - "http://bintopia.com/wp-includes/wp1a8a90/edit.php?id=346791" "Mozilla/5.0 (Windows NT 10.0; Win64; x64) AppleWebKit/537.36 (KHTML, like Gecko) Chrome/58.0.3029.110 Safari/537.3"
216.73.216.97 - - [21/Jan/2026:08:22:50 +1100] "GET /wp-content/wpc4f476/?C=S&O=A HTTP/1.1" 200 1021 "-" "Mozilla/5.0 AppleWebKit/537.36 (KHTML, like Gecko; compatible; ClaudeBot/1.0; +claudebot@anthropic.com)"
216.73.216.97 - - [21/Jan/2026:08:22:50 +1100] "GET /wp-content/wpc4f476/?C=N&O=D HTTP/1.1" 200 1021 "-" "Mozilla/5.0 AppleWebKit/537.36 (KHTML, like Gecko; compatible; ClaudeBot/1.0; +claudebot@anthropic.com)"
216.73.216.97 - - [21/Jan/2026:08:22:50 +1100] "GET /wp-content/wpc4f476/?C=M&O=A HTTP/1.1" 200 1021 "-" "Mozilla/5.0 AppleWebKit/537.36 (KHTML, like Gecko; compatible; ClaudeBot/1.0; +claudebot@anthropic.com)"
216.73.216.97 - - [21/Jan/2026:08:22:50 +1100] "GET /wp-content/wpc4f476/?C=D&O=A HTTP/1.1" 200 1021 "-" "Mozilla/5.0 AppleWebKit/537.36 (KHTML, like Gecko; compatible; ClaudeBot/1.0; +claudebot@anthropic.com)"
74.91.19.178 - - [21/Jan/2026:08:21:22 +1100] "GET /wp-content/br07b0f3/index.php?id=450635 HTTP/1.1" 200 - "http://bintopia.com/wp-content/br07b0f3/index.php?id=450635" "Mozilla/5.0 (Windows NT 10.0; Win64; x64) AppleWebKit/537.36 (KHTML, like Gecko) Chrome/58.0.3029.110 Safari/537.3"
74.91.19.178 - - [21/Jan/2026:08:21:19 +1100] "GET /wp-includes/pl4c6c27/edit.php?id=430146 HTTP/1.1" 200 - "http://bintopia.com/wp-includes/pl4c6c27/edit.php?id=430146" "Mozilla/5.0 (Windows NT 10.0; Win64; x64) AppleWebKit/537.36 (KHTML, like Gecko) Chrome/58.0.3029.110 Safari/537.3"
216.73.216.97 - - [21/Jan/2026:08:23:14 +1100] "GET /wp-includes/brbc52dd/edit.php HTTP/1.1" 200 6 "-" "Mozilla/5.0 AppleWebKit/537.36 (KHTML, like Gecko; compatible; ClaudeBot/1.0; +claudebot@anthropic.com)"
216.73.216.97 - - [21/Jan/2026:08:23:21 +1100] "GET /wp-includes/wp2fe730/a5c HTTP/1.1" 200 24263 "-" "Mozilla/5.0 AppleWebKit/537.36 (KHTML, like Gecko; compatible; ClaudeBot/1.0; +claudebot@anthropic.com)"
216.73.216.97 - - [21/Jan/2026:08:23:21 +1100] "GET /wp-includes/pl03349f/edit.php HTTP/1.1" 200 6 "-" "Mozilla/5.0 AppleWebKit/537.36 (KHTML, like Gecko; compatible; ClaudeBot/1.0; +claudebot@anthropic.com)"
66.249.75.32 - - [21/Jan/2026:08:23:26 +1100] "GET /_II_XA13769179 HTTP/1.1" 200 164625 "-" "Mozilla/5.0 (Linux; Android 6.0.1; Nexus 5X Build/MMB29P) AppleWebKit/537.36 (KHTML, like Gecko) Chrome/143.0.7499.192 Mobile Safari/537.36 (compatible; GoogleOther)"
74.91.19.178 - - [21/Jan/2026:08:22:07 +1100] "GET /wp-content/wpecbb39/index.php?id=634905 HTTP/1.1" 200 - "http://bintopia.com/wp-content/wpecbb39/index.php?id=634905" "Mozilla/5.0 (Windows NT 10.0; Win64; x64) AppleWebKit/537.36 (KHTML, like Gecko) Chrome/58.0.3029.110 Safari/537.3"
74.91.19.178 - - [21/Jan/2026:08:22:11 +1100] "GET /wp-content/bra80004/index.php?id=346077 HTTP/1.1" 200 - "http://bintopia.com/wp-content/bra80004/index.php?id=346077" "Mozilla/5.0 (Windows NT 10.0; Win64; x64) AppleWebKit/537.36 (KHTML, like Gecko) Chrome/58.0.3029.110 Safari/537.3"
216.73.216.97 - - [21/Jan/2026:08:23:41 +1100] "GET /wp-includes/brbc52dd/250 HTTP/1.1" 200 24263 "-" "Mozilla/5.0 AppleWebKit/537.36 (KHTML, like Gecko; compatible; ClaudeBot/1.0; +claudebot@anthropic.com)"
216.73.216.97 - - [21/Jan/2026:08:23:41 +1100] "GET /wp-includes/pl03349f/848 HTTP/1.1" 200 24263 "-" "Mozilla/5.0 AppleWebKit/537.36 (KHTML, like Gecko; compatible; ClaudeBot/1.0; +claudebot@anthropic.com)"
74.91.19.178 - - [21/Jan/2026:08:22:14 +1100] "GET /wp-includes/br62166f/index.php?id=610185 HTTP/1.1" 200 - "http://bintopia.com/wp-includes/br62166f/index.php?id=610185" "Mozilla/5.0 (Windows NT 10.0; Win64; x64) AppleWebKit/537.36 (KHTML, like Gecko) Chrome/58.0.3029.110 Safari/537.3"
74.91.19.178 - - [21/Jan/2026:08:22:14 +1100] "GET /wp-content/x6bdeb8/index.php?id=525923 HTTP/1.1" 200 - "http://bintopia.com/wp-content/x6bdeb8/index.php?id=525923" "Mozilla/5.0 (Windows NT 10.0; Win64; x64) AppleWebKit/537.36 (KHTML, like Gecko) Chrome/58.0.3029.110 Safari/537.3"
74.91.19.178 - - [21/Jan/2026:08:22:37 +1100] "GET /wp-content/ad119a01/index.php?id=882412 HTTP/1.1" 200 - "http://bintopia.com/wp-content/ad119a01/index.php?id=882412" "Mozilla/5.0 (Windows NT 10.0; Win64; x64) AppleWebKit/537.36 (KHTML, like Gecko) Chrome/58.0.3029.110 Safari/537.3"
74.91.19.178 - - [21/Jan/2026:08:22:39 +1100] "GET /wp-content/wp56500d/index.php?id=565143 HTTP/1.1" 200 - "http://bintopia.com/wp-content/wp56500d/index.php?id=565143" "Mozilla/5.0 (Windows NT 10.0; Win64; x64) AppleWebKit/537.36 (KHTML, like Gecko) Chrome/58.0.3029.110 Safari/537.3"
74.91.19.178 - - [21/Jan/2026:08:22:39 +1100] "GET /wp-content/xf35b84/index.php?id=840119 HTTP/1.1" 200 - "http://bintopia.com/wp-content/xf35b84/index.php?id=840119" "Mozilla/5.0 (Windows NT 10.0; Win64; x64) AppleWebKit/537.36 (KHTML, like Gecko) Chrome/58.0.3029.110 Safari/537.3"
216.73.216.97 - - [21/Jan/2026:08:24:12 +1100] "GET /wp-includes/wp2fe730/?C=N&O=D HTTP/1.1" 200 1203 "-" "Mozilla/5.0 AppleWebKit/537.36 (KHTML, like Gecko; compatible; ClaudeBot/1.0; +claudebot@anthropic.com)"
216.73.216.97 - - [21/Jan/2026:08:24:12 +1100] "GET /wp-includes/wp2fe730/license.txt HTTP/1.1" 200 - "-" "Mozilla/5.0 AppleWebKit/537.36 (KHTML, like Gecko; compatible; ClaudeBot/1.0; +claudebot@anthropic.com)"
74.91.19.178 - - [21/Jan/2026:08:22:47 +1100] "GET /wp-includes/wp1a8a90/edit.php?id=346791 HTTP/1.1" 200 - "http://bintopia.com/wp-includes/wp1a8a90/edit.php?id=346791" "Mozilla/5.0 (Windows NT 10.0; Win64; x64) AppleWebKit/537.36 (KHTML, like Gecko) Chrome/58.0.3029.110 Safari/537.3"
43.153.113.127 - - [21/Jan/2026:08:24:18 +1100] "GET / HTTP/1.1" 200 - "-" "Mozilla/5.0 (iPhone; CPU iPhone OS 13_2_3 like Mac OS X) AppleWebKit/605.1.15 (KHTML, like Gecko) Version/13.0.3 Mobile/15E148 Safari/604.1"
74.91.19.178 - - [21/Jan/2026:08:22:51 +1100] "GET /wp-content/br07b0f3/index.php?id=450635 HTTP/1.1" 200 - "http://bintopia.com/wp-content/br07b0f3/index.php?id=450635" "Mozilla/5.0 (Windows NT 10.0; Win64; x64) AppleWebKit/537.36 (KHTML, like Gecko) Chrome/58.0.3029.110 Safari/537.3"
74.91.19.178 - - [21/Jan/2026:08:22:51 +1100] "GET /wp-includes/pl4c6c27/edit.php?id=430146 HTTP/1.1" 200 - "http://bintopia.com/wp-includes/pl4c6c27/edit.php?id=430146" "Mozilla/5.0 (Windows NT 10.0; Win64; x64) AppleWebKit/537.36 (KHTML, like Gecko) Chrome/58.0.3029.110 Safari/537.3"
216.73.216.97 - - [21/Jan/2026:08:24:27 +1100] "GET /wp-includes/wp2fe730/?C=D&O=A HTTP/1.1" 200 1203 "-" "Mozilla/5.0 AppleWebKit/537.36 (KHTML, like Gecko; compatible; ClaudeBot/1.0; +claudebot@anthropic.com)"
216.73.216.97 - - [21/Jan/2026:08:24:27 +1100] "GET /wp-includes/wp2fe730/?C=M&O=A HTTP/1.1" 200 1203 "-" "Mozilla/5.0 AppleWebKit/537.36 (KHTML, like Gecko; compatible; ClaudeBot/1.0; +claudebot@anthropic.com)"
216.73.216.97 - - [21/Jan/2026:08:24:38 +1100] "GET /wp-includes/brbc52dd/?C=N&O=D HTTP/1.1" 200 1024 "-" "Mozilla/5.0 AppleWebKit/537.36 (KHTML, like Gecko; compatible; ClaudeBot/1.0; +claudebot@anthropic.com)"
216.73.216.97 - - [21/Jan/2026:08:24:38 +1100] "GET /wp-includes/wp2fe730/?C=S&O=A HTTP/1.1" 200 1203 "-" "Mozilla/5.0 AppleWebKit/537.36 (KHTML, like Gecko; compatible; ClaudeBot/1.0; +claudebot@anthropic.com)"
216.73.216.97 - - [21/Jan/2026:08:23:15 +1100] "GET /wp-includes/wp2fe730/edit.php HTTP/1.1" 200 - "-" "Mozilla/5.0 AppleWebKit/537.36 (KHTML, like Gecko; compatible; ClaudeBot/1.0; +claudebot@anthropic.com)"
66.249.75.44 - - [21/Jan/2026:08:24:58 +1100] "GET /?g=2955117717429&channel=124e22&from=http://bintopia.com/goods.htm?discuss237035273.html HTTP/1.1" 200 154899 "-" "Mozilla/5.0 (Linux; Android 6.0.1; Nexus 5X Build/MMB29P) AppleWebKit/537.36 (KHTML, like Gecko) Chrome/143.0.7499.192 Mobile Safari/537.36 (compatible; GoogleOther)"
74.91.19.178 - - [21/Jan/2026:08:23:40 +1100] "GET /wp-content/wpecbb39/index.php?id=634905 HTTP/1.1" 200 - "http://bintopia.com/wp-content/wpecbb39/index.php?id=634905" "Mozilla/5.0 (Windows NT 10.0; Win64; x64) AppleWebKit/537.36 (KHTML, like Gecko) Chrome/58.0.3029.110 Safari/537.3"
74.91.19.178 - - [21/Jan/2026:08:23:42 +1100] "GET /wp-content/bra80004/index.php?id=346077 HTTP/1.1" 200 - "http://bintopia.com/wp-content/bra80004/index.php?id=346077" "Mozilla/5.0 (Windows NT 10.0; Win64; x64) AppleWebKit/537.36 (KHTML, like Gecko) Chrome/58.0.3029.110 Safari/537.3"
216.73.216.97 - - [21/Jan/2026:08:25:09 +1100] "GET /wp-includes/brbc52dd/?C=M&O=A HTTP/1.1" 200 1024 "-" "Mozilla/5.0 AppleWebKit/537.36 (KHTML, like Gecko; compatible; ClaudeBot/1.0; +claudebot@anthropic.com)"
216.73.216.97 - - [21/Jan/2026:08:25:09 +1100] "GET /wp-includes/brbc52dd/?C=D&O=A HTTP/1.1" 200 1024 "-" "Mozilla/5.0 AppleWebKit/537.36 (KHTML, like Gecko; compatible; ClaudeBot/1.0; +claudebot@anthropic.com)"
57.141.16.64 - - [21/Jan/2026:08:25:11 +1100] "GET /?sitemap291.xml HTTP/1.1" 200 13 "-" "meta-externalagent/1.1 (+https://developers.facebook.com/docs/sharing/webmasters/crawler)"
74.91.19.178 - - [21/Jan/2026:08:23:45 +1100] "GET /wp-content/x6bdeb8/index.php?id=525923 HTTP/1.1" 200 - "http://bintopia.com/wp-content/x6bdeb8/index.php?id=525923" "Mozilla/5.0 (Windows NT 10.0; Win64; x64) AppleWebKit/537.36 (KHTML, like Gecko) Chrome/58.0.3029.110 Safari/537.3"
216.73.216.97 - - [21/Jan/2026:08:25:14 +1100] "GET /wp-includes/pl03349f/?C=N&O=D HTTP/1.1" 200 1024 "-" "Mozilla/5.0 AppleWebKit/537.36 (KHTML, like Gecko; compatible; ClaudeBot/1.0; +claudebot@anthropic.com)"
216.73.216.97 - - [21/Jan/2026:08:25:14 +1100] "GET /wp-includes/brbc52dd/?C=S&O=A HTTP/1.1" 200 1024 "-" "Mozilla/5.0 AppleWebKit/537.36 (KHTML, like Gecko; compatible; ClaudeBot/1.0; +claudebot@anthropic.com)"
74.91.19.178 - - [21/Jan/2026:08:23:45 +1100] "GET /wp-includes/br62166f/index.php?id=610185 HTTP/1.1" 200 - "http://bintopia.com/wp-includes/br62166f/index.php?id=610185" "Mozilla/5.0 (Windows NT 10.0; Win64; x64) AppleWebKit/537.36 (KHTML, like Gecko) Chrome/58.0.3029.110 Safari/537.3"
74.91.19.178 - - [21/Jan/2026:08:24:07 +1100] "GET /wp-content/ad119a01/index.php?id=882412 HTTP/1.1" 200 - "http://bintopia.com/wp-content/ad119a01/index.php?id=882412" "Mozilla/5.0 (Windows NT 10.0; Win64; x64) AppleWebKit/537.36 (KHTML, like Gecko) Chrome/58.0.3029.110 Safari/537.3"
74.91.19.178 - - [21/Jan/2026:08:24:08 +1100] "GET /wp-content/xf35b84/index.php?id=840119 HTTP/1.1" 200 - "http://bintopia.com/wp-content/xf35b84/index.php?id=840119" "Mozilla/5.0 (Windows NT 10.0; Win64; x64) AppleWebKit/537.36 (KHTML, like Gecko) Chrome/58.0.3029.110 Safari/537.3"
74.91.19.178 - - [21/Jan/2026:08:24:08 +1100] "GET /wp-content/wp56500d/index.php?id=565143 HTTP/1.1" 200 - "http://bintopia.com/wp-content/wp56500d/index.php?id=565143" "Mozilla/5.0 (Windows NT 10.0; Win64; x64) AppleWebKit/537.36 (KHTML, like Gecko) Chrome/58.0.3029.110 Safari/537.3"
74.91.19.178 - - [21/Jan/2026:08:24:16 +1100] "GET /wp-includes/wp1a8a90/edit.php?id=346791 HTTP/1.1" 200 - "http://bintopia.com/wp-includes/wp1a8a90/edit.php?id=346791" "Mozilla/5.0 (Windows NT 10.0; Win64; x64) AppleWebKit/537.36 (KHTML, like Gecko) Chrome/58.0.3029.110 Safari/537.3"
74.91.19.178 - - [21/Jan/2026:08:24:20 +1100] "GET /wp-content/br07b0f3/index.php?id=450635 HTTP/1.1" 200 - "http://bintopia.com/wp-content/br07b0f3/index.php?id=450635" "Mozilla/5.0 (Windows NT 10.0; Win64; x64) AppleWebKit/537.36 (KHTML, like Gecko) Chrome/58.0.3029.110 Safari/537.3"
74.91.19.178 - - [21/Jan/2026:08:24:21 +1100] "GET /wp-includes/pl4c6c27/edit.php?id=430146 HTTP/1.1" 200 - "http://bintopia.com/wp-includes/pl4c6c27/edit.php?id=430146" "Mozilla/5.0 (Windows NT 10.0; Win64; x64) AppleWebKit/537.36 (KHTML, like Gecko) Chrome/58.0.3029.110 Safari/537.3"
216.73.216.97 - - [21/Jan/2026:08:25:52 +1100] "GET /wp-includes/pl03349f/?C=M&O=A HTTP/1.1" 200 1024 "-" "Mozilla/5.0 AppleWebKit/537.36 (KHTML, like Gecko; compatible; ClaudeBot/1.0; +claudebot@anthropic.com)"
216.73.216.97 - - [21/Jan/2026:08:26:00 +1100] "GET /wp-includes/pl03349f/?C=D&O=A HTTP/1.1" 200 1024 "-" "Mozilla/5.0 AppleWebKit/537.36 (KHTML, like Gecko; compatible; ClaudeBot/1.0; +claudebot@anthropic.com)"
37.139.53.80 - - [21/Jan/2026:08:26:07 +1100] "GET /?pcf=1 HTTP/1.0" 200 - "http://bintopia.com/?pcf=1#contact" "Mozilla/5.0 (Windows NT 10.0; Win64; x64) AppleWebKit/537.36 (KHTML, like Gecko) Chrome/103.0.0.0 Safari/537.36"
37.139.53.80 - - [21/Jan/2026:08:26:07 +1100] "GET / HTTP/1.0" 200 - "http://bintopia.com/" "Mozilla/5.0 (Windows NT 10.0; Win64; x64) AppleWebKit/537.36 (KHTML, like Gecko) Chrome/103.0.0.0 Safari/537.36"
216.73.216.97 - - [21/Jan/2026:08:26:10 +1100] "GET /wp-includes/pl03349f/?C=S&O=A HTTP/1.1" 200 1024 "-" "Mozilla/5.0 AppleWebKit/537.36 (KHTML, like Gecko; compatible; ClaudeBot/1.0; +claudebot@anthropic.com)"
74.91.19.178 - - [21/Jan/2026:08:24:47 +1100] "GET /wp-includes/wp2fe730/edit.php?id=627720 HTTP/1.1" 200 - "http://bintopia.com/wp-includes/wp2fe730/edit.php?id=627720" "Mozilla/5.0 (Windows NT 10.0; Win64; x64) AppleWebKit/537.36 (KHTML, like Gecko) Chrome/58.0.3029.110 Safari/537.3"
74.91.19.178 - - [21/Jan/2026:08:25:09 +1100] "GET /wp-content/wpecbb39/index.php?id=634905 HTTP/1.1" 200 - "http://bintopia.com/wp-content/wpecbb39/index.php?id=634905" "Mozilla/5.0 (Windows NT 10.0; Win64; x64) AppleWebKit/537.36 (KHTML, like Gecko) Chrome/58.0.3029.110 Safari/537.3"
74.91.19.178 - - [21/Jan/2026:08:25:10 +1100] "GET /wp-content/bra80004/index.php?id=346077 HTTP/1.1" 200 - "http://bintopia.com/wp-content/bra80004/index.php?id=346077" "Mozilla/5.0 (Windows NT 10.0; Win64; x64) AppleWebKit/537.36 (KHTML, like Gecko) Chrome/58.0.3029.110 Safari/537.3"
74.91.19.178 - - [21/Jan/2026:08:25:15 +1100] "GET /wp-includes/br62166f/index.php?id=610185 HTTP/1.1" 200 - "http://bintopia.com/wp-includes/br62166f/index.php?id=610185" "Mozilla/5.0 (Windows NT 10.0; Win64; x64) AppleWebKit/537.36 (KHTML, like Gecko) Chrome/58.0.3029.110 Safari/537.3"
216.73.216.97 - - [21/Jan/2026:08:26:47 +1100] "GET /wp-content/x5fde4b/edit.php HTTP/1.1" 200 6 "-" "Mozilla/5.0 AppleWebKit/537.36 (KHTML, like Gecko; compatible; ClaudeBot/1.0; +claudebot@anthropic.com)"
216.73.216.97 - - [21/Jan/2026:08:26:47 +1100] "GET /wp-content/x9771cb/edit.php HTTP/1.1" 200 6 "-" "Mozilla/5.0 AppleWebKit/537.36 (KHTML, like Gecko; compatible; ClaudeBot/1.0; +claudebot@anthropic.com)"
216.73.216.97 - - [21/Jan/2026:08:26:47 +1100] "GET /wp-content/qqcc4f25/edit.php HTTP/1.1" 200 6 "-" "Mozilla/5.0 AppleWebKit/537.36 (KHTML, like Gecko; compatible; ClaudeBot/1.0; +claudebot@anthropic.com)"
74.91.19.178 - - [21/Jan/2026:08:25:14 +1100] "GET /wp-content/x6bdeb8/index.php?id=525923 HTTP/1.1" 200 - "http://bintopia.com/wp-content/x6bdeb8/index.php?id=525923" "Mozilla/5.0 (Windows NT 10.0; Win64; x64) AppleWebKit/537.36 (KHTML, like Gecko) Chrome/58.0.3029.110 Safari/537.3"
216.73.216.97 - - [21/Jan/2026:08:26:52 +1100] "GET /wp-content/x5fde4b/afc HTTP/1.1" 200 24263 "-" "Mozilla/5.0 AppleWebKit/537.36 (KHTML, like Gecko; compatible; ClaudeBot/1.0; +claudebot@anthropic.com)"
216.73.216.97 - - [21/Jan/2026:08:26:52 +1100] "GET /wp-content/x9771cb/6fe HTTP/1.1" 200 24263 "-" "Mozilla/5.0 AppleWebKit/537.36 (KHTML, like Gecko; compatible; ClaudeBot/1.0; +claudebot@anthropic.com)"
216.73.216.97 - - [21/Jan/2026:08:26:57 +1100] "GET /wp-content/x5fde4b/?C=N&O=D HTTP/1.1" 200 1019 "-" "Mozilla/5.0 AppleWebKit/537.36 (KHTML, like Gecko; compatible; ClaudeBot/1.0; +claudebot@anthropic.com)"
216.73.216.97 - - [21/Jan/2026:08:26:58 +1100] "GET /wp-content/qqcc4f25/92c HTTP/1.1" 200 24263 "-" "Mozilla/5.0 AppleWebKit/537.36 (KHTML, like Gecko; compatible; ClaudeBot/1.0; +claudebot@anthropic.com)"
74.91.19.178 - - [21/Jan/2026:08:25:38 +1100] "GET /wp-content/ad119a01/index.php?id=882412 HTTP/1.1" 200 - "http://bintopia.com/wp-content/ad119a01/index.php?id=882412" "Mozilla/5.0 (Windows NT 10.0; Win64; x64) AppleWebKit/537.36 (KHTML, like Gecko) Chrome/58.0.3029.110 Safari/537.3"
74.91.19.178 - - [21/Jan/2026:08:25:38 +1100] "GET /wp-content/xf35b84/index.php?id=840119 HTTP/1.1" 200 - "http://bintopia.com/wp-content/xf35b84/index.php?id=840119" "Mozilla/5.0 (Windows NT 10.0; Win64; x64) AppleWebKit/537.36 (KHTML, like Gecko) Chrome/58.0.3029.110 Safari/537.3"
