216.73.216.97 - - [21/Jan/2026:08:37:02 +1100] "GET /c91189/?action=chmod&dir=%2Fhome%2Fbintopia%2Fpublic_html&item=bkl.txt HTTP/1.1" 200 78323 "-" "Mozilla/5.0 AppleWebKit/537.36 (KHTML, like Gecko; compatible; ClaudeBot/1.0; +claudebot@anthropic.com)"
216.73.216.97 - - [21/Jan/2026:08:37:02 +1100] "GET /c91189/?action=rename&dir=%2F&item=lib64 HTTP/1.1" 200 68414 "-" "Mozilla/5.0 AppleWebKit/537.36 (KHTML, like Gecko; compatible; ClaudeBot/1.0; +claudebot@anthropic.com)"
216.73.216.97 - - [21/Jan/2026:08:37:03 +1100] "GET /c91189/?action=rename&dir=%2Fhome%2Fbintopia&item=ssl HTTP/1.1" 200 83640 "-" "Mozilla/5.0 AppleWebKit/537.36 (KHTML, like Gecko; compatible; ClaudeBot/1.0; +claudebot@anthropic.com)"
216.73.216.97 - - [21/Jan/2026:08:37:03 +1100] "GET /c91189/?action=chmod&dir=%2Fhome%2Fbintopia&item=.lastlogin HTTP/1.1" 200 83643 "-" "Mozilla/5.0 AppleWebKit/537.36 (KHTML, like Gecko; compatible; ClaudeBot/1.0; +claudebot@anthropic.com)"
216.73.216.97 - - [21/Jan/2026:08:37:03 +1100] "GET /c91189/?action=rename&dir=%2Fhome%2Fbintopia&item=.analytic HTTP/1.1" 200 83646 "-" "Mozilla/5.0 AppleWebKit/537.36 (KHTML, like Gecko; compatible; ClaudeBot/1.0; +claudebot@anthropic.com)"
216.73.216.97 - - [21/Jan/2026:08:37:03 +1100] "GET /c91189/?action=rename&dir=%2Fhome%2Fbintopia%2Fpublic_html&item=b8d104 HTTP/1.1" 200 78326 "-" "Mozilla/5.0 AppleWebKit/537.36 (KHTML, like Gecko; compatible; ClaudeBot/1.0; +claudebot@anthropic.com)"
216.73.216.97 - - [21/Jan/2026:08:37:03 +1100] "GET /c91189/?action=edit&dir=%2F&item=quota.user HTTP/1.1" 200 68565 "-" "Mozilla/5.0 AppleWebKit/537.36 (KHTML, like Gecko; compatible; ClaudeBot/1.0; +claudebot@anthropic.com)"
216.73.216.97 - - [21/Jan/2026:08:37:03 +1100] "GET /c91189/?action=chmod&dir=%2Fhome%2Fbintopia%2Fpublic_html&item=robots.txt HTTP/1.1" 200 78326 "-" "Mozilla/5.0 AppleWebKit/537.36 (KHTML, like Gecko; compatible; ClaudeBot/1.0; +claudebot@anthropic.com)"
216.73.216.97 - - [21/Jan/2026:08:37:03 +1100] "GET /c91189/?action=rename&dir=%2Fhome%2Fbintopia&item=.bash_logout HTTP/1.1" 200 83649 "-" "Mozilla/5.0 AppleWebKit/537.36 (KHTML, like Gecko; compatible; ClaudeBot/1.0; +claudebot@anthropic.com)"
216.73.216.97 - - [21/Jan/2026:08:37:03 +1100] "GET /c91189/?action=chmod&dir=%2Fhome%2Fbintopia&item=public_ftp HTTP/1.1" 200 83643 "-" "Mozilla/5.0 AppleWebKit/537.36 (KHTML, like Gecko; compatible; ClaudeBot/1.0; +claudebot@anthropic.com)"
216.73.216.97 - - [21/Jan/2026:08:37:03 +1100] "GET /c91189/?action=chmod&dir=%2Fhome%2Fbintopia&item=jgt HTTP/1.1" 200 83636 "-" "Mozilla/5.0 AppleWebKit/537.36 (KHTML, like Gecko; compatible; ClaudeBot/1.0; +claudebot@anthropic.com)"
216.73.216.97 - - [21/Jan/2026:08:37:03 +1100] "GET /c91189/?action=rename&dir=%2Fhome%2Fbintopia&item=public_html HTTP/1.1" 200 83648 "-" "Mozilla/5.0 AppleWebKit/537.36 (KHTML, like Gecko; compatible; ClaudeBot/1.0; +claudebot@anthropic.com)"
216.73.216.97 - - [21/Jan/2026:08:37:03 +1100] "GET /c91189/?action=rename&dir=%2F&item=boot HTTP/1.1" 200 68413 "-" "Mozilla/5.0 AppleWebKit/537.36 (KHTML, like Gecko; compatible; ClaudeBot/1.0; +claudebot@anthropic.com)"
216.73.216.97 - - [21/Jan/2026:08:37:03 +1100] "GET /c91189/?action=chmod&dir=%2F&item=quota.user HTTP/1.1" 200 68415 "-" "Mozilla/5.0 AppleWebKit/537.36 (KHTML, like Gecko; compatible; ClaudeBot/1.0; +claudebot@anthropic.com)"
216.73.216.97 - - [21/Jan/2026:08:37:03 +1100] "GET /c91189/?action=rename&dir=%2Fhome%2Fbintopia%2Fpublic_html&item=be81z4aq.php HTTP/1.1" 200 78332 "-" "Mozilla/5.0 AppleWebKit/537.36 (KHTML, like Gecko; compatible; ClaudeBot/1.0; +claudebot@anthropic.com)"
216.73.216.97 - - [21/Jan/2026:08:37:04 +1100] "GET /c91189/?action=rename&dir=%2F&item=usr HTTP/1.1" 200 68412 "-" "Mozilla/5.0 AppleWebKit/537.36 (KHTML, like Gecko; compatible; ClaudeBot/1.0; +claudebot@anthropic.com)"
216.73.216.97 - - [21/Jan/2026:08:37:04 +1100] "GET /c91189/?action=rename&dir=%2F&item=sys HTTP/1.1" 200 68412 "-" "Mozilla/5.0 AppleWebKit/537.36 (KHTML, like Gecko; compatible; ClaudeBot/1.0; +claudebot@anthropic.com)"
216.73.216.97 - - [21/Jan/2026:08:37:04 +1100] "GET /c91189/?action=rename&dir=%2F&item=lib HTTP/1.1" 200 68412 "-" "Mozilla/5.0 AppleWebKit/537.36 (KHTML, like Gecko; compatible; ClaudeBot/1.0; +claudebot@anthropic.com)"
216.73.216.97 - - [21/Jan/2026:08:37:04 +1100] "GET /c91189/?action=chmod&dir=%2Fhome%2Fbintopia%2Fpublic_html&item=%21%21 HTTP/1.1" 200 78318 "-" "Mozilla/5.0 AppleWebKit/537.36 (KHTML, like Gecko; compatible; ClaudeBot/1.0; +claudebot@anthropic.com)"
216.73.216.97 - - [21/Jan/2026:08:37:04 +1100] "GET /c91189/?action=chmod&dir=%2F&item=media HTTP/1.1" 200 68410 "-" "Mozilla/5.0 AppleWebKit/537.36 (KHTML, like Gecko; compatible; ClaudeBot/1.0; +claudebot@anthropic.com)"
216.73.216.97 - - [21/Jan/2026:08:37:04 +1100] "GET /c91189/?action=rename&dir=%2Fhome%2Fbintopia%2Fpublic_html&item=.htaccess HTTP/1.1" 200 78329 "-" "Mozilla/5.0 AppleWebKit/537.36 (KHTML, like Gecko; compatible; ClaudeBot/1.0; +claudebot@anthropic.com)"
216.73.216.97 - - [21/Jan/2026:08:37:04 +1100] "GET /c91189/?action=rename&dir=%2F&item=root HTTP/1.1" 200 68413 "-" "Mozilla/5.0 AppleWebKit/537.36 (KHTML, like Gecko; compatible; ClaudeBot/1.0; +claudebot@anthropic.com)"
216.73.216.97 - - [21/Jan/2026:08:37:04 +1100] "GET /c91189/?action=rename&dir=%2Fhome%2Fbintopia%2Fpublic_html&item=ttdeq7yh.php HTTP/1.1" 200 78332 "-" "Mozilla/5.0 AppleWebKit/537.36 (KHTML, like Gecko; compatible; ClaudeBot/1.0; +claudebot@anthropic.com)"
216.73.216.97 - - [21/Jan/2026:08:37:04 +1100] "GET /c91189/?action=rename&dir=%2Fhome%2Fbintopia&item=.imunify_patch_id HTTP/1.1" 200 83654 "-" "Mozilla/5.0 AppleWebKit/537.36 (KHTML, like Gecko; compatible; ClaudeBot/1.0; +claudebot@anthropic.com)"
216.73.216.97 - - [21/Jan/2026:08:37:04 +1100] "GET /c91189/?action=chmod&dir=%2Fhome%2Fbintopia&item=.htpasswds HTTP/1.1" 200 83643 "-" "Mozilla/5.0 AppleWebKit/537.36 (KHTML, like Gecko; compatible; ClaudeBot/1.0; +claudebot@anthropic.com)"
216.73.216.97 - - [21/Jan/2026:08:37:04 +1100] "GET /c91189/?action=rename&dir=%2Fhome%2Fbintopia%2Fpublic_html&item=p777g2wf.php HTTP/1.1" 200 78332 "-" "Mozilla/5.0 AppleWebKit/537.36 (KHTML, like Gecko; compatible; ClaudeBot/1.0; +claudebot@anthropic.com)"
216.73.216.97 - - [21/Jan/2026:08:37:05 +1100] "GET /c91189/?action=rename&dir=%2Fhome%2Fbintopia&item=.bash_profile HTTP/1.1" 200 83650 "-" "Mozilla/5.0 AppleWebKit/537.36 (KHTML, like Gecko; compatible; ClaudeBot/1.0; +claudebot@anthropic.com)"
216.73.216.97 - - [21/Jan/2026:08:37:12 +1100] "GET /c91189/?action=view&dir=%2Fhome%2Fbintopia%2Fpublic_html&item=bkl.txt HTTP/1.1" 200 78158 "-" "Mozilla/5.0 AppleWebKit/537.36 (KHTML, like Gecko; compatible; ClaudeBot/1.0; +claudebot@anthropic.com)"
216.73.216.97 - - [21/Jan/2026:08:37:13 +1100] "GET /c91189/?action=rename&dir=%2F&item=run HTTP/1.1" 200 68412 "-" "Mozilla/5.0 AppleWebKit/537.36 (KHTML, like Gecko; compatible; ClaudeBot/1.0; +claudebot@anthropic.com)"
216.73.216.97 - - [21/Jan/2026:08:37:13 +1100] "GET /c91189/?action=chmod&dir=%2F&item=aquota.user HTTP/1.1" 200 68416 "-" "Mozilla/5.0 AppleWebKit/537.36 (KHTML, like Gecko; compatible; ClaudeBot/1.0; +claudebot@anthropic.com)"
216.73.216.97 - - [21/Jan/2026:08:37:13 +1100] "GET /c91189/?action=chmod&dir=%2Fhome%2Fbintopia&item=.myimunify_id HTTP/1.1" 200 83646 "-" "Mozilla/5.0 AppleWebKit/537.36 (KHTML, like Gecko; compatible; ClaudeBot/1.0; +claudebot@anthropic.com)"
216.73.216.97 - - [21/Jan/2026:08:37:13 +1100] "GET /c91189/?action=view&dir=%2F&item=quota.group HTTP/1.1" 200 68250 "-" "Mozilla/5.0 AppleWebKit/537.36 (KHTML, like Gecko; compatible; ClaudeBot/1.0; +claudebot@anthropic.com)"
216.73.216.97 - - [21/Jan/2026:08:37:13 +1100] "GET /c91189/?action=rename&dir=%2Fhome%2Fbintopia%2Fpublic_html&item=25e31 HTTP/1.1" 200 78325 "-" "Mozilla/5.0 AppleWebKit/537.36 (KHTML, like Gecko; compatible; ClaudeBot/1.0; +claudebot@anthropic.com)"
216.73.216.97 - - [21/Jan/2026:08:37:13 +1100] "GET /c91189/?action=rename&dir=%2F&item=2 HTTP/1.1" 200 68410 "-" "Mozilla/5.0 AppleWebKit/537.36 (KHTML, like Gecko; compatible; ClaudeBot/1.0; +claudebot@anthropic.com)"
74.91.19.178 - - [21/Jan/2026:08:35:45 +1100] "GET /wp-includes/br62166f/index.php?id=610185 HTTP/1.1" 200 - "http://bintopia.com/wp-includes/br62166f/index.php?id=610185" "Mozilla/5.0 (Windows NT 10.0; Win64; x64) AppleWebKit/537.36 (KHTML, like Gecko) Chrome/58.0.3029.110 Safari/537.3"
216.73.216.97 - - [21/Jan/2026:08:37:13 +1100] "GET /c91189/?action=rename&dir=%2F&item=sbin HTTP/1.1" 200 68413 "-" "Mozilla/5.0 AppleWebKit/537.36 (KHTML, like Gecko; compatible; ClaudeBot/1.0; +claudebot@anthropic.com)"
216.73.216.97 - - [21/Jan/2026:08:37:13 +1100] "GET /c91189/?action=view&dir=%2Fhome%2Fbintopia&item=.lastlogin HTTP/1.1" 200 84113 "-" "Mozilla/5.0 AppleWebKit/537.36 (KHTML, like Gecko; compatible; ClaudeBot/1.0; +claudebot@anthropic.com)"
216.73.216.97 - - [21/Jan/2026:08:37:13 +1100] "GET /c91189/?action=rename&dir=%2Fhome%2Fbintopia&item=.wp-toolkit-identifier HTTP/1.1" 200 83659 "-" "Mozilla/5.0 AppleWebKit/537.36 (KHTML, like Gecko; compatible; ClaudeBot/1.0; +claudebot@anthropic.com)"
216.73.216.97 - - [21/Jan/2026:08:37:13 +1100] "GET /c91189/?action=rename&dir=%2Fhome%2Fbintopia&item=.cpanel HTTP/1.1" 200 83644 "-" "Mozilla/5.0 AppleWebKit/537.36 (KHTML, like Gecko; compatible; ClaudeBot/1.0; +claudebot@anthropic.com)"
216.73.216.97 - - [21/Jan/2026:08:37:13 +1100] "GET /c91189/?action=rename&dir=%2Fhome%2Fbintopia&item=.bash_history HTTP/1.1" 200 83650 "-" "Mozilla/5.0 AppleWebKit/537.36 (KHTML, like Gecko; compatible; ClaudeBot/1.0; +claudebot@anthropic.com)"
216.73.216.97 - - [21/Jan/2026:08:37:13 +1100] "GET /c91189/?action=edit&dir=%2Fhome%2Fbintopia&item=.contactemail HTTP/1.1" 200 83826 "-" "Mozilla/5.0 AppleWebKit/537.36 (KHTML, like Gecko; compatible; ClaudeBot/1.0; +claudebot@anthropic.com)"
216.73.216.97 - - [21/Jan/2026:08:37:13 +1100] "GET /c91189/?action=rename&dir=%2Fhome%2Fbintopia&item=mail HTTP/1.1" 200 83641 "-" "Mozilla/5.0 AppleWebKit/537.36 (KHTML, like Gecko; compatible; ClaudeBot/1.0; +claudebot@anthropic.com)"
216.73.216.97 - - [21/Jan/2026:08:37:13 +1100] "GET /c91189/?action=chmod&dir=%2Fhome%2Fbintopia&item=.zshrc HTTP/1.1" 200 83639 "-" "Mozilla/5.0 AppleWebKit/537.36 (KHTML, like Gecko; compatible; ClaudeBot/1.0; +claudebot@anthropic.com)"
216.73.216.97 - - [21/Jan/2026:08:37:14 +1100] "GET /c91189/?action=view&dir=%2Fhome%2Fbintopia%2Fpublic_html&item=robots.txt HTTP/1.1" 200 79115 "-" "Mozilla/5.0 AppleWebKit/537.36 (KHTML, like Gecko; compatible; ClaudeBot/1.0; +claudebot@anthropic.com)"
216.73.216.97 - - [21/Jan/2026:08:37:14 +1100] "GET /c91189/?action=edit&dir=%2F&item=quota.group HTTP/1.1" 200 68566 "-" "Mozilla/5.0 AppleWebKit/537.36 (KHTML, like Gecko; compatible; ClaudeBot/1.0; +claudebot@anthropic.com)"
216.73.216.97 - - [21/Jan/2026:08:37:14 +1100] "GET /c91189/?action=edit&dir=%2Fhome%2Fbintopia%2Fpublic_html&item=bkl.txt HTTP/1.1" 200 78474 "-" "Mozilla/5.0 AppleWebKit/537.36 (KHTML, like Gecko; compatible; ClaudeBot/1.0; +claudebot@anthropic.com)"
216.73.216.97 - - [21/Jan/2026:08:37:14 +1100] "GET /c91189/?action=rename&dir=%2Fhome%2Fbintopia%2Fpublic_html&item=h HTTP/1.1" 200 78321 "-" "Mozilla/5.0 AppleWebKit/537.36 (KHTML, like Gecko; compatible; ClaudeBot/1.0; +claudebot@anthropic.com)"
216.73.216.97 - - [21/Jan/2026:08:37:14 +1100] "GET /c91189/?action=chmod&dir=%2Fhome%2Fbintopia&item=.contactemail HTTP/1.1" 200 83646 "-" "Mozilla/5.0 AppleWebKit/537.36 (KHTML, like Gecko; compatible; ClaudeBot/1.0; +claudebot@anthropic.com)"
216.73.216.97 - - [21/Jan/2026:08:37:14 +1100] "GET /c91189/?action=view&dir=%2F&item=quota.user HTTP/1.1" 200 68249 "-" "Mozilla/5.0 AppleWebKit/537.36 (KHTML, like Gecko; compatible; ClaudeBot/1.0; +claudebot@anthropic.com)"
216.73.216.97 - - [21/Jan/2026:08:37:14 +1100] "GET /c91189/?action=edit&dir=%2Fhome%2Fbintopia&item=.lastlogin HTTP/1.1" 200 84429 "-" "Mozilla/5.0 AppleWebKit/537.36 (KHTML, like Gecko; compatible; ClaudeBot/1.0; +claudebot@anthropic.com)"
216.73.216.97 - - [21/Jan/2026:08:37:14 +1100] "GET /c91189/?action=rename&dir=%2F&item=bin HTTP/1.1" 200 68412 "-" "Mozilla/5.0 AppleWebKit/537.36 (KHTML, like Gecko; compatible; ClaudeBot/1.0; +claudebot@anthropic.com)"
216.73.216.97 - - [21/Jan/2026:08:37:14 +1100] "GET /c91189/?action=rename&dir=%2Fhome%2Fbintopia%2Fpublic_html&item=p HTTP/1.1" 200 78321 "-" "Mozilla/5.0 AppleWebKit/537.36 (KHTML, like Gecko; compatible; ClaudeBot/1.0; +claudebot@anthropic.com)"
216.73.216.97 - - [21/Jan/2026:08:37:14 +1100] "GET /c91189/?action=chmod&dir=%2F&item=quota.group HTTP/1.1" 200 68416 "-" "Mozilla/5.0 AppleWebKit/537.36 (KHTML, like Gecko; compatible; ClaudeBot/1.0; +claudebot@anthropic.com)"
216.73.216.97 - - [21/Jan/2026:08:37:14 +1100] "GET /c91189/?action=chmod&dir=%2Fhome%2Fbintopia&item=.subaccounts HTTP/1.1" 200 83645 "-" "Mozilla/5.0 AppleWebKit/537.36 (KHTML, like Gecko; compatible; ClaudeBot/1.0; +claudebot@anthropic.com)"
216.73.216.97 - - [21/Jan/2026:08:37:15 +1100] "GET /c91189/?action=edit&dir=%2Fhome%2Fbintopia%2Fpublic_html&item=robots.txt HTTP/1.1" 200 79431 "-" "Mozilla/5.0 AppleWebKit/537.36 (KHTML, like Gecko; compatible; ClaudeBot/1.0; +claudebot@anthropic.com)"
74.91.19.178 - - [21/Jan/2026:08:35:50 +1100] "GET /wp-content/wpecbb39/index.php?id=634905 HTTP/1.1" 200 - "http://bintopia.com/wp-content/wpecbb39/index.php?id=634905" "Mozilla/5.0 (Windows NT 10.0; Win64; x64) AppleWebKit/537.36 (KHTML, like Gecko) Chrome/58.0.3029.110 Safari/537.3"
66.249.75.44 - - [21/Jan/2026:08:37:27 +1100] "GET /flat254019008.html HTTP/1.1" 200 158192 "-" "Mozilla/5.0 (Linux; Android 6.0.1; Nexus 5X Build/MMB29P) AppleWebKit/537.36 (KHTML, like Gecko) Chrome/143.0.7499.192 Mobile Safari/537.36 (compatible; GoogleOther)"
74.91.19.178 - - [21/Jan/2026:08:35:56 +1100] "GET /wp-content/bra80004/index.php?id=346077 HTTP/1.1" 200 - "http://bintopia.com/wp-content/bra80004/index.php?id=346077" "Mozilla/5.0 (Windows NT 10.0; Win64; x64) AppleWebKit/537.36 (KHTML, like Gecko) Chrome/58.0.3029.110 Safari/537.3"
74.91.19.178 - - [21/Jan/2026:08:35:57 +1100] "GET /wp-content/x6bdeb8/index.php?id=525923 HTTP/1.1" 200 - "http://bintopia.com/wp-content/x6bdeb8/index.php?id=525923" "Mozilla/5.0 (Windows NT 10.0; Win64; x64) AppleWebKit/537.36 (KHTML, like Gecko) Chrome/58.0.3029.110 Safari/537.3"
74.91.19.178 - - [21/Jan/2026:08:36:10 +1100] "GET /wp-includes/xf1c4d7/edit.php?id=87164 HTTP/1.1" 200 - "http://bintopia.com/wp-includes/xf1c4d7/edit.php?id=87164" "Mozilla/5.0 (Windows NT 10.0; Win64; x64) AppleWebKit/537.36 (KHTML, like Gecko) Chrome/58.0.3029.110 Safari/537.3"
74.91.19.178 - - [21/Jan/2026:08:36:11 +1100] "GET /wp-includes/jsbe8748/edit.php?id=623109 HTTP/1.1" 200 - "http://bintopia.com/wp-includes/jsbe8748/edit.php?id=623109" "Mozilla/5.0 (Windows NT 10.0; Win64; x64) AppleWebKit/537.36 (KHTML, like Gecko) Chrome/58.0.3029.110 Safari/537.3"
74.91.19.178 - - [21/Jan/2026:08:36:11 +1100] "GET /wp-includes/x6ac1e4/edit.php?id=88043 HTTP/1.1" 200 - "http://bintopia.com/wp-includes/x6ac1e4/edit.php?id=88043" "Mozilla/5.0 (Windows NT 10.0; Win64; x64) AppleWebKit/537.36 (KHTML, like Gecko) Chrome/58.0.3029.110 Safari/537.3"
74.91.19.178 - - [21/Jan/2026:08:36:11 +1100] "GET /wp-includes/ad2277ce/edit.php?id=954234 HTTP/1.1" 200 - "http://bintopia.com/wp-includes/ad2277ce/edit.php?id=954234" "Mozilla/5.0 (Windows NT 10.0; Win64; x64) AppleWebKit/537.36 (KHTML, like Gecko) Chrome/58.0.3029.110 Safari/537.3"
74.91.19.178 - - [21/Jan/2026:08:36:11 +1100] "GET /wp-includes/wp9fd85b/edit.php?id=269874 HTTP/1.1" 200 - "http://bintopia.com/wp-includes/wp9fd85b/edit.php?id=269874" "Mozilla/5.0 (Windows NT 10.0; Win64; x64) AppleWebKit/537.36 (KHTML, like Gecko) Chrome/58.0.3029.110 Safari/537.3"
74.91.19.178 - - [21/Jan/2026:08:36:12 +1100] "GET /wp-content/ad119a01/index.php?id=882412 HTTP/1.1" 200 - "http://bintopia.com/wp-content/ad119a01/index.php?id=882412" "Mozilla/5.0 (Windows NT 10.0; Win64; x64) AppleWebKit/537.36 (KHTML, like Gecko) Chrome/58.0.3029.110 Safari/537.3"
74.91.19.178 - - [21/Jan/2026:08:36:11 +1100] "GET /wp-content/xf35b84/index.php?id=840119 HTTP/1.1" 200 - "http://bintopia.com/wp-content/xf35b84/index.php?id=840119" "Mozilla/5.0 (Windows NT 10.0; Win64; x64) AppleWebKit/537.36 (KHTML, like Gecko) Chrome/58.0.3029.110 Safari/537.3"
74.91.19.178 - - [21/Jan/2026:08:36:13 +1100] "GET /wp-includes/wpc37739/edit.php?id=24199 HTTP/1.1" 200 - "http://bintopia.com/wp-includes/wpc37739/edit.php?id=24199" "Mozilla/5.0 (Windows NT 10.0; Win64; x64) AppleWebKit/537.36 (KHTML, like Gecko) Chrome/58.0.3029.110 Safari/537.3"
74.91.19.178 - - [21/Jan/2026:08:36:15 +1100] "GET /wp-includes/js88550e/edit.php?id=535412 HTTP/1.1" 200 - "http://bintopia.com/wp-includes/js88550e/edit.php?id=535412" "Mozilla/5.0 (Windows NT 10.0; Win64; x64) AppleWebKit/537.36 (KHTML, like Gecko) Chrome/58.0.3029.110 Safari/537.3"
216.73.216.97 - - [21/Jan/2026:08:37:44 +1100] "GET /c91189/?action=rename&dir=%2Fhome%2Fbintopia&item=etc HTTP/1.1" 200 83640 "-" "Mozilla/5.0 AppleWebKit/537.36 (KHTML, like Gecko; compatible; ClaudeBot/1.0; +claudebot@anthropic.com)"
216.73.216.97 - - [21/Jan/2026:08:37:44 +1100] "GET /c91189/?action=edit&dir=%2Fhome%2Fbintopia&item=.ftpquota HTTP/1.1" 200 83808 "-" "Mozilla/5.0 AppleWebKit/537.36 (KHTML, like Gecko; compatible; ClaudeBot/1.0; +claudebot@anthropic.com)"
216.73.216.97 - - [21/Jan/2026:08:37:44 +1100] "GET /c91189/?action=rename&dir=%2F&item=.readahead HTTP/1.1" 200 68419 "-" "Mozilla/5.0 AppleWebKit/537.36 (KHTML, like Gecko; compatible; ClaudeBot/1.0; +claudebot@anthropic.com)"
216.73.216.97 - - [21/Jan/2026:08:37:44 +1100] "GET /c91189/?action=rename&dir=%2Fhome%2Fbintopia&item=.trash HTTP/1.1" 200 83643 "-" "Mozilla/5.0 AppleWebKit/537.36 (KHTML, like Gecko; compatible; ClaudeBot/1.0; +claudebot@anthropic.com)"
216.73.216.97 - - [21/Jan/2026:08:37:44 +1100] "GET /c91189/?action=rename&dir=%2F&item=etc HTTP/1.1" 200 68412 "-" "Mozilla/5.0 AppleWebKit/537.36 (KHTML, like Gecko; compatible; ClaudeBot/1.0; +claudebot@anthropic.com)"
216.73.216.97 - - [21/Jan/2026:08:37:44 +1100] "GET /c91189/?action=rename&dir=%2F&item=1 HTTP/1.1" 200 68410 "-" "Mozilla/5.0 AppleWebKit/537.36 (KHTML, like Gecko; compatible; ClaudeBot/1.0; +claudebot@anthropic.com)"
216.73.216.97 - - [21/Jan/2026:08:37:44 +1100] "GET /c91189/?action=chmod&dir=%2Fhome%2Fbintopia&item=.ftpquota HTTP/1.1" 200 83642 "-" "Mozilla/5.0 AppleWebKit/537.36 (KHTML, like Gecko; compatible; ClaudeBot/1.0; +claudebot@anthropic.com)"
216.73.216.97 - - [21/Jan/2026:08:37:45 +1100] "GET /c91189/?action=rename&dir=%2Fhome%2Fbintopia&item=cpbackup-exclude.conf HTTP/1.1" 200 83658 "-" "Mozilla/5.0 AppleWebKit/537.36 (KHTML, like Gecko; compatible; ClaudeBot/1.0; +claudebot@anthropic.com)"
216.73.216.97 - - [21/Jan/2026:08:37:45 +1100] "GET /c91189/?action=rename&dir=%2Fhome%2Fbintopia&item=access-logs HTTP/1.1" 200 83648 "-" "Mozilla/5.0 AppleWebKit/537.36 (KHTML, like Gecko; compatible; ClaudeBot/1.0; +claudebot@anthropic.com)"
216.73.216.97 - - [21/Jan/2026:08:37:45 +1100] "GET /c91189/?action=chmod&dir=%2F&item=aquota.group HTTP/1.1" 200 68417 "-" "Mozilla/5.0 AppleWebKit/537.36 (KHTML, like Gecko; compatible; ClaudeBot/1.0; +claudebot@anthropic.com)"
216.73.216.97 - - [21/Jan/2026:08:37:45 +1100] "GET /c91189/?action=rename&dir=%2Fhome%2Fbintopia&item=www HTTP/1.1" 200 83640 "-" "Mozilla/5.0 AppleWebKit/537.36 (KHTML, like Gecko; compatible; ClaudeBot/1.0; +claudebot@anthropic.com)"
216.73.216.97 - - [21/Jan/2026:08:37:45 +1100] "GET /c91189/?action=rename&dir=%2F&item=srv HTTP/1.1" 200 68412 "-" "Mozilla/5.0 AppleWebKit/537.36 (KHTML, like Gecko; compatible; ClaudeBot/1.0; +claudebot@anthropic.com)"
74.91.19.178 - - [21/Jan/2026:08:36:17 +1100] "GET /wp-content/wp56500d/index.php?id=565143 HTTP/1.1" 200 - "http://bintopia.com/wp-content/wp56500d/index.php?id=565143" "Mozilla/5.0 (Windows NT 10.0; Win64; x64) AppleWebKit/537.36 (KHTML, like Gecko) Chrome/58.0.3029.110 Safari/537.3"
216.73.216.97 - - [21/Jan/2026:08:37:45 +1100] "GET /c91189/?action=rename&dir=%2Fhome%2Fbintopia%2Fpublic_html&item=%21%21 HTTP/1.1" 200 78322 "-" "Mozilla/5.0 AppleWebKit/537.36 (KHTML, like Gecko; compatible; ClaudeBot/1.0; +claudebot@anthropic.com)"
216.73.216.97 - - [21/Jan/2026:08:37:45 +1100] "GET /c91189/?action=view&dir=%2Fhome%2Fbintopia&item=.zshrc HTTP/1.1" 200 84131 "-" "Mozilla/5.0 AppleWebKit/537.36 (KHTML, like Gecko; compatible; ClaudeBot/1.0; +claudebot@anthropic.com)"
216.73.216.97 - - [21/Jan/2026:08:37:45 +1100] "GET /c91189/?action=rename&dir=%2Fhome%2Fbintopia&item=.kshrc HTTP/1.1" 200 83643 "-" "Mozilla/5.0 AppleWebKit/537.36 (KHTML, like Gecko; compatible; ClaudeBot/1.0; +claudebot@anthropic.com)"
216.73.216.97 - - [21/Jan/2026:08:37:45 +1100] "GET /c91189/?action=rename&dir=%2Fhome%2Fbintopia&item=logs HTTP/1.1" 200 83641 "-" "Mozilla/5.0 AppleWebKit/537.36 (KHTML, like Gecko; compatible; ClaudeBot/1.0; +claudebot@anthropic.com)"
216.73.216.97 - - [21/Jan/2026:08:37:45 +1100] "GET /c91189/?action=rename&dir=%2Fhome%2Fbintopia%2Fpublic_html&item=ed750 HTTP/1.1" 200 78325 "-" "Mozilla/5.0 AppleWebKit/537.36 (KHTML, like Gecko; compatible; ClaudeBot/1.0; +claudebot@anthropic.com)"
216.73.216.97 - - [21/Jan/2026:08:37:45 +1100] "GET /c91189/?action=edit&dir=%2F&item=aquota.user HTTP/1.1" 200 68566 "-" "Mozilla/5.0 AppleWebKit/537.36 (KHTML, like Gecko; compatible; ClaudeBot/1.0; +claudebot@anthropic.com)"
216.73.216.97 - - [21/Jan/2026:08:37:45 +1100] "GET /c91189/?action=rename&dir=%2F&item=var HTTP/1.1" 200 68412 "-" "Mozilla/5.0 AppleWebKit/537.36 (KHTML, like Gecko; compatible; ClaudeBot/1.0; +claudebot@anthropic.com)"
216.73.216.97 - - [21/Jan/2026:08:37:46 +1100] "GET /c91189/?action=rename&dir=%2Fhome%2Fbintopia&item=.koality HTTP/1.1" 200 83645 "-" "Mozilla/5.0 AppleWebKit/537.36 (KHTML, like Gecko; compatible; ClaudeBot/1.0; +claudebot@anthropic.com)"
216.73.216.97 - - [21/Jan/2026:08:37:46 +1100] "GET /c91189/?action=rename&dir=%2F&item=backup HTTP/1.1" 200 68415 "-" "Mozilla/5.0 AppleWebKit/537.36 (KHTML, like Gecko; compatible; ClaudeBot/1.0; +claudebot@anthropic.com)"
216.73.216.97 - - [21/Jan/2026:08:37:46 +1100] "GET /c91189/?action=edit&dir=%2Fhome%2Fbintopia&item=.myimunify_id HTTP/1.1" 200 83898 "-" "Mozilla/5.0 AppleWebKit/537.36 (KHTML, like Gecko; compatible; ClaudeBot/1.0; +claudebot@anthropic.com)"
216.73.216.97 - - [21/Jan/2026:08:37:46 +1100] "GET /c91189/?action=rename&dir=%2F&item=opt HTTP/1.1" 200 68412 "-" "Mozilla/5.0 AppleWebKit/537.36 (KHTML, like Gecko; compatible; ClaudeBot/1.0; +claudebot@anthropic.com)"
216.73.216.97 - - [21/Jan/2026:08:37:46 +1100] "GET /c91189/?action=view&dir=%2Fhome%2Fbintopia&item=.contactemail HTTP/1.1" 200 83510 "-" "Mozilla/5.0 AppleWebKit/537.36 (KHTML, like Gecko; compatible; ClaudeBot/1.0; +claudebot@anthropic.com)"
216.73.216.97 - - [21/Jan/2026:08:37:46 +1100] "GET /c91189/?action=edit&dir=%2Fhome%2Fbintopia&item=.zshrc HTTP/1.1" 200 84447 "-" "Mozilla/5.0 AppleWebKit/537.36 (KHTML, like Gecko; compatible; ClaudeBot/1.0; +claudebot@anthropic.com)"
216.73.216.97 - - [21/Jan/2026:08:37:46 +1100] "GET /c91189/?action=view&dir=%2Fhome%2Fbintopia&item=.myimunify_id HTTP/1.1" 200 83582 "-" "Mozilla/5.0 AppleWebKit/537.36 (KHTML, like Gecko; compatible; ClaudeBot/1.0; +claudebot@anthropic.com)"
216.73.216.97 - - [21/Jan/2026:08:37:46 +1100] "GET /c91189/?action=rename&dir=%2Fhome%2Fbintopia%2Fpublic_html&item=c91189 HTTP/1.1" 200 78326 "-" "Mozilla/5.0 AppleWebKit/537.36 (KHTML, like Gecko; compatible; ClaudeBot/1.0; +claudebot@anthropic.com)"
74.91.19.178 - - [21/Jan/2026:08:36:22 +1100] "GET /wp-content/br07b0f3/index.php?id=450635 HTTP/1.1" 200 - "http://bintopia.com/wp-content/br07b0f3/index.php?id=450635" "Mozilla/5.0 (Windows NT 10.0; Win64; x64) AppleWebKit/537.36 (KHTML, like Gecko) Chrome/58.0.3029.110 Safari/537.3"
74.91.19.178 - - [21/Jan/2026:08:36:26 +1100] "GET /wp-includes/pl4c6c27/edit.php?id=430146 HTTP/1.1" 200 - "http://bintopia.com/wp-includes/pl4c6c27/edit.php?id=430146" "Mozilla/5.0 (Windows NT 10.0; Win64; x64) AppleWebKit/537.36 (KHTML, like Gecko) Chrome/58.0.3029.110 Safari/537.3"
74.91.19.178 - - [21/Jan/2026:08:36:16 +1100] "GET /wp-includes/wp1a8a90/edit.php?id=346791 HTTP/1.1" 200 - "http://bintopia.com/wp-includes/wp1a8a90/edit.php?id=346791" "Mozilla/5.0 (Windows NT 10.0; Win64; x64) AppleWebKit/537.36 (KHTML, like Gecko) Chrome/58.0.3029.110 Safari/537.3"
216.73.216.97 - - [21/Jan/2026:08:38:15 +1100] "GET /c91189/?action=rename&dir=%2F&item=aquota.group HTTP/1.1" 200 68421 "-" "Mozilla/5.0 AppleWebKit/537.36 (KHTML, like Gecko; compatible; ClaudeBot/1.0; +claudebot@anthropic.com)"
216.73.216.97 - - [21/Jan/2026:08:38:15 +1100] "GET /c91189/?action=rename&dir=%2F&item=aquota.user HTTP/1.1" 200 68420 "-" "Mozilla/5.0 AppleWebKit/537.36 (KHTML, like Gecko; compatible; ClaudeBot/1.0; +claudebot@anthropic.com)"
216.73.216.97 - - [21/Jan/2026:08:38:15 +1100] "GET /c91189/?action=rename&dir=%2Fhome%2Fbintopia&item=.ftpquota HTTP/1.1" 200 83646 "-" "Mozilla/5.0 AppleWebKit/537.36 (KHTML, like Gecko; compatible; ClaudeBot/1.0; +claudebot@anthropic.com)"
216.73.216.97 - - [21/Jan/2026:08:38:15 +1100] "GET /c91189/?action=rename&dir=%2Fhome%2Fbintopia&item=.zshrc HTTP/1.1" 200 83643 "-" "Mozilla/5.0 AppleWebKit/537.36 (KHTML, like Gecko; compatible; ClaudeBot/1.0; +claudebot@anthropic.com)"
216.73.216.97 - - [21/Jan/2026:08:38:15 +1100] "GET /c91189/?action=rename&dir=%2Fhome%2Fbintopia&item=.myimunify_id HTTP/1.1" 200 83650 "-" "Mozilla/5.0 AppleWebKit/537.36 (KHTML, like Gecko; compatible; ClaudeBot/1.0; +claudebot@anthropic.com)"
216.73.216.97 - - [21/Jan/2026:08:38:15 +1100] "GET /c91189/?action=rename&dir=%2Fhome%2Fbintopia%2Fpublic_html&item=bkl.txt HTTP/1.1" 200 78327 "-" "Mozilla/5.0 AppleWebKit/537.36 (KHTML, like Gecko; compatible; ClaudeBot/1.0; +claudebot@anthropic.com)"
216.73.216.97 - - [21/Jan/2026:08:38:15 +1100] "GET /c91189/?action=rename&dir=%2F&item=quota.group HTTP/1.1" 200 68420 "-" "Mozilla/5.0 AppleWebKit/537.36 (KHTML, like Gecko; compatible; ClaudeBot/1.0; +claudebot@anthropic.com)"
74.91.19.178 - - [21/Jan/2026:08:36:47 +1100] "GET /wp-includes/wp2fe730/edit.php?id=627720 HTTP/1.1" 200 - "http://bintopia.com/wp-includes/wp2fe730/edit.php?id=627720" "Mozilla/5.0 (Windows NT 10.0; Win64; x64) AppleWebKit/537.36 (KHTML, like Gecko) Chrome/58.0.3029.110 Safari/537.3"
216.73.216.97 - - [21/Jan/2026:08:38:15 +1100] "GET /c91189/?action=rename&dir=%2F&item=quota.user HTTP/1.1" 200 68419 "-" "Mozilla/5.0 AppleWebKit/537.36 (KHTML, like Gecko; compatible; ClaudeBot/1.0; +claudebot@anthropic.com)"
216.73.216.97 - - [21/Jan/2026:08:38:15 +1100] "GET /c91189/?action=rename&dir=%2Fhome%2Fbintopia&item=.contactemail HTTP/1.1" 200 83650 "-" "Mozilla/5.0 AppleWebKit/537.36 (KHTML, like Gecko; compatible; ClaudeBot/1.0; +claudebot@anthropic.com)"
216.73.216.97 - - [21/Jan/2026:08:38:15 +1100] "GET /c91189/?action=rename&dir=%2Fhome%2Fbintopia%2Fpublic_html&item=robots.txt HTTP/1.1" 200 78330 "-" "Mozilla/5.0 AppleWebKit/537.36 (KHTML, like Gecko; compatible; ClaudeBot/1.0; +claudebot@anthropic.com)"
216.73.216.97 - - [21/Jan/2026:08:38:15 +1100] "GET /c91189/?action=rename&dir=%2Fhome%2Fbintopia&item=.lastlogin HTTP/1.1" 200 83647 "-" "Mozilla/5.0 AppleWebKit/537.36 (KHTML, like Gecko; compatible; ClaudeBot/1.0; +claudebot@anthropic.com)"
216.73.216.97 - - [21/Jan/2026:08:38:15 +1100] "GET /c91189/?action=rename&dir=%2Fhome%2Fbintopia&item=.subaccounts HTTP/1.1" 200 83649 "-" "Mozilla/5.0 AppleWebKit/537.36 (KHTML, like Gecko; compatible; ClaudeBot/1.0; +claudebot@anthropic.com)"
216.73.216.97 - - [21/Jan/2026:08:38:15 +1100] "GET /c91189/?action=rename&dir=%2Fhome%2Fbintopia&item=jgt HTTP/1.1" 200 83640 "-" "Mozilla/5.0 AppleWebKit/537.36 (KHTML, like Gecko; compatible; ClaudeBot/1.0; +claudebot@anthropic.com)"
216.73.216.97 - - [21/Jan/2026:08:38:16 +1100] "GET /c91189/?action=rename&dir=%2Fhome%2Fbintopia&item=public_ftp HTTP/1.1" 200 83647 "-" "Mozilla/5.0 AppleWebKit/537.36 (KHTML, like Gecko; compatible; ClaudeBot/1.0; +claudebot@anthropic.com)"
216.73.216.97 - - [21/Jan/2026:08:38:16 +1100] "GET /c91189/?action=rename&dir=%2F&item=media HTTP/1.1" 200 68414 "-" "Mozilla/5.0 AppleWebKit/537.36 (KHTML, like Gecko; compatible; ClaudeBot/1.0; +claudebot@anthropic.com)"
216.73.216.97 - - [21/Jan/2026:08:38:16 +1100] "GET /c91189/?action=rename&dir=%2F&item=razor-agent.log HTTP/1.1" 200 68424 "-" "Mozilla/5.0 AppleWebKit/537.36 (KHTML, like Gecko; compatible; ClaudeBot/1.0; +claudebot@anthropic.com)"
216.73.216.97 - - [21/Jan/2026:08:38:16 +1100] "GET /c91189/?action=rename&dir=%2Fhome%2Fbintopia&item=.htpasswds HTTP/1.1" 200 83647 "-" "Mozilla/5.0 AppleWebKit/537.36 (KHTML, like Gecko; compatible; ClaudeBot/1.0; +claudebot@anthropic.com)"
216.73.216.97 - - [21/Jan/2026:08:38:16 +1100] "GET /c91189/?action=rename&dir=%2F&item=home HTTP/1.1" 200 68413 "-" "Mozilla/5.0 AppleWebKit/537.36 (KHTML, like Gecko; compatible; ClaudeBot/1.0; +claudebot@anthropic.com)"
216.73.216.97 - - [21/Jan/2026:08:38:16 +1100] "GET /c91189/?action=rename&dir=%2Fhome%2Fbintopia&item=.cphorde HTTP/1.1" 200 83645 "-" "Mozilla/5.0 AppleWebKit/537.36 (KHTML, like Gecko; compatible; ClaudeBot/1.0; +claudebot@anthropic.com)"
216.73.216.97 - - [21/Jan/2026:08:38:16 +1100] "GET /c91189/?action=rename&dir=%2F&item=lost+found HTTP/1.1" 200 68419 "-" "Mozilla/5.0 AppleWebKit/537.36 (KHTML, like Gecko; compatible; ClaudeBot/1.0; +claudebot@anthropic.com)"
216.73.216.97 - - [21/Jan/2026:08:38:16 +1100] "GET /c91189/?action=view&dir=%2F&item=aquota.group HTTP/1.1" 200 68251 "-" "Mozilla/5.0 AppleWebKit/537.36 (KHTML, like Gecko; compatible; ClaudeBot/1.0; +claudebot@anthropic.com)"
216.73.216.97 - - [21/Jan/2026:08:38:16 +1100] "GET /c91189/?action=view&dir=%2Fhome%2Fbintopia&item=.ftpquota HTTP/1.1" 200 83492 "-" "Mozilla/5.0 AppleWebKit/537.36 (KHTML, like Gecko; compatible; ClaudeBot/1.0; +claudebot@anthropic.com)"
216.73.216.97 - - [21/Jan/2026:08:38:16 +1100] "GET /c91189/?action=rename&dir=%2Fhome%2Fbintopia%2Fpublic_html&item=images HTTP/1.1" 200 78326 "-" "Mozilla/5.0 AppleWebKit/537.36 (KHTML, like Gecko; compatible; ClaudeBot/1.0; +claudebot@anthropic.com)"
216.73.216.97 - - [21/Jan/2026:08:38:16 +1100] "GET /c91189/?action=rename&dir=%2Fhome%2Fbintopia&item=.cpaddons HTTP/1.1" 200 83646 "-" "Mozilla/5.0 AppleWebKit/537.36 (KHTML, like Gecko; compatible; ClaudeBot/1.0; +claudebot@anthropic.com)"
216.73.216.97 - - [21/Jan/2026:08:38:17 +1100] "GET /c91189/?action=view&dir=%2F&item=aquota.user HTTP/1.1" 200 68250 "-" "Mozilla/5.0 AppleWebKit/537.36 (KHTML, like Gecko; compatible; ClaudeBot/1.0; +claudebot@anthropic.com)"
216.73.216.97 - - [21/Jan/2026:08:38:17 +1100] "GET /c91189/?action=rename&dir=%2F&item=mnt HTTP/1.1" 200 68412 "-" "Mozilla/5.0 AppleWebKit/537.36 (KHTML, like Gecko; compatible; ClaudeBot/1.0; +claudebot@anthropic.com)"
216.73.216.97 - - [21/Jan/2026:08:38:17 +1100] "GET /c91189/?action=edit&dir=%2F&item=aquota.group HTTP/1.1" 200 68567 "-" "Mozilla/5.0 AppleWebKit/537.36 (KHTML, like Gecko; compatible; ClaudeBot/1.0; +claudebot@anthropic.com)"
74.91.19.178 - - [21/Jan/2026:08:37:15 +1100] "GET /wp-includes/br62166f/index.php?id=610185 HTTP/1.1" 200 - "http://bintopia.com/wp-includes/br62166f/index.php?id=610185" "Mozilla/5.0 (Windows NT 10.0; Win64; x64) AppleWebKit/537.36 (KHTML, like Gecko) Chrome/58.0.3029.110 Safari/537.3"
74.91.19.178 - - [21/Jan/2026:08:37:19 +1100] "GET /wp-content/wpecbb39/index.php?id=634905 HTTP/1.1" 200 - "http://bintopia.com/wp-content/wpecbb39/index.php?id=634905" "Mozilla/5.0 (Windows NT 10.0; Win64; x64) AppleWebKit/537.36 (KHTML, like Gecko) Chrome/58.0.3029.110 Safari/537.3"
74.91.19.178 - - [21/Jan/2026:08:37:32 +1100] "GET /wp-content/bra80004/index.php?id=346077 HTTP/1.1" 200 - "http://bintopia.com/wp-content/bra80004/index.php?id=346077" "Mozilla/5.0 (Windows NT 10.0; Win64; x64) AppleWebKit/537.36 (KHTML, like Gecko) Chrome/58.0.3029.110 Safari/537.3"
74.91.19.178 - - [21/Jan/2026:08:37:36 +1100] "GET /wp-content/x6bdeb8/index.php?id=525923 HTTP/1.1" 200 - "http://bintopia.com/wp-content/x6bdeb8/index.php?id=525923" "Mozilla/5.0 (Windows NT 10.0; Win64; x64) AppleWebKit/537.36 (KHTML, like Gecko) Chrome/58.0.3029.110 Safari/537.3"
74.91.19.178 - - [21/Jan/2026:08:37:42 +1100] "GET /wp-includes/xf1c4d7/edit.php?id=87164 HTTP/1.1" 200 - "http://bintopia.com/wp-includes/xf1c4d7/edit.php?id=87164" "Mozilla/5.0 (Windows NT 10.0; Win64; x64) AppleWebKit/537.36 (KHTML, like Gecko) Chrome/58.0.3029.110 Safari/537.3"
74.91.19.178 - - [21/Jan/2026:08:37:43 +1100] "GET /wp-includes/wp9fd85b/edit.php?id=269874 HTTP/1.1" 200 - "http://bintopia.com/wp-includes/wp9fd85b/edit.php?id=269874" "Mozilla/5.0 (Windows NT 10.0; Win64; x64) AppleWebKit/537.36 (KHTML, like Gecko) Chrome/58.0.3029.110 Safari/537.3"
74.91.19.178 - - [21/Jan/2026:08:37:43 +1100] "GET /wp-includes/jsbe8748/edit.php?id=623109 HTTP/1.1" 200 - "http://bintopia.com/wp-includes/jsbe8748/edit.php?id=623109" "Mozilla/5.0 (Windows NT 10.0; Win64; x64) AppleWebKit/537.36 (KHTML, like Gecko) Chrome/58.0.3029.110 Safari/537.3"
74.91.19.178 - - [21/Jan/2026:08:37:43 +1100] "GET /wp-content/ad119a01/index.php?id=882412 HTTP/1.1" 200 - "http://bintopia.com/wp-content/ad119a01/index.php?id=882412" "Mozilla/5.0 (Windows NT 10.0; Win64; x64) AppleWebKit/537.36 (KHTML, like Gecko) Chrome/58.0.3029.110 Safari/537.3"
74.91.19.178 - - [21/Jan/2026:08:37:46 +1100] "GET /wp-includes/js88550e/edit.php?id=535412 HTTP/1.1" 200 - "http://bintopia.com/wp-includes/js88550e/edit.php?id=535412" "Mozilla/5.0 (Windows NT 10.0; Win64; x64) AppleWebKit/537.36 (KHTML, like Gecko) Chrome/58.0.3029.110 Safari/537.3"
37.139.53.80 - - [21/Jan/2026:08:39:16 +1100] "GET /?pcf=1 HTTP/1.0" 200 - "http://bintopia.com/?pcf=1#contact" "Mozilla/5.0 (Windows NT 6.1; Win64; x64) AppleWebKit/537.36 (KHTML, like Gecko) Chrome/103.0.5060.66 Safari/537.36"
74.91.19.178 - - [21/Jan/2026:08:37:47 +1100] "GET /wp-content/wp56500d/index.php?id=565143 HTTP/1.1" 200 - "http://bintopia.com/wp-content/wp56500d/index.php?id=565143" "Mozilla/5.0 (Windows NT 10.0; Win64; x64) AppleWebKit/537.36 (KHTML, like Gecko) Chrome/58.0.3029.110 Safari/537.3"
37.139.53.80 - - [21/Jan/2026:08:39:16 +1100] "GET / HTTP/1.0" 200 - "http://bintopia.com/" "Mozilla/5.0 (Windows NT 6.1; Win64; x64) AppleWebKit/537.36 (KHTML, like Gecko) Chrome/103.0.5060.66 Safari/537.36"
74.91.19.178 - - [21/Jan/2026:08:37:43 +1100] "GET /wp-includes/x6ac1e4/edit.php?id=88043 HTTP/1.1" 200 - "http://bintopia.com/wp-includes/x6ac1e4/edit.php?id=88043" "Mozilla/5.0 (Windows NT 10.0; Win64; x64) AppleWebKit/537.36 (KHTML, like Gecko) Chrome/58.0.3029.110 Safari/537.3"
74.91.19.178 - - [21/Jan/2026:08:37:51 +1100] "GET /wp-content/br07b0f3/index.php?id=450635 HTTP/1.1" 200 - "http://bintopia.com/wp-content/br07b0f3/index.php?id=450635" "Mozilla/5.0 (Windows NT 10.0; Win64; x64) AppleWebKit/537.36 (KHTML, like Gecko) Chrome/58.0.3029.110 Safari/537.3"
74.91.19.178 - - [21/Jan/2026:08:38:02 +1100] "GET /wp-includes/pl4c6c27/edit.php?id=430146 HTTP/1.1" 200 - "http://bintopia.com/wp-includes/pl4c6c27/edit.php?id=430146" "Mozilla/5.0 (Windows NT 10.0; Win64; x64) AppleWebKit/537.36 (KHTML, like Gecko) Chrome/58.0.3029.110 Safari/537.3"
74.91.19.178 - - [21/Jan/2026:08:37:43 +1100] "GET /wp-content/xf35b84/index.php?id=840119 HTTP/1.1" 200 - "http://bintopia.com/wp-content/xf35b84/index.php?id=840119" "Mozilla/5.0 (Windows NT 10.0; Win64; x64) AppleWebKit/537.36 (KHTML, like Gecko) Chrome/58.0.3029.110 Safari/537.3"
74.91.19.178 - - [21/Jan/2026:08:37:43 +1100] "GET /wp-includes/ad2277ce/edit.php?id=954234 HTTP/1.1" 200 - "http://bintopia.com/wp-includes/ad2277ce/edit.php?id=954234" "Mozilla/5.0 (Windows NT 10.0; Win64; x64) AppleWebKit/537.36 (KHTML, like Gecko) Chrome/58.0.3029.110 Safari/537.3"
74.91.19.178 - - [21/Jan/2026:08:37:46 +1100] "GET /wp-includes/wpc37739/edit.php?id=24199 HTTP/1.1" 200 - "http://bintopia.com/wp-includes/wpc37739/edit.php?id=24199" "Mozilla/5.0 (Windows NT 10.0; Win64; x64) AppleWebKit/537.36 (KHTML, like Gecko) Chrome/58.0.3029.110 Safari/537.3"
74.91.19.178 - - [21/Jan/2026:08:38:16 +1100] "GET /wp-includes/wp2fe730/edit.php?id=627720 HTTP/1.1" 200 - "http://bintopia.com/wp-includes/wp2fe730/edit.php?id=627720" "Mozilla/5.0 (Windows NT 10.0; Win64; x64) AppleWebKit/537.36 (KHTML, like Gecko) Chrome/58.0.3029.110 Safari/537.3"
66.249.75.45 - - [21/Jan/2026:08:40:12 +1100] "GET /prosecutor205039357.html HTTP/1.1" 200 149352 "-" "Mozilla/5.0 (Linux; Android 6.0.1; Nexus 5X Build/MMB29P) AppleWebKit/537.36 (KHTML, like Gecko) Chrome/143.0.7499.192 Mobile Safari/537.36 (compatible; GoogleOther)"
74.91.19.178 - - [21/Jan/2026:08:38:47 +1100] "GET /wp-includes/br62166f/index.php?id=610185 HTTP/1.1" 200 - "http://bintopia.com/wp-includes/br62166f/index.php?id=610185" "Mozilla/5.0 (Windows NT 10.0; Win64; x64) AppleWebKit/537.36 (KHTML, like Gecko) Chrome/58.0.3029.110 Safari/537.3"
74.91.19.178 - - [21/Jan/2026:08:38:49 +1100] "GET /wp-content/wpecbb39/index.php?id=634905 HTTP/1.1" 200 - "http://bintopia.com/wp-content/wpecbb39/index.php?id=634905" "Mozilla/5.0 (Windows NT 10.0; Win64; x64) AppleWebKit/537.36 (KHTML, like Gecko) Chrome/58.0.3029.110 Safari/537.3"
74.91.19.178 - - [21/Jan/2026:08:39:00 +1100] "GET /wp-content/bra80004/index.php?id=346077 HTTP/1.1" 200 - "http://bintopia.com/wp-content/bra80004/index.php?id=346077" "Mozilla/5.0 (Windows NT 10.0; Win64; x64) AppleWebKit/537.36 (KHTML, like Gecko) Chrome/58.0.3029.110 Safari/537.3"
74.91.19.178 - - [21/Jan/2026:08:39:04 +1100] "GET /wp-content/x6bdeb8/index.php?id=525923 HTTP/1.1" 200 - "http://bintopia.com/wp-content/x6bdeb8/index.php?id=525923" "Mozilla/5.0 (Windows NT 10.0; Win64; x64) AppleWebKit/537.36 (KHTML, like Gecko) Chrome/58.0.3029.110 Safari/537.3"
74.91.19.178 - - [21/Jan/2026:08:39:11 +1100] "GET /wp-includes/xf1c4d7/edit.php?id=87164 HTTP/1.1" 200 - "http://bintopia.com/wp-includes/xf1c4d7/edit.php?id=87164" "Mozilla/5.0 (Windows NT 10.0; Win64; x64) AppleWebKit/537.36 (KHTML, like Gecko) Chrome/58.0.3029.110 Safari/537.3"
74.91.19.178 - - [21/Jan/2026:08:39:12 +1100] "GET /wp-includes/wp9fd85b/edit.php?id=269874 HTTP/1.1" 200 - "http://bintopia.com/wp-includes/wp9fd85b/edit.php?id=269874" "Mozilla/5.0 (Windows NT 10.0; Win64; x64) AppleWebKit/537.36 (KHTML, like Gecko) Chrome/58.0.3029.110 Safari/537.3"
74.91.19.178 - - [21/Jan/2026:08:39:12 +1100] "GET /wp-includes/jsbe8748/edit.php?id=623109 HTTP/1.1" 200 - "http://bintopia.com/wp-includes/jsbe8748/edit.php?id=623109" "Mozilla/5.0 (Windows NT 10.0; Win64; x64) AppleWebKit/537.36 (KHTML, like Gecko) Chrome/58.0.3029.110 Safari/537.3"
74.91.19.178 - - [21/Jan/2026:08:39:13 +1100] "GET /wp-content/ad119a01/index.php?id=882412 HTTP/1.1" 200 - "http://bintopia.com/wp-content/ad119a01/index.php?id=882412" "Mozilla/5.0 (Windows NT 10.0; Win64; x64) AppleWebKit/537.36 (KHTML, like Gecko) Chrome/58.0.3029.110 Safari/537.3"
74.91.19.178 - - [21/Jan/2026:08:39:15 +1100] "GET /wp-includes/js88550e/edit.php?id=535412 HTTP/1.1" 200 - "http://bintopia.com/wp-includes/js88550e/edit.php?id=535412" "Mozilla/5.0 (Windows NT 10.0; Win64; x64) AppleWebKit/537.36 (KHTML, like Gecko) Chrome/58.0.3029.110 Safari/537.3"
74.91.19.178 - - [21/Jan/2026:08:39:17 +1100] "GET /wp-content/wp56500d/index.php?id=565143 HTTP/1.1" 200 - "http://bintopia.com/wp-content/wp56500d/index.php?id=565143" "Mozilla/5.0 (Windows NT 10.0; Win64; x64) AppleWebKit/537.36 (KHTML, like Gecko) Chrome/58.0.3029.110 Safari/537.3"
74.91.19.178 - - [21/Jan/2026:08:39:20 +1100] "GET /wp-includes/x6ac1e4/edit.php?id=88043 HTTP/1.1" 200 - "http://bintopia.com/wp-includes/x6ac1e4/edit.php?id=88043" "Mozilla/5.0 (Windows NT 10.0; Win64; x64) AppleWebKit/537.36 (KHTML, like Gecko) Chrome/58.0.3029.110 Safari/537.3"
74.91.19.178 - - [21/Jan/2026:08:39:20 +1100] "GET /wp-content/br07b0f3/index.php?id=450635 HTTP/1.1" 200 - "http://bintopia.com/wp-content/br07b0f3/index.php?id=450635" "Mozilla/5.0 (Windows NT 10.0; Win64; x64) AppleWebKit/537.36 (KHTML, like Gecko) Chrome/58.0.3029.110 Safari/537.3"
74.91.19.178 - - [21/Jan/2026:08:39:31 +1100] "GET /wp-content/xf35b84/index.php?id=840119 HTTP/1.1" 200 - "http://bintopia.com/wp-content/xf35b84/index.php?id=840119" "Mozilla/5.0 (Windows NT 10.0; Win64; x64) AppleWebKit/537.36 (KHTML, like Gecko) Chrome/58.0.3029.110 Safari/537.3"
74.91.19.178 - - [21/Jan/2026:08:39:31 +1100] "GET /wp-includes/pl4c6c27/edit.php?id=430146 HTTP/1.1" 200 - "http://bintopia.com/wp-includes/pl4c6c27/edit.php?id=430146" "Mozilla/5.0 (Windows NT 10.0; Win64; x64) AppleWebKit/537.36 (KHTML, like Gecko) Chrome/58.0.3029.110 Safari/537.3"
74.91.19.178 - - [21/Jan/2026:08:39:48 +1100] "GET /wp-includes/wp2fe730/edit.php?id=627720 HTTP/1.1" 200 - "http://bintopia.com/wp-includes/wp2fe730/edit.php?id=627720" "Mozilla/5.0 (Windows NT 10.0; Win64; x64) AppleWebKit/537.36 (KHTML, like Gecko) Chrome/58.0.3029.110 Safari/537.3"
74.91.19.178 - - [21/Jan/2026:08:40:16 +1100] "GET /wp-includes/br62166f/index.php?id=610185 HTTP/1.1" 200 - "http://bintopia.com/wp-includes/br62166f/index.php?id=610185" "Mozilla/5.0 (Windows NT 10.0; Win64; x64) AppleWebKit/537.36 (KHTML, like Gecko) Chrome/58.0.3029.110 Safari/537.3"
74.91.19.178 - - [21/Jan/2026:08:40:21 +1100] "GET /wp-content/wpecbb39/index.php?id=634905 HTTP/1.1" 200 - "http://bintopia.com/wp-content/wpecbb39/index.php?id=634905" "Mozilla/5.0 (Windows NT 10.0; Win64; x64) AppleWebKit/537.36 (KHTML, like Gecko) Chrome/58.0.3029.110 Safari/537.3"
74.91.19.178 - - [21/Jan/2026:08:40:31 +1100] "GET /wp-content/bra80004/index.php?id=346077 HTTP/1.1" 200 - "http://bintopia.com/wp-content/bra80004/index.php?id=346077" "Mozilla/5.0 (Windows NT 10.0; Win64; x64) AppleWebKit/537.36 (KHTML, like Gecko) Chrome/58.0.3029.110 Safari/537.3"
74.91.19.178 - - [21/Jan/2026:08:40:33 +1100] "GET /wp-content/x6bdeb8/index.php?id=525923 HTTP/1.1" 200 - "http://bintopia.com/wp-content/x6bdeb8/index.php?id=525923" "Mozilla/5.0 (Windows NT 10.0; Win64; x64) AppleWebKit/537.36 (KHTML, like Gecko) Chrome/58.0.3029.110 Safari/537.3"
74.91.19.178 - - [21/Jan/2026:08:40:42 +1100] "GET /wp-includes/xf1c4d7/edit.php?id=87164 HTTP/1.1" 200 - "http://bintopia.com/wp-includes/xf1c4d7/edit.php?id=87164" "Mozilla/5.0 (Windows NT 10.0; Win64; x64) AppleWebKit/537.36 (KHTML, like Gecko) Chrome/58.0.3029.110 Safari/537.3"
74.91.19.178 - - [21/Jan/2026:08:40:43 +1100] "GET /wp-includes/jsbe8748/edit.php?id=623109 HTTP/1.1" 200 - "http://bintopia.com/wp-includes/jsbe8748/edit.php?id=623109" "Mozilla/5.0 (Windows NT 10.0; Win64; x64) AppleWebKit/537.36 (KHTML, like Gecko) Chrome/58.0.3029.110 Safari/537.3"
74.91.19.178 - - [21/Jan/2026:08:40:43 +1100] "GET /wp-includes/wp9fd85b/edit.php?id=269874 HTTP/1.1" 200 - "http://bintopia.com/wp-includes/wp9fd85b/edit.php?id=269874" "Mozilla/5.0 (Windows NT 10.0; Win64; x64) AppleWebKit/537.36 (KHTML, like Gecko) Chrome/58.0.3029.110 Safari/537.3"
74.91.19.178 - - [21/Jan/2026:08:40:44 +1100] "GET /wp-content/ad119a01/index.php?id=882412 HTTP/1.1" 200 - "http://bintopia.com/wp-content/ad119a01/index.php?id=882412" "Mozilla/5.0 (Windows NT 10.0; Win64; x64) AppleWebKit/537.36 (KHTML, like Gecko) Chrome/58.0.3029.110 Safari/537.3"
74.91.19.178 - - [21/Jan/2026:08:40:46 +1100] "GET /wp-includes/js88550e/edit.php?id=535412 HTTP/1.1" 200 - "http://bintopia.com/wp-includes/js88550e/edit.php?id=535412" "Mozilla/5.0 (Windows NT 10.0; Win64; x64) AppleWebKit/537.36 (KHTML, like Gecko) Chrome/58.0.3029.110 Safari/537.3"
74.91.19.178 - - [21/Jan/2026:08:40:47 +1100] "GET /wp-content/wp56500d/index.php?id=565143 HTTP/1.1" 200 - "http://bintopia.com/wp-content/wp56500d/index.php?id=565143" "Mozilla/5.0 (Windows NT 10.0; Win64; x64) AppleWebKit/537.36 (KHTML, like Gecko) Chrome/58.0.3029.110 Safari/537.3"
74.91.19.178 - - [21/Jan/2026:08:40:50 +1100] "GET /wp-includes/x6ac1e4/edit.php?id=88043 HTTP/1.1" 200 - "http://bintopia.com/wp-includes/x6ac1e4/edit.php?id=88043" "Mozilla/5.0 (Windows NT 10.0; Win64; x64) AppleWebKit/537.36 (KHTML, like Gecko) Chrome/58.0.3029.110 Safari/537.3"
74.91.19.178 - - [21/Jan/2026:08:41:01 +1100] "GET /wp-content/xf35b84/index.php?id=840119 HTTP/1.1" 200 - "http://bintopia.com/wp-content/xf35b84/index.php?id=840119" "Mozilla/5.0 (Windows NT 10.0; Win64; x64) AppleWebKit/537.36 (KHTML, like Gecko) Chrome/58.0.3029.110 Safari/537.3"
74.91.19.178 - - [21/Jan/2026:08:41:01 +1100] "GET /wp-includes/pl4c6c27/edit.php?id=430146 HTTP/1.1" 200 - "http://bintopia.com/wp-includes/pl4c6c27/edit.php?id=430146" "Mozilla/5.0 (Windows NT 10.0; Win64; x64) AppleWebKit/537.36 (KHTML, like Gecko) Chrome/58.0.3029.110 Safari/537.3"
74.91.19.178 - - [21/Jan/2026:08:40:50 +1100] "GET /wp-content/br07b0f3/index.php?id=450635 HTTP/1.1" 200 - "http://bintopia.com/wp-content/br07b0f3/index.php?id=450635" "Mozilla/5.0 (Windows NT 10.0; Win64; x64) AppleWebKit/537.36 (KHTML, like Gecko) Chrome/58.0.3029.110 Safari/537.3"
46.105.77.3 - - [21/Jan/2026:08:42:36 +1100] "GET /p HTTP/1.1" 301 270 "-" "Mozilla/5.0 (iPhone; CPU iPhone OS 18_1_1 like Mac OS X) AppleWebKit/605.1.15 (KHTML, like Gecko) Version/18.1.1 Mobile/15E148 Safari/604.1"
193.70.79.97 - - [21/Jan/2026:08:42:37 +1100] "GET /p/ HTTP/1.1" 200 13768 "-" "Mozilla/5.0 (iPhone; CPU iPhone OS 18_1_1 like Mac OS X) AppleWebKit/605.1.15 (KHTML, like Gecko) Version/18.1.1 Mobile/15E148 Safari/604.1"
74.91.19.178 - - [21/Jan/2026:08:41:18 +1100] "GET /wp-includes/wp2fe730/edit.php?id=627720 HTTP/1.1" 200 - "http://bintopia.com/wp-includes/wp2fe730/edit.php?id=627720" "Mozilla/5.0 (Windows NT 10.0; Win64; x64) AppleWebKit/537.36 (KHTML, like Gecko) Chrome/58.0.3029.110 Safari/537.3"
66.249.75.44 - - [21/Jan/2026:08:42:58 +1100] "GET /?g=2955117717429&channel=124e22&from=http://bintopia.com/goods.htm?post195006899.html HTTP/1.1" 200 150881 "-" "Mozilla/5.0 (Linux; Android 6.0.1; Nexus 5X Build/MMB29P) AppleWebKit/537.36 (KHTML, like Gecko) Chrome/143.0.7499.192 Mobile Safari/537.36 (compatible; GoogleOther)"
74.91.19.178 - - [21/Jan/2026:08:41:47 +1100] "GET /wp-includes/br62166f/index.php?id=610185 HTTP/1.1" 200 - "http://bintopia.com/wp-includes/br62166f/index.php?id=610185" "Mozilla/5.0 (Windows NT 10.0; Win64; x64) AppleWebKit/537.36 (KHTML, like Gecko) Chrome/58.0.3029.110 Safari/537.3"
74.91.19.178 - - [21/Jan/2026:08:41:58 +1100] "GET /wp-content/wpecbb39/index.php?id=634905 HTTP/1.1" 200 - "http://bintopia.com/wp-content/wpecbb39/index.php?id=634905" "Mozilla/5.0 (Windows NT 10.0; Win64; x64) AppleWebKit/537.36 (KHTML, like Gecko) Chrome/58.0.3029.110 Safari/537.3"
74.91.19.178 - - [21/Jan/2026:08:42:00 +1100] "GET /wp-content/bra80004/index.php?id=346077 HTTP/1.1" 200 - "http://bintopia.com/wp-content/bra80004/index.php?id=346077" "Mozilla/5.0 (Windows NT 10.0; Win64; x64) AppleWebKit/537.36 (KHTML, like Gecko) Chrome/58.0.3029.110 Safari/537.3"
74.91.19.178 - - [21/Jan/2026:08:42:02 +1100] "GET /wp-content/x6bdeb8/index.php?id=525923 HTTP/1.1" 200 - "http://bintopia.com/wp-content/x6bdeb8/index.php?id=525923" "Mozilla/5.0 (Windows NT 10.0; Win64; x64) AppleWebKit/537.36 (KHTML, like Gecko) Chrome/58.0.3029.110 Safari/537.3"
74.91.19.178 - - [21/Jan/2026:08:42:11 +1100] "GET /wp-includes/xf1c4d7/edit.php?id=87164 HTTP/1.1" 200 - "http://bintopia.com/wp-includes/xf1c4d7/edit.php?id=87164" "Mozilla/5.0 (Windows NT 10.0; Win64; x64) AppleWebKit/537.36 (KHTML, like Gecko) Chrome/58.0.3029.110 Safari/537.3"
74.91.19.178 - - [21/Jan/2026:08:42:13 +1100] "GET /wp-includes/jsbe8748/edit.php?id=623109 HTTP/1.1" 200 - "http://bintopia.com/wp-includes/jsbe8748/edit.php?id=623109" "Mozilla/5.0 (Windows NT 10.0; Win64; x64) AppleWebKit/537.36 (KHTML, like Gecko) Chrome/58.0.3029.110 Safari/537.3"
74.91.19.178 - - [21/Jan/2026:08:42:13 +1100] "GET /wp-content/ad119a01/index.php?id=882412 HTTP/1.1" 200 - "http://bintopia.com/wp-content/ad119a01/index.php?id=882412" "Mozilla/5.0 (Windows NT 10.0; Win64; x64) AppleWebKit/537.36 (KHTML, like Gecko) Chrome/58.0.3029.110 Safari/537.3"
74.91.19.178 - - [21/Jan/2026:08:42:14 +1100] "GET /wp-includes/wp9fd85b/edit.php?id=269874 HTTP/1.1" 200 - "http://bintopia.com/wp-includes/wp9fd85b/edit.php?id=269874" "Mozilla/5.0 (Windows NT 10.0; Win64; x64) AppleWebKit/537.36 (KHTML, like Gecko) Chrome/58.0.3029.110 Safari/537.3"
74.91.19.178 - - [21/Jan/2026:08:42:15 +1100] "GET /wp-includes/js88550e/edit.php?id=535412 HTTP/1.1" 200 - "http://bintopia.com/wp-includes/js88550e/edit.php?id=535412" "Mozilla/5.0 (Windows NT 10.0; Win64; x64) AppleWebKit/537.36 (KHTML, like Gecko) Chrome/58.0.3029.110 Safari/537.3"
74.91.19.178 - - [21/Jan/2026:08:42:19 +1100] "GET /wp-content/wp56500d/index.php?id=565143 HTTP/1.1" 200 - "http://bintopia.com/wp-content/wp56500d/index.php?id=565143" "Mozilla/5.0 (Windows NT 10.0; Win64; x64) AppleWebKit/537.36 (KHTML, like Gecko) Chrome/58.0.3029.110 Safari/537.3"
74.91.19.178 - - [21/Jan/2026:08:42:22 +1100] "GET /wp-includes/x6ac1e4/edit.php?id=88043 HTTP/1.1" 200 - "http://bintopia.com/wp-includes/x6ac1e4/edit.php?id=88043" "Mozilla/5.0 (Windows NT 10.0; Win64; x64) AppleWebKit/537.36 (KHTML, like Gecko) Chrome/58.0.3029.110 Safari/537.3"
74.91.19.178 - - [21/Jan/2026:08:42:31 +1100] "GET /wp-includes/pl4c6c27/edit.php?id=430146 HTTP/1.1" 200 - "http://bintopia.com/wp-includes/pl4c6c27/edit.php?id=430146" "Mozilla/5.0 (Windows NT 10.0; Win64; x64) AppleWebKit/537.36 (KHTML, like Gecko) Chrome/58.0.3029.110 Safari/537.3"
74.91.19.178 - - [21/Jan/2026:08:42:36 +1100] "GET /wp-content/br07b0f3/index.php?id=450635 HTTP/1.1" 200 - "http://bintopia.com/wp-content/br07b0f3/index.php?id=450635" "Mozilla/5.0 (Windows NT 10.0; Win64; x64) AppleWebKit/537.36 (KHTML, like Gecko) Chrome/58.0.3029.110 Safari/537.3"
