216.73.216.97 - - [21/Jan/2026:09:17:57 +1100] "GET /b8d104/?path=%2F%2Ftmp%2F12826._USR_LOCAL_CPANEL_SCRIPTS_UPDATENOW__.760d23f7.tmp HTTP/1.1" 200 2603 "-" "Mozilla/5.0 AppleWebKit/537.36 (KHTML, like Gecko; compatible; ClaudeBot/1.0; +claudebot@anthropic.com)"
216.73.216.97 - - [21/Jan/2026:09:17:57 +1100] "GET /b8d104/?filesrc=%2F%2Frun%2Fchkservd.checking.lock-274d852b6e4a1-161f76ab9-6863&path=%2F%2Frun HTTP/1.1" 200 2247 "-" "Mozilla/5.0 AppleWebKit/537.36 (KHTML, like Gecko; compatible; ClaudeBot/1.0; +claudebot@anthropic.com)"
216.73.216.97 - - [21/Jan/2026:09:17:58 +1100] "GET /b8d104/?path=%2F%2Ftmp%2Fsystemd-private-5cce4b9ed0c145f597bef218042f66c7-named.service-yhrfuW HTTP/1.1" 200 2629 "-" "Mozilla/5.0 AppleWebKit/537.36 (KHTML, like Gecko; compatible; ClaudeBot/1.0; +claudebot@anthropic.com)"
216.73.216.97 - - [21/Jan/2026:09:17:58 +1100] "GET /b8d104/?path=%2F%2Ftmp%2Fsystemd-private-653993bc366747878de26c1f0aea73a2-named.service-318hlD HTTP/1.1" 200 2629 "-" "Mozilla/5.0 AppleWebKit/537.36 (KHTML, like Gecko; compatible; ClaudeBot/1.0; +claudebot@anthropic.com)"
216.73.216.97 - - [21/Jan/2026:09:17:58 +1100] "GET /b8d104/?path=%2F%2Ftmp%2Fsystemd-private-0fc85a046dec4b02b338ad6621349949-ntpd.service-C0Zy51 HTTP/1.1" 200 2627 "-" "Mozilla/5.0 AppleWebKit/537.36 (KHTML, like Gecko; compatible; ClaudeBot/1.0; +claudebot@anthropic.com)"
216.73.216.97 - - [21/Jan/2026:09:17:58 +1100] "GET /b8d104/?filesrc=%2F%2Frun%2Fchkservd.checking.lock-1abb374f913e8-1175644c1-c6cb&path=%2F%2Frun HTTP/1.1" 200 2247 "-" "Mozilla/5.0 AppleWebKit/537.36 (KHTML, like Gecko; compatible; ClaudeBot/1.0; +claudebot@anthropic.com)"
216.73.216.97 - - [21/Jan/2026:09:17:58 +1100] "GET /b8d104/?path=%2F%2Ftmp%2Fsystemd-private-0fc85a046dec4b02b338ad6621349949-ntpd.service-IqwFnO HTTP/1.1" 200 2627 "-" "Mozilla/5.0 AppleWebKit/537.36 (KHTML, like Gecko; compatible; ClaudeBot/1.0; +claudebot@anthropic.com)"
216.73.216.97 - - [21/Jan/2026:09:17:58 +1100] "GET /b8d104/?path=%2F%2Ftmp%2Fsystemd-private-0fc85a046dec4b02b338ad6621349949-named.service-K3Z0YT HTTP/1.1" 200 2629 "-" "Mozilla/5.0 AppleWebKit/537.36 (KHTML, like Gecko; compatible; ClaudeBot/1.0; +claudebot@anthropic.com)"
216.73.216.97 - - [21/Jan/2026:09:17:58 +1100] "GET /b8d104/?filesrc=%2F%2Fboot%2Finitramfs-3.10.0-957.27.2.el7.x86_64.img&path=%2F%2Fboot HTTP/1.1" 200 2211 "-" "Mozilla/5.0 AppleWebKit/537.36 (KHTML, like Gecko; compatible; ClaudeBot/1.0; +claudebot@anthropic.com)"
216.73.216.97 - - [21/Jan/2026:09:17:58 +1100] "GET /b8d104/?filesrc=%2F%2Fboot%2F.vmlinuz-3.10.0-957.27.2.el7.x86_64.hmac&path=%2F%2Fboot HTTP/1.1" 200 2382 "-" "Mozilla/5.0 AppleWebKit/537.36 (KHTML, like Gecko; compatible; ClaudeBot/1.0; +claudebot@anthropic.com)"
74.91.19.178 - - [21/Jan/2026:09:16:36 +1100] "GET /wp-includes/br62166f/index.php?id=610185 HTTP/1.1" 200 - "http://bintopia.com/wp-includes/br62166f/index.php?id=610185" "Mozilla/5.0 (Windows NT 10.0; Win64; x64) AppleWebKit/537.36 (KHTML, like Gecko) Chrome/58.0.3029.110 Safari/537.3"
74.91.19.178 - - [21/Jan/2026:09:16:39 +1100] "GET /wp-content/wpecbb39/index.php?id=634905 HTTP/1.1" 200 - "http://bintopia.com/wp-content/wpecbb39/index.php?id=634905" "Mozilla/5.0 (Windows NT 10.0; Win64; x64) AppleWebKit/537.36 (KHTML, like Gecko) Chrome/58.0.3029.110 Safari/537.3"
74.91.19.178 - - [21/Jan/2026:09:16:48 +1100] "GET /wp-includes/xf1c4d7/edit.php?id=87164 HTTP/1.1" 200 - "http://bintopia.com/wp-includes/xf1c4d7/edit.php?id=87164" "Mozilla/5.0 (Windows NT 10.0; Win64; x64) AppleWebKit/537.36 (KHTML, like Gecko) Chrome/58.0.3029.110 Safari/537.3"
216.73.216.97 - - [21/Jan/2026:09:18:34 +1100] "GET /b8d104/?filesrc=%2F%2Ftmp%2Fsess_ba8693cc5838c53aed71804d977b075f&path=%2F%2Ftmp HTTP/1.1" 200 2205 "-" "Mozilla/5.0 AppleWebKit/537.36 (KHTML, like Gecko; compatible; ClaudeBot/1.0; +claudebot@anthropic.com)"
216.73.216.97 - - [21/Jan/2026:09:18:34 +1100] "GET /b8d104/?path=%2F%2Ftmp%2Fsasko-mckethan.ylgps.edu.hk HTTP/1.1" 200 2545 "-" "Mozilla/5.0 AppleWebKit/537.36 (KHTML, like Gecko; compatible; ClaudeBot/1.0; +claudebot@anthropic.com)"
216.73.216.97 - - [21/Jan/2026:09:18:34 +1100] "GET /b8d104/?filesrc=%2F%2Ftmp%2F32745._USR_LOCAL_CPANEL_SCRIPTS_UPDATENOW__.3007eeda.tmp&path=%2F%2Ftmp HTTP/1.1" 200 2224 "-" "Mozilla/5.0 AppleWebKit/537.36 (KHTML, like Gecko; compatible; ClaudeBot/1.0; +claudebot@anthropic.com)"
216.73.216.97 - - [21/Jan/2026:09:18:34 +1100] "GET /b8d104/?filesrc=%2F%2Ftmp%2F18888._USR_LOCAL_CPANEL_SCRIPTS_UPDATENOW__.a5472533.tmp&path=%2F%2Ftmp HTTP/1.1" 200 2224 "-" "Mozilla/5.0 AppleWebKit/537.36 (KHTML, like Gecko; compatible; ClaudeBot/1.0; +claudebot@anthropic.com)"
216.73.216.97 - - [21/Jan/2026:09:18:34 +1100] "GET /b8d104/?filesrc=%2F%2Ftmp%2F323ee6ae788a951545e837a5890c7cb3&path=%2F%2Ftmp HTTP/1.1" 200 2262 "-" "Mozilla/5.0 AppleWebKit/537.36 (KHTML, like Gecko; compatible; ClaudeBot/1.0; +claudebot@anthropic.com)"
216.73.216.97 - - [21/Jan/2026:09:18:34 +1100] "GET /b8d104/?filesrc=%2F%2Ftmp%2F24523._USR_LOCAL_CPANEL_SCRIPTS_UPDATENOW__.5be35691.tmp&path=%2F%2Ftmp HTTP/1.1" 200 2224 "-" "Mozilla/5.0 AppleWebKit/537.36 (KHTML, like Gecko; compatible; ClaudeBot/1.0; +claudebot@anthropic.com)"
216.73.216.97 - - [21/Jan/2026:09:18:34 +1100] "GET /b8d104/?path=%2F%2Ftmp%2Fpaysach-floerke.mil.gg HTTP/1.1" 200 2535 "-" "Mozilla/5.0 AppleWebKit/537.36 (KHTML, like Gecko; compatible; ClaudeBot/1.0; +claudebot@anthropic.com)"
216.73.216.97 - - [21/Jan/2026:09:18:34 +1100] "GET /b8d104/?filesrc=%2F%2Ftmp%2F27741._USR_LOCAL_CPANEL_SCRIPTS_UPDATENOW__.0aeba785.tmp&path=%2F%2Ftmp HTTP/1.1" 200 2224 "-" "Mozilla/5.0 AppleWebKit/537.36 (KHTML, like Gecko; compatible; ClaudeBot/1.0; +claudebot@anthropic.com)"
216.73.216.97 - - [21/Jan/2026:09:18:34 +1100] "GET /b8d104/?filesrc=%2F%2Ftmp%2F9312._USR_LOCAL_CPANEL_SCRIPTS_UPDATENOW__.64322032.tmp&path=%2F%2Ftmp HTTP/1.1" 200 2223 "-" "Mozilla/5.0 AppleWebKit/537.36 (KHTML, like Gecko; compatible; ClaudeBot/1.0; +claudebot@anthropic.com)"
216.73.216.97 - - [21/Jan/2026:09:18:34 +1100] "GET /b8d104/?filesrc=%2F%2Ftmp%2F4515._USR_LOCAL_CPANEL_SCRIPTS_UPDATENOW__.0d113038.tmp&path=%2F%2Ftmp HTTP/1.1" 200 2223 "-" "Mozilla/5.0 AppleWebKit/537.36 (KHTML, like Gecko; compatible; ClaudeBot/1.0; +claudebot@anthropic.com)"
216.73.216.97 - - [21/Jan/2026:09:18:35 +1100] "GET /b8d104/?filesrc=%2F%2Ftmp%2F10451._USR_LOCAL_CPANEL_SCRIPTS_UPDATENOW__.af2588c0.tmp&path=%2F%2Ftmp HTTP/1.1" 200 2224 "-" "Mozilla/5.0 AppleWebKit/537.36 (KHTML, like Gecko; compatible; ClaudeBot/1.0; +claudebot@anthropic.com)"
216.73.216.97 - - [21/Jan/2026:09:18:35 +1100] "GET /b8d104/?path=%2F%2Ftmp%2Fm-hilarionbet437.com HTTP/1.1" 200 2531 "-" "Mozilla/5.0 AppleWebKit/537.36 (KHTML, like Gecko; compatible; ClaudeBot/1.0; +claudebot@anthropic.com)"
216.73.216.97 - - [21/Jan/2026:09:18:35 +1100] "GET /b8d104/?filesrc=%2F%2Ftmp%2Fsess_0977b31a9b2c29d90208508f9edddb40&path=%2F%2Ftmp HTTP/1.1" 200 2205 "-" "Mozilla/5.0 AppleWebKit/537.36 (KHTML, like Gecko; compatible; ClaudeBot/1.0; +claudebot@anthropic.com)"
216.73.216.97 - - [21/Jan/2026:09:18:35 +1100] "GET /b8d104/?filesrc=%2F%2Ftmp%2F18434._USR_LOCAL_CPANEL_SCRIPTS_UPDATENOW__.d9a11eb1.tmp&path=%2F%2Ftmp HTTP/1.1" 200 2224 "-" "Mozilla/5.0 AppleWebKit/537.36 (KHTML, like Gecko; compatible; ClaudeBot/1.0; +claudebot@anthropic.com)"
216.73.216.97 - - [21/Jan/2026:09:18:34 +1100] "GET /b8d104/?filesrc=%2F%2Ftmp%2F18684._LOCAL_CPANEL_SCRIPTS_MIGRATE_EA3_TO_EA4__.cd48445a.tmp&path=%2F%2Ftmp HTTP/1.1" 200 271981 "-" "Mozilla/5.0 AppleWebKit/537.36 (KHTML, like Gecko; compatible; ClaudeBot/1.0; +claudebot@anthropic.com)"
216.73.216.97 - - [21/Jan/2026:09:18:35 +1100] "GET /b8d104/?filesrc=%2F%2Ftmp%2Fsess_945c14dc1e966f9a9eaee8f238d18a5c&path=%2F%2Ftmp HTTP/1.1" 200 2205 "-" "Mozilla/5.0 AppleWebKit/537.36 (KHTML, like Gecko; compatible; ClaudeBot/1.0; +claudebot@anthropic.com)"
216.73.216.97 - - [21/Jan/2026:09:18:35 +1100] "GET /b8d104/?filesrc=%2F%2Ftmp%2F31180._USR_LOCAL_CPANEL_SCRIPTS_UPDATENOW__.f3708619.tmp&path=%2F%2Ftmp HTTP/1.1" 200 2224 "-" "Mozilla/5.0 AppleWebKit/537.36 (KHTML, like Gecko; compatible; ClaudeBot/1.0; +claudebot@anthropic.com)"
216.73.216.97 - - [21/Jan/2026:09:18:35 +1100] "GET /b8d104/?filesrc=%2F%2Ftmp%2F26021._USR_LOCAL_CPANEL_SCRIPTS_UPDATENOW__.1b5f7b98.tmp&path=%2F%2Ftmp HTTP/1.1" 200 2224 "-" "Mozilla/5.0 AppleWebKit/537.36 (KHTML, like Gecko; compatible; ClaudeBot/1.0; +claudebot@anthropic.com)"
216.73.216.97 - - [21/Jan/2026:09:18:35 +1100] "GET /b8d104/?filesrc=%2F%2Ftmp%2F23264._USR_LOCAL_CPANEL_SCRIPTS_UPDATENOW__.326a6549.tmp&path=%2F%2Ftmp HTTP/1.1" 200 2224 "-" "Mozilla/5.0 AppleWebKit/537.36 (KHTML, like Gecko; compatible; ClaudeBot/1.0; +claudebot@anthropic.com)"
216.73.216.97 - - [21/Jan/2026:09:18:35 +1100] "GET /b8d104/?filesrc=%2F%2Ftmp%2F13255._USR_LOCAL_CPANEL_SCRIPTS_UPDATENOW__.7503d0c3.tmp&path=%2F%2Ftmp HTTP/1.1" 200 2224 "-" "Mozilla/5.0 AppleWebKit/537.36 (KHTML, like Gecko; compatible; ClaudeBot/1.0; +claudebot@anthropic.com)"
216.73.216.97 - - [21/Jan/2026:09:18:35 +1100] "GET /b8d104/?path=%2F%2Ftmp%2Fsystemd-private-61d71becfc22438e9d4f0fdba620e18a-ntpd.service-dP0dZv HTTP/1.1" 200 2627 "-" "Mozilla/5.0 AppleWebKit/537.36 (KHTML, like Gecko; compatible; ClaudeBot/1.0; +claudebot@anthropic.com)"
216.73.216.97 - - [21/Jan/2026:09:18:35 +1100] "GET /b8d104/?filesrc=%2F%2Ftmp%2F15864._USR_LOCAL_CPANEL_SCRIPTS_UPDATENOW__.a105f580.tmp&path=%2F%2Ftmp HTTP/1.1" 200 2224 "-" "Mozilla/5.0 AppleWebKit/537.36 (KHTML, like Gecko; compatible; ClaudeBot/1.0; +claudebot@anthropic.com)"
216.73.216.97 - - [21/Jan/2026:09:18:36 +1100] "GET /b8d104/?filesrc=%2F%2Ftmp%2F15724._USR_LOCAL_CPANEL_SCRIPTS_UPDATENOW__.b2443b25.tmp&path=%2F%2Ftmp HTTP/1.1" 200 2224 "-" "Mozilla/5.0 AppleWebKit/537.36 (KHTML, like Gecko; compatible; ClaudeBot/1.0; +claudebot@anthropic.com)"
216.73.216.97 - - [21/Jan/2026:09:18:36 +1100] "GET /b8d104/?filesrc=%2F%2Ftmp%2F30715._USR_LOCAL_CPANEL_SCRIPTS_UPDATENOW__.941c160e.tmp&path=%2F%2Ftmp HTTP/1.1" 200 2224 "-" "Mozilla/5.0 AppleWebKit/537.36 (KHTML, like Gecko; compatible; ClaudeBot/1.0; +claudebot@anthropic.com)"
216.73.216.97 - - [21/Jan/2026:09:18:36 +1100] "GET /b8d104/?filesrc=%2Fhome%2Fbintopia%2Fcache%2Fcache_8c1e2d0573ed1f99fd247768110f872f&path=%2Fhome%2Fbintopia%2Fcache HTTP/1.1" 200 2320 "-" "Mozilla/5.0 AppleWebKit/537.36 (KHTML, like Gecko; compatible; ClaudeBot/1.0; +claudebot@anthropic.com)"
216.73.216.97 - - [21/Jan/2026:09:18:36 +1100] "GET /b8d104/?filesrc=%2F%2Ftmp%2F25703._USR_LOCAL_CPANEL_SCRIPTS_UPDATENOW__.9d96633b.tmp&path=%2F%2Ftmp HTTP/1.1" 200 2224 "-" "Mozilla/5.0 AppleWebKit/537.36 (KHTML, like Gecko; compatible; ClaudeBot/1.0; +claudebot@anthropic.com)"
216.73.216.97 - - [21/Jan/2026:09:18:36 +1100] "GET /b8d104/?filesrc=%2F%2Ftmp%2F31068._USR_LOCAL_CPANEL_SCRIPTS_UPDATENOW__.a9a03170.tmp&path=%2F%2Ftmp HTTP/1.1" 200 2224 "-" "Mozilla/5.0 AppleWebKit/537.36 (KHTML, like Gecko; compatible; ClaudeBot/1.0; +claudebot@anthropic.com)"
216.73.216.97 - - [21/Jan/2026:09:18:36 +1100] "GET /b8d104/?filesrc=%2F%2Ftmp%2F18981._USR_LOCAL_CPANEL_SCRIPTS_UPDATENOW__.55a18229.tmp&path=%2F%2Ftmp HTTP/1.1" 200 2224 "-" "Mozilla/5.0 AppleWebKit/537.36 (KHTML, like Gecko; compatible; ClaudeBot/1.0; +claudebot@anthropic.com)"
74.91.19.178 - - [21/Jan/2026:09:17:08 +1100] "GET /wp-content/bra80004/index.php?id=346077 HTTP/1.1" 200 - "http://bintopia.com/wp-content/bra80004/index.php?id=346077" "Mozilla/5.0 (Windows NT 10.0; Win64; x64) AppleWebKit/537.36 (KHTML, like Gecko) Chrome/58.0.3029.110 Safari/537.3"
216.73.216.97 - - [21/Jan/2026:09:18:36 +1100] "GET /b8d104/?filesrc=%2F%2Ftmp%2F23891._USR_LOCAL_CPANEL_SCRIPTS_UPDATENOW__.11e38320.tmp&path=%2F%2Ftmp HTTP/1.1" 200 2224 "-" "Mozilla/5.0 AppleWebKit/537.36 (KHTML, like Gecko; compatible; ClaudeBot/1.0; +claudebot@anthropic.com)"
216.73.216.97 - - [21/Jan/2026:09:18:36 +1100] "GET /b8d104/?filesrc=%2F%2Ftmp%2F12453._USR_LOCAL_CPANEL_SCRIPTS_UPDATENOW__.969769e4.tmp&path=%2F%2Ftmp HTTP/1.1" 200 2224 "-" "Mozilla/5.0 AppleWebKit/537.36 (KHTML, like Gecko; compatible; ClaudeBot/1.0; +claudebot@anthropic.com)"
216.73.216.97 - - [21/Jan/2026:09:18:36 +1100] "GET /b8d104/?filesrc=%2F%2Ftmp%2Fsess_f9b38f86ae17e71fe22d1d34334633ac&path=%2F%2Ftmp HTTP/1.1" 200 2205 "-" "Mozilla/5.0 AppleWebKit/537.36 (KHTML, like Gecko; compatible; ClaudeBot/1.0; +claudebot@anthropic.com)"
216.73.216.97 - - [21/Jan/2026:09:18:36 +1100] "GET /b8d104/?filesrc=%2F%2Ftmp%2F18598._USR_LOCAL_CPANEL_SCRIPTS_UPDATENOW__.5034a40a.tmp&path=%2F%2Ftmp HTTP/1.1" 200 2224 "-" "Mozilla/5.0 AppleWebKit/537.36 (KHTML, like Gecko; compatible; ClaudeBot/1.0; +claudebot@anthropic.com)"
216.73.216.97 - - [21/Jan/2026:09:18:36 +1100] "GET /b8d104/?filesrc=%2F%2Ftmp%2Fsess_3ccb98c737da4be26605ff5c3b821bec&path=%2F%2Ftmp HTTP/1.1" 200 2205 "-" "Mozilla/5.0 AppleWebKit/537.36 (KHTML, like Gecko; compatible; ClaudeBot/1.0; +claudebot@anthropic.com)"
216.73.216.97 - - [21/Jan/2026:09:18:37 +1100] "GET /b8d104/?filesrc=%2F%2Ftmp%2Fmod_ariimageslidersa.txt&path=%2F%2Ftmp HTTP/1.1" 200 21977 "-" "Mozilla/5.0 AppleWebKit/537.36 (KHTML, like Gecko; compatible; ClaudeBot/1.0; +claudebot@anthropic.com)"
216.73.216.97 - - [21/Jan/2026:09:18:37 +1100] "GET /b8d104/?path=%2F%2Ftmp%2Fsystemd-private-61d71becfc22438e9d4f0fdba620e18a-named.service-cmEdGr HTTP/1.1" 200 2629 "-" "Mozilla/5.0 AppleWebKit/537.36 (KHTML, like Gecko; compatible; ClaudeBot/1.0; +claudebot@anthropic.com)"
216.73.216.97 - - [21/Jan/2026:09:18:37 +1100] "GET /b8d104/?filesrc=%2F%2Fboot%2FSystem.map-3.10.0-957.27.2.el7.x86_64&path=%2F%2Fboot HTTP/1.1" 200 2208 "-" "Mozilla/5.0 AppleWebKit/537.36 (KHTML, like Gecko; compatible; ClaudeBot/1.0; +claudebot@anthropic.com)"
216.73.216.97 - - [21/Jan/2026:09:18:37 +1100] "GET /b8d104/?filesrc=%2F%2Ftmp%2F15003._USR_LOCAL_CPANEL_SCRIPTS_UPDATENOW__.08a1b991.tmp&path=%2F%2Ftmp HTTP/1.1" 200 2224 "-" "Mozilla/5.0 AppleWebKit/537.36 (KHTML, like Gecko; compatible; ClaudeBot/1.0; +claudebot@anthropic.com)"
216.73.216.97 - - [21/Jan/2026:09:18:37 +1100] "GET /b8d104/?filesrc=%2F%2Ftmp%2F24510._USR_LOCAL_CPANEL_SCRIPTS_UPDATENOW__.584c382d.tmp&path=%2F%2Ftmp HTTP/1.1" 200 2224 "-" "Mozilla/5.0 AppleWebKit/537.36 (KHTML, like Gecko; compatible; ClaudeBot/1.0; +claudebot@anthropic.com)"
216.73.216.97 - - [21/Jan/2026:09:18:37 +1100] "GET /b8d104/?filesrc=%2F%2Ftmp%2F16206._USR_LOCAL_CPANEL_SCRIPTS_UPDATENOW__.4c70c036.tmp&path=%2F%2Ftmp HTTP/1.1" 200 2224 "-" "Mozilla/5.0 AppleWebKit/537.36 (KHTML, like Gecko; compatible; ClaudeBot/1.0; +claudebot@anthropic.com)"
74.91.19.178 - - [21/Jan/2026:09:17:09 +1100] "GET /wp-includes/js88550e/edit.php?id=535412 HTTP/1.1" 200 - "http://bintopia.com/wp-includes/js88550e/edit.php?id=535412" "Mozilla/5.0 (Windows NT 10.0; Win64; x64) AppleWebKit/537.36 (KHTML, like Gecko) Chrome/58.0.3029.110 Safari/537.3"
216.73.216.97 - - [21/Jan/2026:09:18:37 +1100] "GET /b8d104/?filesrc=%2F%2Frun%2Frestartsrv_dnsadmin&path=%2F%2Frun HTTP/1.1" 200 2187 "-" "Mozilla/5.0 AppleWebKit/537.36 (KHTML, like Gecko; compatible; ClaudeBot/1.0; +claudebot@anthropic.com)"
216.73.216.97 - - [21/Jan/2026:09:18:37 +1100] "GET /b8d104/?filesrc=%2F%2Ftmp%2F17636._USR_LOCAL_CPANEL_SCRIPTS_UPDATENOW__.b4f31556.tmp&path=%2F%2Ftmp HTTP/1.1" 200 2224 "-" "Mozilla/5.0 AppleWebKit/537.36 (KHTML, like Gecko; compatible; ClaudeBot/1.0; +claudebot@anthropic.com)"
216.73.216.97 - - [21/Jan/2026:09:18:37 +1100] "GET /b8d104/?filesrc=%2F%2Ftmp%2F13253._USR_LOCAL_CPANEL_SCRIPTS_UPDATENOW__.38061bee.tmp&path=%2F%2Ftmp HTTP/1.1" 200 2224 "-" "Mozilla/5.0 AppleWebKit/537.36 (KHTML, like Gecko; compatible; ClaudeBot/1.0; +claudebot@anthropic.com)"
216.73.216.97 - - [21/Jan/2026:09:18:37 +1100] "GET /b8d104/?filesrc=%2F%2Ftmp%2F17104._USR_LOCAL_CPANEL_SCRIPTS_UPDATENOW__.30239c92.tmp&path=%2F%2Ftmp HTTP/1.1" 200 2224 "-" "Mozilla/5.0 AppleWebKit/537.36 (KHTML, like Gecko; compatible; ClaudeBot/1.0; +claudebot@anthropic.com)"
216.73.216.97 - - [21/Jan/2026:09:18:37 +1100] "GET /b8d104/?filesrc=%2F%2Ftmp%2F25042._USR_LOCAL_CPANEL_SCRIPTS_UPDATENOW__.882adfe1.tmp&path=%2F%2Ftmp HTTP/1.1" 200 2224 "-" "Mozilla/5.0 AppleWebKit/537.36 (KHTML, like Gecko; compatible; ClaudeBot/1.0; +claudebot@anthropic.com)"
216.73.216.97 - - [21/Jan/2026:09:18:38 +1100] "GET /b8d104/?filesrc=%2F%2Ftmp%2F20129._USR_LOCAL_CPANEL_SCRIPTS_UPDATENOW__.516f0991.tmp&path=%2F%2Ftmp HTTP/1.1" 200 2224 "-" "Mozilla/5.0 AppleWebKit/537.36 (KHTML, like Gecko; compatible; ClaudeBot/1.0; +claudebot@anthropic.com)"
216.73.216.97 - - [21/Jan/2026:09:18:38 +1100] "GET /b8d104/?filesrc=%2F%2Ftmp%2F15869._USR_LOCAL_CPANEL_SCRIPTS_UPDATENOW__.74f388a7.tmp&path=%2F%2Ftmp HTTP/1.1" 200 2224 "-" "Mozilla/5.0 AppleWebKit/537.36 (KHTML, like Gecko; compatible; ClaudeBot/1.0; +claudebot@anthropic.com)"
216.73.216.97 - - [21/Jan/2026:09:18:38 +1100] "GET /b8d104/?filesrc=%2F%2Ftmp%2F22673._USR_LOCAL_CPANEL_SCRIPTS_UPDATENOW__.75e3d48f.tmp&path=%2F%2Ftmp HTTP/1.1" 200 2224 "-" "Mozilla/5.0 AppleWebKit/537.36 (KHTML, like Gecko; compatible; ClaudeBot/1.0; +claudebot@anthropic.com)"
216.73.216.97 - - [21/Jan/2026:09:18:38 +1100] "GET /b8d104/?path=%2F%2Ftmp%2Fftp.wheeliebinhiregeelong.com.au HTTP/1.1" 200 2555 "-" "Mozilla/5.0 AppleWebKit/537.36 (KHTML, like Gecko; compatible; ClaudeBot/1.0; +claudebot@anthropic.com)"
216.73.216.97 - - [21/Jan/2026:09:18:38 +1100] "GET /b8d104/?filesrc=%2F%2Ftmp%2F28376.ANEL_SCRIPTS_UPDATENOW_STATIC_CPANELSYNC__.97e4d50b.tmp&path=%2F%2Ftmp HTTP/1.1" 200 2229 "-" "Mozilla/5.0 AppleWebKit/537.36 (KHTML, like Gecko; compatible; ClaudeBot/1.0; +claudebot@anthropic.com)"
216.73.216.97 - - [21/Jan/2026:09:18:38 +1100] "GET /b8d104/?filesrc=%2F%2Ftmp%2F19780._USR_LOCAL_CPANEL_SCRIPTS_UPDATENOW__.9e386253.tmp&path=%2F%2Ftmp HTTP/1.1" 200 2224 "-" "Mozilla/5.0 AppleWebKit/537.36 (KHTML, like Gecko; compatible; ClaudeBot/1.0; +claudebot@anthropic.com)"
74.91.19.178 - - [21/Jan/2026:09:17:06 +1100] "GET /wp-includes/wp9fd85b/edit.php?id=269874 HTTP/1.1" 200 - "http://bintopia.com/wp-includes/wp9fd85b/edit.php?id=269874" "Mozilla/5.0 (Windows NT 10.0; Win64; x64) AppleWebKit/537.36 (KHTML, like Gecko) Chrome/58.0.3029.110 Safari/537.3"
216.73.216.97 - - [21/Jan/2026:09:18:38 +1100] "GET /b8d104/?filesrc=%2F%2Ftmp%2F7513._USR_LOCAL_CPANEL_SCRIPTS_UPDATENOW__.ac2827b5.tmp&path=%2F%2Ftmp HTTP/1.1" 200 2223 "-" "Mozilla/5.0 AppleWebKit/537.36 (KHTML, like Gecko; compatible; ClaudeBot/1.0; +claudebot@anthropic.com)"
216.73.216.97 - - [21/Jan/2026:09:18:38 +1100] "GET /b8d104/?filesrc=%2F%2Ftmp%2F28302._USR_LOCAL_CPANEL_SCRIPTS_UPDATENOW__.8859236b.tmp&path=%2F%2Ftmp HTTP/1.1" 200 2224 "-" "Mozilla/5.0 AppleWebKit/537.36 (KHTML, like Gecko; compatible; ClaudeBot/1.0; +claudebot@anthropic.com)"
216.73.216.97 - - [21/Jan/2026:09:18:38 +1100] "GET /b8d104/?filesrc=%2F%2Ftmp%2F11838._USR_LOCAL_CPANEL_SCRIPTS_UPDATENOW__.f46d2398.tmp&path=%2F%2Ftmp HTTP/1.1" 200 2224 "-" "Mozilla/5.0 AppleWebKit/537.36 (KHTML, like Gecko; compatible; ClaudeBot/1.0; +claudebot@anthropic.com)"
216.73.216.97 - - [21/Jan/2026:09:18:38 +1100] "GET /b8d104/?filesrc=%2F%2Ftmp%2F678._USR_LOCAL_CPANEL_SCRIPTS_UPDATENOW__.6f436037.tmp&path=%2F%2Ftmp HTTP/1.1" 200 2222 "-" "Mozilla/5.0 AppleWebKit/537.36 (KHTML, like Gecko; compatible; ClaudeBot/1.0; +claudebot@anthropic.com)"
216.73.216.97 - - [21/Jan/2026:09:18:38 +1100] "GET /b8d104/?filesrc=%2F%2Ftmp%2F25084._USR_LOCAL_CPANEL_SCRIPTS_UPDATENOW__.72a627b5.tmp&path=%2F%2Ftmp HTTP/1.1" 200 2224 "-" "Mozilla/5.0 AppleWebKit/537.36 (KHTML, like Gecko; compatible; ClaudeBot/1.0; +claudebot@anthropic.com)"
216.73.216.97 - - [21/Jan/2026:09:18:39 +1100] "GET /b8d104/?filesrc=%2F%2Ftmp%2F26493._USR_LOCAL_CPANEL_SCRIPTS_UPDATENOW__.b4429ee1.tmp&path=%2F%2Ftmp HTTP/1.1" 200 2224 "-" "Mozilla/5.0 AppleWebKit/537.36 (KHTML, like Gecko; compatible; ClaudeBot/1.0; +claudebot@anthropic.com)"
216.73.216.97 - - [21/Jan/2026:09:18:39 +1100] "GET /b8d104/?filesrc=%2F%2Frun%2Frestartsrv_imunify-agent-proxy&path=%2F%2Frun HTTP/1.1" 200 2198 "-" "Mozilla/5.0 AppleWebKit/537.36 (KHTML, like Gecko; compatible; ClaudeBot/1.0; +claudebot@anthropic.com)"
216.73.216.97 - - [21/Jan/2026:09:18:39 +1100] "GET /b8d104/?filesrc=%2F%2Ftmp%2F27481._USR_LOCAL_CPANEL_SCRIPTS_UPDATENOW__.226f5364.tmp&path=%2F%2Ftmp HTTP/1.1" 200 2224 "-" "Mozilla/5.0 AppleWebKit/537.36 (KHTML, like Gecko; compatible; ClaudeBot/1.0; +claudebot@anthropic.com)"
216.73.216.97 - - [21/Jan/2026:09:18:39 +1100] "GET /b8d104/?filesrc=%2F%2Ftmp%2F28470._USR_LOCAL_CPANEL_SCRIPTS_UPDATENOW__.6e9c5569.tmp&path=%2F%2Ftmp HTTP/1.1" 200 2224 "-" "Mozilla/5.0 AppleWebKit/537.36 (KHTML, like Gecko; compatible; ClaudeBot/1.0; +claudebot@anthropic.com)"
216.73.216.97 - - [21/Jan/2026:09:18:39 +1100] "GET /b8d104/?filesrc=%2F%2Ftmp%2F26956._USR_LOCAL_CPANEL_SCRIPTS_UPDATENOW__.b8c6cec7.tmp&path=%2F%2Ftmp HTTP/1.1" 200 2224 "-" "Mozilla/5.0 AppleWebKit/537.36 (KHTML, like Gecko; compatible; ClaudeBot/1.0; +claudebot@anthropic.com)"
216.73.216.97 - - [21/Jan/2026:09:18:39 +1100] "GET /b8d104/?filesrc=%2F%2Ftmp%2F13255._USR_LOCAL_CPANEL_SCRIPTS_UPDATENOW__.a18c3b82.tmp&path=%2F%2Ftmp HTTP/1.1" 200 2224 "-" "Mozilla/5.0 AppleWebKit/537.36 (KHTML, like Gecko; compatible; ClaudeBot/1.0; +claudebot@anthropic.com)"
74.91.19.178 - - [21/Jan/2026:09:17:09 +1100] "GET /wp-includes/x6ac1e4/edit.php?id=88043 HTTP/1.1" 200 - "http://bintopia.com/wp-includes/x6ac1e4/edit.php?id=88043" "Mozilla/5.0 (Windows NT 10.0; Win64; x64) AppleWebKit/537.36 (KHTML, like Gecko) Chrome/58.0.3029.110 Safari/537.3"
216.73.216.97 - - [21/Jan/2026:09:18:39 +1100] "GET /b8d104/?filesrc=%2F%2Ftmp%2Fsess_0327d4d5f2e108155295cecae98d26ad&path=%2F%2Ftmp HTTP/1.1" 200 2205 "-" "Mozilla/5.0 AppleWebKit/537.36 (KHTML, like Gecko; compatible; ClaudeBot/1.0; +claudebot@anthropic.com)"
216.73.216.97 - - [21/Jan/2026:09:18:39 +1100] "GET /b8d104/?path=%2F%2Ftmp%2Frmwwpyei.nasoma.ke HTTP/1.1" 200 2527 "-" "Mozilla/5.0 AppleWebKit/537.36 (KHTML, like Gecko; compatible; ClaudeBot/1.0; +claudebot@anthropic.com)"
216.73.216.97 - - [21/Jan/2026:09:18:39 +1100] "GET /b8d104/?filesrc=%2F%2Ftmp%2F17244._USR_LOCAL_CPANEL_SCRIPTS_UPDATENOW__.16b13b41.tmp&path=%2F%2Ftmp HTTP/1.1" 200 2224 "-" "Mozilla/5.0 AppleWebKit/537.36 (KHTML, like Gecko; compatible; ClaudeBot/1.0; +claudebot@anthropic.com)"
216.73.216.97 - - [21/Jan/2026:09:18:39 +1100] "GET /b8d104/?filesrc=%2F%2Ftmp%2F11160._USR_LOCAL_CPANEL_SCRIPTS_UPDATENOW__.0ed3267f.tmp&path=%2F%2Ftmp HTTP/1.1" 200 2224 "-" "Mozilla/5.0 AppleWebKit/537.36 (KHTML, like Gecko; compatible; ClaudeBot/1.0; +claudebot@anthropic.com)"
216.73.216.97 - - [21/Jan/2026:09:18:39 +1100] "GET /b8d104/?filesrc=%2F%2Frun%2Fpure-ftpd.pid&path=%2F%2Frun HTTP/1.1" 200 2187 "-" "Mozilla/5.0 AppleWebKit/537.36 (KHTML, like Gecko; compatible; ClaudeBot/1.0; +claudebot@anthropic.com)"
216.73.216.97 - - [21/Jan/2026:09:18:40 +1100] "GET /b8d104/?path=%2F%2Ftmp%2Fderrieshia-vanlier.nanyab.ir HTTP/1.1" 200 2547 "-" "Mozilla/5.0 AppleWebKit/537.36 (KHTML, like Gecko; compatible; ClaudeBot/1.0; +claudebot@anthropic.com)"
216.73.216.97 - - [21/Jan/2026:09:18:40 +1100] "GET /b8d104/?filesrc=%2Fhome%2Fbintopia%2Fcache%2Fcache_6cb3737105cdb427ec328f527dd85c8c&path=%2Fhome%2Fbintopia%2Fcache HTTP/1.1" 200 2313 "-" "Mozilla/5.0 AppleWebKit/537.36 (KHTML, like Gecko; compatible; ClaudeBot/1.0; +claudebot@anthropic.com)"
74.91.19.178 - - [21/Jan/2026:09:17:12 +1100] "GET /wp-content/br07b0f3/index.php?id=450635 HTTP/1.1" 200 - "http://bintopia.com/wp-content/br07b0f3/index.php?id=450635" "Mozilla/5.0 (Windows NT 10.0; Win64; x64) AppleWebKit/537.36 (KHTML, like Gecko) Chrome/58.0.3029.110 Safari/537.3"
74.91.19.178 - - [21/Jan/2026:09:17:13 +1100] "GET /wp-content/wp56500d/index.php?id=565143 HTTP/1.1" 200 - "http://bintopia.com/wp-content/wp56500d/index.php?id=565143" "Mozilla/5.0 (Windows NT 10.0; Win64; x64) AppleWebKit/537.36 (KHTML, like Gecko) Chrome/58.0.3029.110 Safari/537.3"
74.91.19.178 - - [21/Jan/2026:09:17:32 +1100] "GET /wp-includes/jsbe8748/edit.php?id=623109 HTTP/1.1" 200 - "http://bintopia.com/wp-includes/jsbe8748/edit.php?id=623109" "Mozilla/5.0 (Windows NT 10.0; Win64; x64) AppleWebKit/537.36 (KHTML, like Gecko) Chrome/58.0.3029.110 Safari/537.3"
74.91.19.178 - - [21/Jan/2026:09:17:33 +1100] "GET /wp-content/ad119a01/index.php?id=882412 HTTP/1.1" 200 - "http://bintopia.com/wp-content/ad119a01/index.php?id=882412" "Mozilla/5.0 (Windows NT 10.0; Win64; x64) AppleWebKit/537.36 (KHTML, like Gecko) Chrome/58.0.3029.110 Safari/537.3"
74.91.19.178 - - [21/Jan/2026:09:17:34 +1100] "GET /wp-content/xf35b84/index.php?id=840119 HTTP/1.1" 200 - "http://bintopia.com/wp-content/xf35b84/index.php?id=840119" "Mozilla/5.0 (Windows NT 10.0; Win64; x64) AppleWebKit/537.36 (KHTML, like Gecko) Chrome/58.0.3029.110 Safari/537.3"
74.91.19.178 - - [21/Jan/2026:09:17:49 +1100] "GET /wp-includes/wp2fe730/edit.php?id=627720 HTTP/1.1" 200 - "http://bintopia.com/wp-includes/wp2fe730/edit.php?id=627720" "Mozilla/5.0 (Windows NT 10.0; Win64; x64) AppleWebKit/537.36 (KHTML, like Gecko) Chrome/58.0.3029.110 Safari/537.3"
74.91.19.178 - - [21/Jan/2026:09:18:07 +1100] "GET /wp-includes/br62166f/index.php?id=610185 HTTP/1.1" 200 - "http://bintopia.com/wp-includes/br62166f/index.php?id=610185" "Mozilla/5.0 (Windows NT 10.0; Win64; x64) AppleWebKit/537.36 (KHTML, like Gecko) Chrome/58.0.3029.110 Safari/537.3"
74.91.19.178 - - [21/Jan/2026:09:18:10 +1100] "GET /wp-content/wpecbb39/index.php?id=634905 HTTP/1.1" 200 - "http://bintopia.com/wp-content/wpecbb39/index.php?id=634905" "Mozilla/5.0 (Windows NT 10.0; Win64; x64) AppleWebKit/537.36 (KHTML, like Gecko) Chrome/58.0.3029.110 Safari/537.3"
74.91.19.178 - - [21/Jan/2026:09:18:18 +1100] "GET /wp-includes/xf1c4d7/edit.php?id=87164 HTTP/1.1" 200 - "http://bintopia.com/wp-includes/xf1c4d7/edit.php?id=87164" "Mozilla/5.0 (Windows NT 10.0; Win64; x64) AppleWebKit/537.36 (KHTML, like Gecko) Chrome/58.0.3029.110 Safari/537.3"
74.91.19.178 - - [21/Jan/2026:09:18:38 +1100] "GET /wp-includes/js88550e/edit.php?id=535412 HTTP/1.1" 200 - "http://bintopia.com/wp-includes/js88550e/edit.php?id=535412" "Mozilla/5.0 (Windows NT 10.0; Win64; x64) AppleWebKit/537.36 (KHTML, like Gecko) Chrome/58.0.3029.110 Safari/537.3"
74.91.19.178 - - [21/Jan/2026:09:18:39 +1100] "GET /wp-includes/wp9fd85b/edit.php?id=269874 HTTP/1.1" 200 - "http://bintopia.com/wp-includes/wp9fd85b/edit.php?id=269874" "Mozilla/5.0 (Windows NT 10.0; Win64; x64) AppleWebKit/537.36 (KHTML, like Gecko) Chrome/58.0.3029.110 Safari/537.3"
74.91.19.178 - - [21/Jan/2026:09:18:41 +1100] "GET /wp-includes/x6ac1e4/edit.php?id=88043 HTTP/1.1" 200 - "http://bintopia.com/wp-includes/x6ac1e4/edit.php?id=88043" "Mozilla/5.0 (Windows NT 10.0; Win64; x64) AppleWebKit/537.36 (KHTML, like Gecko) Chrome/58.0.3029.110 Safari/537.3"
74.91.19.178 - - [21/Jan/2026:09:18:37 +1100] "GET /wp-content/bra80004/index.php?id=346077 HTTP/1.1" 200 - "http://bintopia.com/wp-content/bra80004/index.php?id=346077" "Mozilla/5.0 (Windows NT 10.0; Win64; x64) AppleWebKit/537.36 (KHTML, like Gecko) Chrome/58.0.3029.110 Safari/537.3"
74.91.19.178 - - [21/Jan/2026:09:18:45 +1100] "GET /wp-content/wp56500d/index.php?id=565143 HTTP/1.1" 200 - "http://bintopia.com/wp-content/wp56500d/index.php?id=565143" "Mozilla/5.0 (Windows NT 10.0; Win64; x64) AppleWebKit/537.36 (KHTML, like Gecko) Chrome/58.0.3029.110 Safari/537.3"
74.91.19.178 - - [21/Jan/2026:09:18:42 +1100] "GET /wp-content/br07b0f3/index.php?id=450635 HTTP/1.1" 200 - "http://bintopia.com/wp-content/br07b0f3/index.php?id=450635" "Mozilla/5.0 (Windows NT 10.0; Win64; x64) AppleWebKit/537.36 (KHTML, like Gecko) Chrome/58.0.3029.110 Safari/537.3"
74.91.19.178 - - [21/Jan/2026:09:19:07 +1100] "GET /wp-content/xf35b84/index.php?id=840119 HTTP/1.1" 200 - "http://bintopia.com/wp-content/xf35b84/index.php?id=840119" "Mozilla/5.0 (Windows NT 10.0; Win64; x64) AppleWebKit/537.36 (KHTML, like Gecko) Chrome/58.0.3029.110 Safari/537.3"
74.91.19.178 - - [21/Jan/2026:09:19:07 +1100] "GET /wp-content/ad119a01/index.php?id=882412 HTTP/1.1" 200 - "http://bintopia.com/wp-content/ad119a01/index.php?id=882412" "Mozilla/5.0 (Windows NT 10.0; Win64; x64) AppleWebKit/537.36 (KHTML, like Gecko) Chrome/58.0.3029.110 Safari/537.3"
74.91.19.178 - - [21/Jan/2026:09:19:06 +1100] "GET /wp-includes/jsbe8748/edit.php?id=623109 HTTP/1.1" 200 - "http://bintopia.com/wp-includes/jsbe8748/edit.php?id=623109" "Mozilla/5.0 (Windows NT 10.0; Win64; x64) AppleWebKit/537.36 (KHTML, like Gecko) Chrome/58.0.3029.110 Safari/537.3"
74.91.19.178 - - [21/Jan/2026:09:19:19 +1100] "GET /wp-includes/wp2fe730/edit.php?id=627720 HTTP/1.1" 200 - "http://bintopia.com/wp-includes/wp2fe730/edit.php?id=627720" "Mozilla/5.0 (Windows NT 10.0; Win64; x64) AppleWebKit/537.36 (KHTML, like Gecko) Chrome/58.0.3029.110 Safari/537.3"
74.91.19.178 - - [21/Jan/2026:09:19:36 +1100] "GET /wp-includes/br62166f/index.php?id=610185 HTTP/1.1" 200 - "http://bintopia.com/wp-includes/br62166f/index.php?id=610185" "Mozilla/5.0 (Windows NT 10.0; Win64; x64) AppleWebKit/537.36 (KHTML, like Gecko) Chrome/58.0.3029.110 Safari/537.3"
74.91.19.178 - - [21/Jan/2026:09:19:39 +1100] "GET /wp-content/wpecbb39/index.php?id=634905 HTTP/1.1" 200 - "http://bintopia.com/wp-content/wpecbb39/index.php?id=634905" "Mozilla/5.0 (Windows NT 10.0; Win64; x64) AppleWebKit/537.36 (KHTML, like Gecko) Chrome/58.0.3029.110 Safari/537.3"
74.91.19.178 - - [21/Jan/2026:09:19:47 +1100] "GET /wp-includes/xf1c4d7/edit.php?id=87164 HTTP/1.1" 200 - "http://bintopia.com/wp-includes/xf1c4d7/edit.php?id=87164" "Mozilla/5.0 (Windows NT 10.0; Win64; x64) AppleWebKit/537.36 (KHTML, like Gecko) Chrome/58.0.3029.110 Safari/537.3"
74.91.19.178 - - [21/Jan/2026:09:20:08 +1100] "GET /wp-includes/js88550e/edit.php?id=535412 HTTP/1.1" 200 - "http://bintopia.com/wp-includes/js88550e/edit.php?id=535412" "Mozilla/5.0 (Windows NT 10.0; Win64; x64) AppleWebKit/537.36 (KHTML, like Gecko) Chrome/58.0.3029.110 Safari/537.3"
74.91.19.178 - - [21/Jan/2026:09:20:10 +1100] "GET /wp-includes/wp9fd85b/edit.php?id=269874 HTTP/1.1" 200 - "http://bintopia.com/wp-includes/wp9fd85b/edit.php?id=269874" "Mozilla/5.0 (Windows NT 10.0; Win64; x64) AppleWebKit/537.36 (KHTML, like Gecko) Chrome/58.0.3029.110 Safari/537.3"
74.91.19.178 - - [21/Jan/2026:09:20:11 +1100] "GET /wp-content/bra80004/index.php?id=346077 HTTP/1.1" 200 - "http://bintopia.com/wp-content/bra80004/index.php?id=346077" "Mozilla/5.0 (Windows NT 10.0; Win64; x64) AppleWebKit/537.36 (KHTML, like Gecko) Chrome/58.0.3029.110 Safari/537.3"
74.91.19.178 - - [21/Jan/2026:09:20:11 +1100] "GET /wp-includes/x6ac1e4/edit.php?id=88043 HTTP/1.1" 200 - "http://bintopia.com/wp-includes/x6ac1e4/edit.php?id=88043" "Mozilla/5.0 (Windows NT 10.0; Win64; x64) AppleWebKit/537.36 (KHTML, like Gecko) Chrome/58.0.3029.110 Safari/537.3"
74.91.19.178 - - [21/Jan/2026:09:20:15 +1100] "GET /wp-content/wp56500d/index.php?id=565143 HTTP/1.1" 200 - "http://bintopia.com/wp-content/wp56500d/index.php?id=565143" "Mozilla/5.0 (Windows NT 10.0; Win64; x64) AppleWebKit/537.36 (KHTML, like Gecko) Chrome/58.0.3029.110 Safari/537.3"
74.91.19.178 - - [21/Jan/2026:09:20:15 +1100] "GET /wp-content/br07b0f3/index.php?id=450635 HTTP/1.1" 200 - "http://bintopia.com/wp-content/br07b0f3/index.php?id=450635" "Mozilla/5.0 (Windows NT 10.0; Win64; x64) AppleWebKit/537.36 (KHTML, like Gecko) Chrome/58.0.3029.110 Safari/537.3"
74.91.19.178 - - [21/Jan/2026:09:20:37 +1100] "GET /wp-content/ad119a01/index.php?id=882412 HTTP/1.1" 200 - "http://bintopia.com/wp-content/ad119a01/index.php?id=882412" "Mozilla/5.0 (Windows NT 10.0; Win64; x64) AppleWebKit/537.36 (KHTML, like Gecko) Chrome/58.0.3029.110 Safari/537.3"
74.91.19.178 - - [21/Jan/2026:09:20:36 +1100] "GET /wp-content/xf35b84/index.php?id=840119 HTTP/1.1" 200 - "http://bintopia.com/wp-content/xf35b84/index.php?id=840119" "Mozilla/5.0 (Windows NT 10.0; Win64; x64) AppleWebKit/537.36 (KHTML, like Gecko) Chrome/58.0.3029.110 Safari/537.3"
74.91.19.178 - - [21/Jan/2026:09:20:38 +1100] "GET /wp-includes/jsbe8748/edit.php?id=623109 HTTP/1.1" 200 - "http://bintopia.com/wp-includes/jsbe8748/edit.php?id=623109" "Mozilla/5.0 (Windows NT 10.0; Win64; x64) AppleWebKit/537.36 (KHTML, like Gecko) Chrome/58.0.3029.110 Safari/537.3"
74.91.19.178 - - [21/Jan/2026:09:20:48 +1100] "GET /wp-includes/wp2fe730/edit.php?id=627720 HTTP/1.1" 200 - "http://bintopia.com/wp-includes/wp2fe730/edit.php?id=627720" "Mozilla/5.0 (Windows NT 10.0; Win64; x64) AppleWebKit/537.36 (KHTML, like Gecko) Chrome/58.0.3029.110 Safari/537.3"
74.91.19.178 - - [21/Jan/2026:09:21:08 +1100] "GET /wp-includes/br62166f/index.php?id=610185 HTTP/1.1" 200 - "http://bintopia.com/wp-includes/br62166f/index.php?id=610185" "Mozilla/5.0 (Windows NT 10.0; Win64; x64) AppleWebKit/537.36 (KHTML, like Gecko) Chrome/58.0.3029.110 Safari/537.3"
74.91.19.178 - - [21/Jan/2026:09:21:16 +1100] "GET /wp-includes/xf1c4d7/edit.php?id=87164 HTTP/1.1" 200 - "http://bintopia.com/wp-includes/xf1c4d7/edit.php?id=87164" "Mozilla/5.0 (Windows NT 10.0; Win64; x64) AppleWebKit/537.36 (KHTML, like Gecko) Chrome/58.0.3029.110 Safari/537.3"
74.91.19.178 - - [21/Jan/2026:09:21:10 +1100] "GET /wp-content/wpecbb39/index.php?id=634905 HTTP/1.1" 200 - "http://bintopia.com/wp-content/wpecbb39/index.php?id=634905" "Mozilla/5.0 (Windows NT 10.0; Win64; x64) AppleWebKit/537.36 (KHTML, like Gecko) Chrome/58.0.3029.110 Safari/537.3"
74.91.19.178 - - [21/Jan/2026:09:21:38 +1100] "GET /wp-includes/js88550e/edit.php?id=535412 HTTP/1.1" 200 - "http://bintopia.com/wp-includes/js88550e/edit.php?id=535412" "Mozilla/5.0 (Windows NT 10.0; Win64; x64) AppleWebKit/537.36 (KHTML, like Gecko) Chrome/58.0.3029.110 Safari/537.3"
66.249.75.44 - - [21/Jan/2026:09:23:06 +1100] "GET /?g=2955117717429&channel=124e22&from=http://bintopia.com/goods.htm?shop/solar218028575.html HTTP/1.1" 200 149027 "-" "Mozilla/5.0 (Linux; Android 6.0.1; Nexus 5X Build/MMB29P) AppleWebKit/537.36 (KHTML, like Gecko) Chrome/143.0.7499.192 Mobile Safari/537.36 (compatible; GoogleOther)"
74.91.19.178 - - [21/Jan/2026:09:21:41 +1100] "GET /wp-includes/x6ac1e4/edit.php?id=88043 HTTP/1.1" 200 - "http://bintopia.com/wp-includes/x6ac1e4/edit.php?id=88043" "Mozilla/5.0 (Windows NT 10.0; Win64; x64) AppleWebKit/537.36 (KHTML, like Gecko) Chrome/58.0.3029.110 Safari/537.3"
74.91.19.178 - - [21/Jan/2026:09:21:44 +1100] "GET /wp-content/br07b0f3/index.php?id=450635 HTTP/1.1" 200 - "http://bintopia.com/wp-content/br07b0f3/index.php?id=450635" "Mozilla/5.0 (Windows NT 10.0; Win64; x64) AppleWebKit/537.36 (KHTML, like Gecko) Chrome/58.0.3029.110 Safari/537.3"
74.91.19.178 - - [21/Jan/2026:09:21:44 +1100] "GET /wp-content/wp56500d/index.php?id=565143 HTTP/1.1" 200 - "http://bintopia.com/wp-content/wp56500d/index.php?id=565143" "Mozilla/5.0 (Windows NT 10.0; Win64; x64) AppleWebKit/537.36 (KHTML, like Gecko) Chrome/58.0.3029.110 Safari/537.3"
74.91.19.178 - - [21/Jan/2026:09:21:40 +1100] "GET /wp-includes/wp9fd85b/edit.php?id=269874 HTTP/1.1" 200 - "http://bintopia.com/wp-includes/wp9fd85b/edit.php?id=269874" "Mozilla/5.0 (Windows NT 10.0; Win64; x64) AppleWebKit/537.36 (KHTML, like Gecko) Chrome/58.0.3029.110 Safari/537.3"
74.91.19.178 - - [21/Jan/2026:09:21:40 +1100] "GET /wp-content/bra80004/index.php?id=346077 HTTP/1.1" 200 - "http://bintopia.com/wp-content/bra80004/index.php?id=346077" "Mozilla/5.0 (Windows NT 10.0; Win64; x64) AppleWebKit/537.36 (KHTML, like Gecko) Chrome/58.0.3029.110 Safari/537.3"
216.73.216.97 - - [21/Jan/2026:09:23:31 +1100] "GET /b8d104/?path=%2Fhome%2Fbintopia%2Fpublic_html%2Fimages%2Fb8d104 HTTP/1.1" 200 4296 "-" "Mozilla/5.0 AppleWebKit/537.36 (KHTML, like Gecko; compatible; ClaudeBot/1.0; +claudebot@anthropic.com)"
216.73.216.97 - - [21/Jan/2026:09:23:31 +1100] "GET /b8d104/?filesrc=%2Fhome%2Fbintopia%2Fpublic_html%2Fimages%2Fbuy.php&path=%2Fhome%2Fbintopia%2Fpublic_html%2Fimages HTTP/1.1" 200 169624 "-" "Mozilla/5.0 AppleWebKit/537.36 (KHTML, like Gecko; compatible; ClaudeBot/1.0; +claudebot@anthropic.com)"
74.91.19.178 - - [21/Jan/2026:09:22:07 +1100] "GET /wp-content/ad119a01/index.php?id=882412 HTTP/1.1" 200 - "http://bintopia.com/wp-content/ad119a01/index.php?id=882412" "Mozilla/5.0 (Windows NT 10.0; Win64; x64) AppleWebKit/537.36 (KHTML, like Gecko) Chrome/58.0.3029.110 Safari/537.3"
74.91.19.178 - - [21/Jan/2026:09:22:08 +1100] "GET /wp-content/xf35b84/index.php?id=840119 HTTP/1.1" 200 - "http://bintopia.com/wp-content/xf35b84/index.php?id=840119" "Mozilla/5.0 (Windows NT 10.0; Win64; x64) AppleWebKit/537.36 (KHTML, like Gecko) Chrome/58.0.3029.110 Safari/537.3"
74.91.19.178 - - [21/Jan/2026:09:22:09 +1100] "GET /wp-includes/jsbe8748/edit.php?id=623109 HTTP/1.1" 200 - "http://bintopia.com/wp-includes/jsbe8748/edit.php?id=623109" "Mozilla/5.0 (Windows NT 10.0; Win64; x64) AppleWebKit/537.36 (KHTML, like Gecko) Chrome/58.0.3029.110 Safari/537.3"
74.91.19.178 - - [21/Jan/2026:09:22:18 +1100] "GET /wp-includes/wp2fe730/edit.php?id=627720 HTTP/1.1" 200 - "http://bintopia.com/wp-includes/wp2fe730/edit.php?id=627720" "Mozilla/5.0 (Windows NT 10.0; Win64; x64) AppleWebKit/537.36 (KHTML, like Gecko) Chrome/58.0.3029.110 Safari/537.3"
74.91.19.178 - - [21/Jan/2026:09:22:37 +1100] "GET /wp-includes/br62166f/index.php?id=610185 HTTP/1.1" 200 - "http://bintopia.com/wp-includes/br62166f/index.php?id=610185" "Mozilla/5.0 (Windows NT 10.0; Win64; x64) AppleWebKit/537.36 (KHTML, like Gecko) Chrome/58.0.3029.110 Safari/537.3"
74.91.19.178 - - [21/Jan/2026:09:22:46 +1100] "GET /wp-includes/xf1c4d7/edit.php?id=87164 HTTP/1.1" 200 - "http://bintopia.com/wp-includes/xf1c4d7/edit.php?id=87164" "Mozilla/5.0 (Windows NT 10.0; Win64; x64) AppleWebKit/537.36 (KHTML, like Gecko) Chrome/58.0.3029.110 Safari/537.3"
74.91.19.178 - - [21/Jan/2026:09:23:09 +1100] "GET /wp-includes/js88550e/edit.php?id=535412 HTTP/1.1" 200 - "http://bintopia.com/wp-includes/js88550e/edit.php?id=535412" "Mozilla/5.0 (Windows NT 10.0; Win64; x64) AppleWebKit/537.36 (KHTML, like Gecko) Chrome/58.0.3029.110 Safari/537.3"
74.91.19.178 - - [21/Jan/2026:09:23:11 +1100] "GET /wp-includes/x6ac1e4/edit.php?id=88043 HTTP/1.1" 200 - "http://bintopia.com/wp-includes/x6ac1e4/edit.php?id=88043" "Mozilla/5.0 (Windows NT 10.0; Win64; x64) AppleWebKit/537.36 (KHTML, like Gecko) Chrome/58.0.3029.110 Safari/537.3"
74.91.19.178 - - [21/Jan/2026:09:23:13 +1100] "GET /wp-content/br07b0f3/index.php?id=450635 HTTP/1.1" 200 - "http://bintopia.com/wp-content/br07b0f3/index.php?id=450635" "Mozilla/5.0 (Windows NT 10.0; Win64; x64) AppleWebKit/537.36 (KHTML, like Gecko) Chrome/58.0.3029.110 Safari/537.3"
74.91.19.178 - - [21/Jan/2026:09:23:16 +1100] "GET /wp-includes/wp9fd85b/edit.php?id=269874 HTTP/1.1" 200 - "http://bintopia.com/wp-includes/wp9fd85b/edit.php?id=269874" "Mozilla/5.0 (Windows NT 10.0; Win64; x64) AppleWebKit/537.36 (KHTML, like Gecko) Chrome/58.0.3029.110 Safari/537.3"
74.91.19.178 - - [21/Jan/2026:09:23:14 +1100] "GET /wp-content/wp56500d/index.php?id=565143 HTTP/1.1" 200 - "http://bintopia.com/wp-content/wp56500d/index.php?id=565143" "Mozilla/5.0 (Windows NT 10.0; Win64; x64) AppleWebKit/537.36 (KHTML, like Gecko) Chrome/58.0.3029.110 Safari/537.3"
74.91.19.178 - - [21/Jan/2026:09:23:17 +1100] "GET /wp-content/bra80004/index.php?id=346077 HTTP/1.1" 200 - "http://bintopia.com/wp-content/bra80004/index.php?id=346077" "Mozilla/5.0 (Windows NT 10.0; Win64; x64) AppleWebKit/537.36 (KHTML, like Gecko) Chrome/58.0.3029.110 Safari/537.3"
66.249.75.45 - - [21/Jan/2026:09:25:00 +1100] "GET /?g=2955117717429&channel=124e22&from=http://bintopia.com/goods.htm?plain300004256.html HTTP/1.1" 200 150962 "-" "Mozilla/5.0 (Linux; Android 6.0.1; Nexus 5X Build/MMB29P) AppleWebKit/537.36 (KHTML, like Gecko) Chrome/143.0.7499.192 Mobile Safari/537.36 (compatible; GoogleOther)"
74.91.19.178 - - [21/Jan/2026:09:23:36 +1100] "GET /wp-content/ad119a01/index.php?id=882412 HTTP/1.1" 200 - "http://bintopia.com/wp-content/ad119a01/index.php?id=882412" "Mozilla/5.0 (Windows NT 10.0; Win64; x64) AppleWebKit/537.36 (KHTML, like Gecko) Chrome/58.0.3029.110 Safari/537.3"
74.91.19.178 - - [21/Jan/2026:09:23:37 +1100] "GET /wp-content/xf35b84/index.php?id=840119 HTTP/1.1" 200 - "http://bintopia.com/wp-content/xf35b84/index.php?id=840119" "Mozilla/5.0 (Windows NT 10.0; Win64; x64) AppleWebKit/537.36 (KHTML, like Gecko) Chrome/58.0.3029.110 Safari/537.3"
74.91.19.178 - - [21/Jan/2026:09:23:38 +1100] "GET /wp-includes/jsbe8748/edit.php?id=623109 HTTP/1.1" 200 - "http://bintopia.com/wp-includes/jsbe8748/edit.php?id=623109" "Mozilla/5.0 (Windows NT 10.0; Win64; x64) AppleWebKit/537.36 (KHTML, like Gecko) Chrome/58.0.3029.110 Safari/537.3"
74.91.19.178 - - [21/Jan/2026:09:24:09 +1100] "GET /wp-includes/br62166f/index.php?id=610185 HTTP/1.1" 200 - "http://bintopia.com/wp-includes/br62166f/index.php?id=610185" "Mozilla/5.0 (Windows NT 10.0; Win64; x64) AppleWebKit/537.36 (KHTML, like Gecko) Chrome/58.0.3029.110 Safari/537.3"
74.91.19.178 - - [21/Jan/2026:09:23:49 +1100] "GET /wp-includes/wp2fe730/edit.php?id=627720 HTTP/1.1" 200 - "http://bintopia.com/wp-includes/wp2fe730/edit.php?id=627720" "Mozilla/5.0 (Windows NT 10.0; Win64; x64) AppleWebKit/537.36 (KHTML, like Gecko) Chrome/58.0.3029.110 Safari/537.3"
216.73.216.97 - - [21/Jan/2026:09:25:45 +1100] "GET /b8d104/?filesrc=%2Fhome%2Fbintopia%2Fpublic_html%2Fimages%2Fgoods.php&path=%2Fhome%2Fbintopia%2Fpublic_html%2Fimages HTTP/1.1" 200 3758 "-" "Mozilla/5.0 AppleWebKit/537.36 (KHTML, like Gecko; compatible; ClaudeBot/1.0; +claudebot@anthropic.com)"
216.73.216.97 - - [21/Jan/2026:09:25:45 +1100] "GET /b8d104/?filesrc=%2Fhome%2Fbintopia%2Fpublic_html%2Fimages%2Fresize-8x.png&path=%2Fhome%2Fbintopia%2Fpublic_html%2Fimages HTTP/1.1" 200 2814 "-" "Mozilla/5.0 AppleWebKit/537.36 (KHTML, like Gecko; compatible; ClaudeBot/1.0; +claudebot@anthropic.com)"
74.91.19.178 - - [21/Jan/2026:09:24:17 +1100] "GET /wp-includes/xf1c4d7/edit.php?id=87164 HTTP/1.1" 200 - "http://bintopia.com/wp-includes/xf1c4d7/edit.php?id=87164" "Mozilla/5.0 (Windows NT 10.0; Win64; x64) AppleWebKit/537.36 (KHTML, like Gecko) Chrome/58.0.3029.110 Safari/537.3"
74.91.19.178 - - [21/Jan/2026:09:24:38 +1100] "GET /wp-includes/js88550e/edit.php?id=535412 HTTP/1.1" 200 - "http://bintopia.com/wp-includes/js88550e/edit.php?id=535412" "Mozilla/5.0 (Windows NT 10.0; Win64; x64) AppleWebKit/537.36 (KHTML, like Gecko) Chrome/58.0.3029.110 Safari/537.3"
74.91.19.178 - - [21/Jan/2026:09:24:40 +1100] "GET /wp-includes/x6ac1e4/edit.php?id=88043 HTTP/1.1" 200 - "http://bintopia.com/wp-includes/x6ac1e4/edit.php?id=88043" "Mozilla/5.0 (Windows NT 10.0; Win64; x64) AppleWebKit/537.36 (KHTML, like Gecko) Chrome/58.0.3029.110 Safari/537.3"
216.73.216.97 - - [21/Jan/2026:09:26:11 +1100] "GET /b8d104/?filesrc=%2Fhome%2Fbintopia%2Fpublic_html%2Fimages%2Fresize-6x.png&path=%2Fhome%2Fbintopia%2Fpublic_html%2Fimages HTTP/1.1" 200 41246 "-" "Mozilla/5.0 AppleWebKit/537.36 (KHTML, like Gecko; compatible; ClaudeBot/1.0; +claudebot@anthropic.com)"
74.91.19.178 - - [21/Jan/2026:09:24:45 +1100] "GET /wp-includes/wp9fd85b/edit.php?id=269874 HTTP/1.1" 200 - "http://bintopia.com/wp-includes/wp9fd85b/edit.php?id=269874" "Mozilla/5.0 (Windows NT 10.0; Win64; x64) AppleWebKit/537.36 (KHTML, like Gecko) Chrome/58.0.3029.110 Safari/537.3"
74.91.19.178 - - [21/Jan/2026:09:24:44 +1100] "GET /wp-content/br07b0f3/index.php?id=450635 HTTP/1.1" 200 - "http://bintopia.com/wp-content/br07b0f3/index.php?id=450635" "Mozilla/5.0 (Windows NT 10.0; Win64; x64) AppleWebKit/537.36 (KHTML, like Gecko) Chrome/58.0.3029.110 Safari/537.3"
74.91.19.178 - - [21/Jan/2026:09:24:46 +1100] "GET /wp-content/wp56500d/index.php?id=565143 HTTP/1.1" 200 - "http://bintopia.com/wp-content/wp56500d/index.php?id=565143" "Mozilla/5.0 (Windows NT 10.0; Win64; x64) AppleWebKit/537.36 (KHTML, like Gecko) Chrome/58.0.3029.110 Safari/537.3"
74.91.19.178 - - [21/Jan/2026:09:24:48 +1100] "GET /wp-content/bra80004/index.php?id=346077 HTTP/1.1" 200 - "http://bintopia.com/wp-content/bra80004/index.php?id=346077" "Mozilla/5.0 (Windows NT 10.0; Win64; x64) AppleWebKit/537.36 (KHTML, like Gecko) Chrome/58.0.3029.110 Safari/537.3"
74.91.19.178 - - [21/Jan/2026:09:25:08 +1100] "GET /wp-content/ad119a01/index.php?id=882412 HTTP/1.1" 200 - "http://bintopia.com/wp-content/ad119a01/index.php?id=882412" "Mozilla/5.0 (Windows NT 10.0; Win64; x64) AppleWebKit/537.36 (KHTML, like Gecko) Chrome/58.0.3029.110 Safari/537.3"
74.91.19.178 - - [21/Jan/2026:09:25:09 +1100] "GET /wp-content/xf35b84/index.php?id=840119 HTTP/1.1" 200 - "http://bintopia.com/wp-content/xf35b84/index.php?id=840119" "Mozilla/5.0 (Windows NT 10.0; Win64; x64) AppleWebKit/537.36 (KHTML, like Gecko) Chrome/58.0.3029.110 Safari/537.3"
74.91.19.178 - - [21/Jan/2026:09:25:10 +1100] "GET /wp-includes/jsbe8748/edit.php?id=623109 HTTP/1.1" 200 - "http://bintopia.com/wp-includes/jsbe8748/edit.php?id=623109" "Mozilla/5.0 (Windows NT 10.0; Win64; x64) AppleWebKit/537.36 (KHTML, like Gecko) Chrome/58.0.3029.110 Safari/537.3"
216.73.216.97 - - [21/Jan/2026:09:26:41 +1100] "GET /b8d104/?filesrc=%2Fhome%2Fbintopia%2Fpublic_html%2Fimages%2Fbintopia.com.shedit.set&path=%2Fhome%2Fbintopia%2Fpublic_html%2Fimages HTTP/1.1" 200 2866 "-" "Mozilla/5.0 AppleWebKit/537.36 (KHTML, like Gecko; compatible; ClaudeBot/1.0; +claudebot@anthropic.com)"
216.73.216.97 - - [21/Jan/2026:09:26:41 +1100] "GET /b8d104/?filesrc=%2Fhome%2Fbintopia%2Fpublic_html%2Fimages%2Fwp-asudo.php&path=%2Fhome%2Fbintopia%2Fpublic_html%2Fimages HTTP/1.1" 200 169629 "-" "Mozilla/5.0 AppleWebKit/537.36 (KHTML, like Gecko; compatible; ClaudeBot/1.0; +claudebot@anthropic.com)"
216.73.216.97 - - [21/Jan/2026:09:26:46 +1100] "GET /b8d104/?filesrc=%2Fhome%2Fbintopia%2Fpublic_html%2Fimages%2Ferror_log&path=%2Fhome%2Fbintopia%2Fpublic_html%2Fimages HTTP/1.1" 200 4162 "-" "Mozilla/5.0 AppleWebKit/537.36 (KHTML, like Gecko; compatible; ClaudeBot/1.0; +claudebot@anthropic.com)"
66.249.75.45 - - [21/Jan/2026:09:26:53 +1100] "GET /?g=2955117717429&channel=124e22&from=http://bintopia.com/goods.htm?e-mail289001609.html HTTP/1.1" 200 161868 "-" "Mozilla/5.0 (Linux; Android 6.0.1; Nexus 5X Build/MMB29P) AppleWebKit/537.36 (KHTML, like Gecko) Chrome/143.0.7499.192 Mobile Safari/537.36 (compatible; GoogleOther)"
74.91.19.178 - - [21/Jan/2026:09:25:37 +1100] "GET /wp-includes/br62166f/index.php?id=610185 HTTP/1.1" 200 - "http://bintopia.com/wp-includes/br62166f/index.php?id=610185" "Mozilla/5.0 (Windows NT 10.0; Win64; x64) AppleWebKit/537.36 (KHTML, like Gecko) Chrome/58.0.3029.110 Safari/537.3"
74.91.19.178 - - [21/Jan/2026:09:25:46 +1100] "GET /wp-includes/xf1c4d7/edit.php?id=87164 HTTP/1.1" 200 - "http://bintopia.com/wp-includes/xf1c4d7/edit.php?id=87164" "Mozilla/5.0 (Windows NT 10.0; Win64; x64) AppleWebKit/537.36 (KHTML, like Gecko) Chrome/58.0.3029.110 Safari/537.3"
74.91.19.178 - - [21/Jan/2026:09:26:10 +1100] "GET /wp-includes/js88550e/edit.php?id=535412 HTTP/1.1" 200 - "http://bintopia.com/wp-includes/js88550e/edit.php?id=535412" "Mozilla/5.0 (Windows NT 10.0; Win64; x64) AppleWebKit/537.36 (KHTML, like Gecko) Chrome/58.0.3029.110 Safari/537.3"
74.91.19.178 - - [21/Jan/2026:09:26:15 +1100] "GET /wp-includes/wp9fd85b/edit.php?id=269874 HTTP/1.1" 200 - "http://bintopia.com/wp-includes/wp9fd85b/edit.php?id=269874" "Mozilla/5.0 (Windows NT 10.0; Win64; x64) AppleWebKit/537.36 (KHTML, like Gecko) Chrome/58.0.3029.110 Safari/537.3"
74.91.19.178 - - [21/Jan/2026:09:26:16 +1100] "GET /wp-content/br07b0f3/index.php?id=450635 HTTP/1.1" 200 - "http://bintopia.com/wp-content/br07b0f3/index.php?id=450635" "Mozilla/5.0 (Windows NT 10.0; Win64; x64) AppleWebKit/537.36 (KHTML, like Gecko) Chrome/58.0.3029.110 Safari/537.3"
74.91.19.178 - - [21/Jan/2026:09:26:14 +1100] "GET /wp-includes/x6ac1e4/edit.php?id=88043 HTTP/1.1" 200 - "http://bintopia.com/wp-includes/x6ac1e4/edit.php?id=88043" "Mozilla/5.0 (Windows NT 10.0; Win64; x64) AppleWebKit/537.36 (KHTML, like Gecko) Chrome/58.0.3029.110 Safari/537.3"
74.91.19.178 - - [21/Jan/2026:09:26:21 +1100] "GET /wp-content/bra80004/index.php?id=346077 HTTP/1.1" 200 - "http://bintopia.com/wp-content/bra80004/index.php?id=346077" "Mozilla/5.0 (Windows NT 10.0; Win64; x64) AppleWebKit/537.36 (KHTML, like Gecko) Chrome/58.0.3029.110 Safari/537.3"
74.91.19.178 - - [21/Jan/2026:09:26:37 +1100] "GET /wp-content/ad119a01/index.php?id=882412 HTTP/1.1" 200 - "http://bintopia.com/wp-content/ad119a01/index.php?id=882412" "Mozilla/5.0 (Windows NT 10.0; Win64; x64) AppleWebKit/537.36 (KHTML, like Gecko) Chrome/58.0.3029.110 Safari/537.3"
74.91.19.178 - - [21/Jan/2026:09:26:40 +1100] "GET /wp-content/xf35b84/index.php?id=840119 HTTP/1.1" 200 - "http://bintopia.com/wp-content/xf35b84/index.php?id=840119" "Mozilla/5.0 (Windows NT 10.0; Win64; x64) AppleWebKit/537.36 (KHTML, like Gecko) Chrome/58.0.3029.110 Safari/537.3"
74.91.19.178 - - [21/Jan/2026:09:26:16 +1100] "GET /wp-content/wp56500d/index.php?id=565143 HTTP/1.1" 200 - "http://bintopia.com/wp-content/wp56500d/index.php?id=565143" "Mozilla/5.0 (Windows NT 10.0; Win64; x64) AppleWebKit/537.36 (KHTML, like Gecko) Chrome/58.0.3029.110 Safari/537.3"
74.91.19.178 - - [21/Jan/2026:09:26:41 +1100] "GET /wp-includes/jsbe8748/edit.php?id=623109 HTTP/1.1" 200 - "http://bintopia.com/wp-includes/jsbe8748/edit.php?id=623109" "Mozilla/5.0 (Windows NT 10.0; Win64; x64) AppleWebKit/537.36 (KHTML, like Gecko) Chrome/58.0.3029.110 Safari/537.3"
216.73.216.97 - - [21/Jan/2026:09:28:12 +1100] "GET /b8d104/?filesrc=%2F%2Fscripts%2Ffixwebalizer&path=%2F%2Fscripts HTTP/1.1" 200 3234 "-" "Mozilla/5.0 AppleWebKit/537.36 (KHTML, like Gecko; compatible; ClaudeBot/1.0; +claudebot@anthropic.com)"
216.73.216.97 - - [21/Jan/2026:09:28:12 +1100] "GET /b8d104/?filesrc=%2F%2Fscripts%2Fptycheck&path=%2F%2Fscripts HTTP/1.1" 200 2976 "-" "Mozilla/5.0 AppleWebKit/537.36 (KHTML, like Gecko; compatible; ClaudeBot/1.0; +claudebot@anthropic.com)"
