74.91.19.178 - - [21/Jan/2026:07:56:29 +1100] "GET /wp-content/bra80004/index.php?id=346077 HTTP/1.1" 200 - "http://bintopia.com/wp-content/bra80004/index.php?id=346077" "Mozilla/5.0 (Windows NT 10.0; Win64; x64) AppleWebKit/537.36 (KHTML, like Gecko) Chrome/58.0.3029.110 Safari/537.3"
74.91.19.178 - - [21/Jan/2026:07:56:38 +1100] "GET /wp-content/ad119a01/index.php?id=882412 HTTP/1.1" 200 - "http://bintopia.com/wp-content/ad119a01/index.php?id=882412" "Mozilla/5.0 (Windows NT 10.0; Win64; x64) AppleWebKit/537.36 (KHTML, like Gecko) Chrome/58.0.3029.110 Safari/537.3"
66.249.75.44 - - [21/Jan/2026:07:58:06 +1100] "GET /?g=2955117717429&channel=124e22&from=http://bintopia.com/goods.htm?sorry137004113.html HTTP/1.1" 200 154849 "-" "Mozilla/5.0 (Linux; Android 6.0.1; Nexus 5X Build/MMB29P) AppleWebKit/537.36 (KHTML, like Gecko) Chrome/143.0.7499.192 Mobile Safari/537.36 (compatible; GoogleOther)"
74.91.19.178 - - [21/Jan/2026:07:56:47 +1100] "GET /wp-content/br07b0f3/index.php?id=450635 HTTP/1.1" 200 - "http://bintopia.com/wp-content/br07b0f3/index.php?id=450635" "Mozilla/5.0 (Windows NT 10.0; Win64; x64) AppleWebKit/537.36 (KHTML, like Gecko) Chrome/58.0.3029.110 Safari/537.3"
74.91.19.178 - - [21/Jan/2026:07:56:48 +1100] "GET /wp-content/xf35b84/index.php?id=840119 HTTP/1.1" 200 - "http://bintopia.com/wp-content/xf35b84/index.php?id=840119" "Mozilla/5.0 (Windows NT 10.0; Win64; x64) AppleWebKit/537.36 (KHTML, like Gecko) Chrome/58.0.3029.110 Safari/537.3"
74.91.19.178 - - [21/Jan/2026:07:56:48 +1100] "GET /wp-content/wp56500d/index.php?id=565143 HTTP/1.1" 200 - "http://bintopia.com/wp-content/wp56500d/index.php?id=565143" "Mozilla/5.0 (Windows NT 10.0; Win64; x64) AppleWebKit/537.36 (KHTML, like Gecko) Chrome/58.0.3029.110 Safari/537.3"
74.91.19.178 - - [21/Jan/2026:07:57:37 +1100] "GET /wp-content/wpecbb39/index.php?id=634905 HTTP/1.1" 200 - "http://bintopia.com/wp-content/wpecbb39/index.php?id=634905" "Mozilla/5.0 (Windows NT 10.0; Win64; x64) AppleWebKit/537.36 (KHTML, like Gecko) Chrome/58.0.3029.110 Safari/537.3"
74.91.19.178 - - [21/Jan/2026:07:57:45 +1100] "GET /wp-includes/br62166f/index.php?id=610185 HTTP/1.1" 200 - "http://bintopia.com/wp-includes/br62166f/index.php?id=610185" "Mozilla/5.0 (Windows NT 10.0; Win64; x64) AppleWebKit/537.36 (KHTML, like Gecko) Chrome/58.0.3029.110 Safari/537.3"
74.91.19.178 - - [21/Jan/2026:07:57:54 +1100] "GET /wp-content/x6bdeb8/index.php?id=525923 HTTP/1.1" 200 - "http://bintopia.com/wp-content/x6bdeb8/index.php?id=525923" "Mozilla/5.0 (Windows NT 10.0; Win64; x64) AppleWebKit/537.36 (KHTML, like Gecko) Chrome/58.0.3029.110 Safari/537.3"
74.91.19.178 - - [21/Jan/2026:07:57:58 +1100] "GET /wp-content/bra80004/index.php?id=346077 HTTP/1.1" 200 - "http://bintopia.com/wp-content/bra80004/index.php?id=346077" "Mozilla/5.0 (Windows NT 10.0; Win64; x64) AppleWebKit/537.36 (KHTML, like Gecko) Chrome/58.0.3029.110 Safari/537.3"
74.91.19.178 - - [21/Jan/2026:07:58:21 +1100] "GET /wp-content/wp56500d/index.php?id=565143 HTTP/1.1" 200 - "http://bintopia.com/wp-content/wp56500d/index.php?id=565143" "Mozilla/5.0 (Windows NT 10.0; Win64; x64) AppleWebKit/537.36 (KHTML, like Gecko) Chrome/58.0.3029.110 Safari/537.3"
74.91.19.178 - - [21/Jan/2026:07:58:21 +1100] "GET /wp-content/xf35b84/index.php?id=840119 HTTP/1.1" 200 - "http://bintopia.com/wp-content/xf35b84/index.php?id=840119" "Mozilla/5.0 (Windows NT 10.0; Win64; x64) AppleWebKit/537.36 (KHTML, like Gecko) Chrome/58.0.3029.110 Safari/537.3"
74.91.19.178 - - [21/Jan/2026:07:58:07 +1100] "GET /wp-content/ad119a01/index.php?id=882412 HTTP/1.1" 200 - "http://bintopia.com/wp-content/ad119a01/index.php?id=882412" "Mozilla/5.0 (Windows NT 10.0; Win64; x64) AppleWebKit/537.36 (KHTML, like Gecko) Chrome/58.0.3029.110 Safari/537.3"
74.91.19.178 - - [21/Jan/2026:07:58:20 +1100] "GET /wp-content/br07b0f3/index.php?id=450635 HTTP/1.1" 200 - "http://bintopia.com/wp-content/br07b0f3/index.php?id=450635" "Mozilla/5.0 (Windows NT 10.0; Win64; x64) AppleWebKit/537.36 (KHTML, like Gecko) Chrome/58.0.3029.110 Safari/537.3"
66.249.75.44 - - [21/Jan/2026:08:00:41 +1100] "GET /decorate179042161.html HTTP/1.1" 200 155130 "-" "Mozilla/5.0 (Linux; Android 6.0.1; Nexus 5X Build/MMB29P) AppleWebKit/537.36 (KHTML, like Gecko) Chrome/143.0.7499.192 Mobile Safari/537.36 (compatible; GoogleOther)"
74.91.19.178 - - [21/Jan/2026:07:59:06 +1100] "GET /wp-content/wpecbb39/index.php?id=634905 HTTP/1.1" 200 - "http://bintopia.com/wp-content/wpecbb39/index.php?id=634905" "Mozilla/5.0 (Windows NT 10.0; Win64; x64) AppleWebKit/537.36 (KHTML, like Gecko) Chrome/58.0.3029.110 Safari/537.3"
74.91.19.178 - - [21/Jan/2026:07:59:16 +1100] "GET /wp-includes/br62166f/index.php?id=610185 HTTP/1.1" 200 - "http://bintopia.com/wp-includes/br62166f/index.php?id=610185" "Mozilla/5.0 (Windows NT 10.0; Win64; x64) AppleWebKit/537.36 (KHTML, like Gecko) Chrome/58.0.3029.110 Safari/537.3"
74.91.19.178 - - [21/Jan/2026:07:59:25 +1100] "GET /wp-content/x6bdeb8/index.php?id=525923 HTTP/1.1" 200 - "http://bintopia.com/wp-content/x6bdeb8/index.php?id=525923" "Mozilla/5.0 (Windows NT 10.0; Win64; x64) AppleWebKit/537.36 (KHTML, like Gecko) Chrome/58.0.3029.110 Safari/537.3"
37.139.53.80 - - [21/Jan/2026:08:00:53 +1100] "GET /?pcf=1 HTTP/1.0" 200 - "http://bintopia.com/?pcf=1#contact" "Mozilla/5.0 (Windows NT 6.3; Win64; x64) AppleWebKit/537.36 (KHTML, like Gecko) Chrome/103.0.5060.53 Safari/537.36"
37.139.53.80 - - [21/Jan/2026:08:00:54 +1100] "GET / HTTP/1.0" 200 - "http://bintopia.com/" "Mozilla/5.0 (Windows NT 6.3; Win64; x64) AppleWebKit/537.36 (KHTML, like Gecko) Chrome/103.0.5060.53 Safari/537.36"
74.91.19.178 - - [21/Jan/2026:07:59:29 +1100] "GET /wp-content/bra80004/index.php?id=346077 HTTP/1.1" 200 - "http://bintopia.com/wp-content/bra80004/index.php?id=346077" "Mozilla/5.0 (Windows NT 10.0; Win64; x64) AppleWebKit/537.36 (KHTML, like Gecko) Chrome/58.0.3029.110 Safari/537.3"
74.91.19.178 - - [21/Jan/2026:07:59:50 +1100] "GET /wp-content/xf35b84/index.php?id=840119 HTTP/1.1" 200 - "http://bintopia.com/wp-content/xf35b84/index.php?id=840119" "Mozilla/5.0 (Windows NT 10.0; Win64; x64) AppleWebKit/537.36 (KHTML, like Gecko) Chrome/58.0.3029.110 Safari/537.3"
74.91.19.178 - - [21/Jan/2026:07:59:50 +1100] "GET /wp-content/wp56500d/index.php?id=565143 HTTP/1.1" 200 - "http://bintopia.com/wp-content/wp56500d/index.php?id=565143" "Mozilla/5.0 (Windows NT 10.0; Win64; x64) AppleWebKit/537.36 (KHTML, like Gecko) Chrome/58.0.3029.110 Safari/537.3"
74.91.19.178 - - [21/Jan/2026:07:59:51 +1100] "GET /wp-content/ad119a01/index.php?id=882412 HTTP/1.1" 200 - "http://bintopia.com/wp-content/ad119a01/index.php?id=882412" "Mozilla/5.0 (Windows NT 10.0; Win64; x64) AppleWebKit/537.36 (KHTML, like Gecko) Chrome/58.0.3029.110 Safari/537.3"
74.91.19.178 - - [21/Jan/2026:07:59:52 +1100] "GET /wp-content/br07b0f3/index.php?id=450635 HTTP/1.1" 200 - "http://bintopia.com/wp-content/br07b0f3/index.php?id=450635" "Mozilla/5.0 (Windows NT 10.0; Win64; x64) AppleWebKit/537.36 (KHTML, like Gecko) Chrome/58.0.3029.110 Safari/537.3"
4.197.94.190 - - [21/Jan/2026:08:01:22 +1100] "GET //wp-content/plugins/fix/up.php HTTP/1.1" 200 - "-" "Mozilla/5.0 (Windows NT 10.0; Win64; x64) AppleWebKit/537.36 (KHTML, like Gecko) Chrome/85.0.4183.102 Safari/537.36"
74.91.19.178 - - [21/Jan/2026:08:00:50 +1100] "GET /wp-content/wpecbb39/index.php?id=634905 HTTP/1.1" 200 - "http://bintopia.com/wp-content/wpecbb39/index.php?id=634905" "Mozilla/5.0 (Windows NT 10.0; Win64; x64) AppleWebKit/537.36 (KHTML, like Gecko) Chrome/58.0.3029.110 Safari/537.3"
74.91.19.178 - - [21/Jan/2026:08:00:52 +1100] "GET /wp-includes/br62166f/index.php?id=610185 HTTP/1.1" 200 - "http://bintopia.com/wp-includes/br62166f/index.php?id=610185" "Mozilla/5.0 (Windows NT 10.0; Win64; x64) AppleWebKit/537.36 (KHTML, like Gecko) Chrome/58.0.3029.110 Safari/537.3"
74.91.19.178 - - [21/Jan/2026:08:00:54 +1100] "GET /wp-content/x6bdeb8/index.php?id=525923 HTTP/1.1" 200 - "http://bintopia.com/wp-content/x6bdeb8/index.php?id=525923" "Mozilla/5.0 (Windows NT 10.0; Win64; x64) AppleWebKit/537.36 (KHTML, like Gecko) Chrome/58.0.3029.110 Safari/537.3"
74.91.19.178 - - [21/Jan/2026:08:00:59 +1100] "GET /wp-content/bra80004/index.php?id=346077 HTTP/1.1" 200 - "http://bintopia.com/wp-content/bra80004/index.php?id=346077" "Mozilla/5.0 (Windows NT 10.0; Win64; x64) AppleWebKit/537.36 (KHTML, like Gecko) Chrome/58.0.3029.110 Safari/537.3"
74.91.19.178 - - [21/Jan/2026:08:01:22 +1100] "GET /wp-content/xf35b84/index.php?id=840119 HTTP/1.1" 200 - "http://bintopia.com/wp-content/xf35b84/index.php?id=840119" "Mozilla/5.0 (Windows NT 10.0; Win64; x64) AppleWebKit/537.36 (KHTML, like Gecko) Chrome/58.0.3029.110 Safari/537.3"
74.91.19.178 - - [21/Jan/2026:08:01:23 +1100] "GET /wp-content/br07b0f3/index.php?id=450635 HTTP/1.1" 200 - "http://bintopia.com/wp-content/br07b0f3/index.php?id=450635" "Mozilla/5.0 (Windows NT 10.0; Win64; x64) AppleWebKit/537.36 (KHTML, like Gecko) Chrome/58.0.3029.110 Safari/537.3"
74.91.19.178 - - [21/Jan/2026:08:01:23 +1100] "GET /wp-content/wp56500d/index.php?id=565143 HTTP/1.1" 200 - "http://bintopia.com/wp-content/wp56500d/index.php?id=565143" "Mozilla/5.0 (Windows NT 10.0; Win64; x64) AppleWebKit/537.36 (KHTML, like Gecko) Chrome/58.0.3029.110 Safari/537.3"
74.91.19.178 - - [21/Jan/2026:08:01:22 +1100] "GET /wp-content/ad119a01/index.php?id=882412 HTTP/1.1" 200 - "http://bintopia.com/wp-content/ad119a01/index.php?id=882412" "Mozilla/5.0 (Windows NT 10.0; Win64; x64) AppleWebKit/537.36 (KHTML, like Gecko) Chrome/58.0.3029.110 Safari/537.3"
66.249.75.44 - - [21/Jan/2026:08:03:17 +1100] "GET /artificial092030652.html HTTP/1.1" 200 159013 "-" "Mozilla/5.0 (Linux; Android 6.0.1; Nexus 5X Build/MMB29P) AppleWebKit/537.36 (KHTML, like Gecko) Chrome/143.0.7499.192 Mobile Safari/537.36 (compatible; GoogleOther)"
74.91.19.178 - - [21/Jan/2026:08:02:21 +1100] "GET /wp-content/wpecbb39/index.php?id=634905 HTTP/1.1" 200 - "http://bintopia.com/wp-content/wpecbb39/index.php?id=634905" "Mozilla/5.0 (Windows NT 10.0; Win64; x64) AppleWebKit/537.36 (KHTML, like Gecko) Chrome/58.0.3029.110 Safari/537.3"
74.91.19.178 - - [21/Jan/2026:08:02:25 +1100] "GET /wp-content/x6bdeb8/index.php?id=525923 HTTP/1.1" 200 - "http://bintopia.com/wp-content/x6bdeb8/index.php?id=525923" "Mozilla/5.0 (Windows NT 10.0; Win64; x64) AppleWebKit/537.36 (KHTML, like Gecko) Chrome/58.0.3029.110 Safari/537.3"
74.91.19.178 - - [21/Jan/2026:08:02:25 +1100] "GET /wp-includes/br62166f/index.php?id=610185 HTTP/1.1" 200 - "http://bintopia.com/wp-includes/br62166f/index.php?id=610185" "Mozilla/5.0 (Windows NT 10.0; Win64; x64) AppleWebKit/537.36 (KHTML, like Gecko) Chrome/58.0.3029.110 Safari/537.3"
74.91.19.178 - - [21/Jan/2026:08:02:29 +1100] "GET /wp-content/bra80004/index.php?id=346077 HTTP/1.1" 200 - "http://bintopia.com/wp-content/bra80004/index.php?id=346077" "Mozilla/5.0 (Windows NT 10.0; Win64; x64) AppleWebKit/537.36 (KHTML, like Gecko) Chrome/58.0.3029.110 Safari/537.3"
74.91.19.178 - - [21/Jan/2026:08:02:51 +1100] "GET /wp-content/xf35b84/index.php?id=840119 HTTP/1.1" 200 - "http://bintopia.com/wp-content/xf35b84/index.php?id=840119" "Mozilla/5.0 (Windows NT 10.0; Win64; x64) AppleWebKit/537.36 (KHTML, like Gecko) Chrome/58.0.3029.110 Safari/537.3"
74.91.19.178 - - [21/Jan/2026:08:02:53 +1100] "GET /wp-content/wp56500d/index.php?id=565143 HTTP/1.1" 200 - "http://bintopia.com/wp-content/wp56500d/index.php?id=565143" "Mozilla/5.0 (Windows NT 10.0; Win64; x64) AppleWebKit/537.36 (KHTML, like Gecko) Chrome/58.0.3029.110 Safari/537.3"
74.91.19.178 - - [21/Jan/2026:08:02:53 +1100] "GET /wp-content/br07b0f3/index.php?id=450635 HTTP/1.1" 200 - "http://bintopia.com/wp-content/br07b0f3/index.php?id=450635" "Mozilla/5.0 (Windows NT 10.0; Win64; x64) AppleWebKit/537.36 (KHTML, like Gecko) Chrome/58.0.3029.110 Safari/537.3"
40.83.96.65 - - [21/Jan/2026:08:04:25 +1100] "GET //wp-content/plugins/fix/up.php HTTP/1.1" 200 - "-" "Mozilla/5.0 (Windows NT 10.0; Win64; x64) AppleWebKit/537.36 (KHTML, like Gecko) Chrome/85.0.4183.102 Safari/537.36"
74.91.19.178 - - [21/Jan/2026:08:02:59 +1100] "GET /wp-content/ad119a01/index.php?id=882412 HTTP/1.1" 200 - "http://bintopia.com/wp-content/ad119a01/index.php?id=882412" "Mozilla/5.0 (Windows NT 10.0; Win64; x64) AppleWebKit/537.36 (KHTML, like Gecko) Chrome/58.0.3029.110 Safari/537.3"
74.91.19.178 - - [21/Jan/2026:08:03:51 +1100] "GET /wp-content/wpecbb39/index.php?id=634905 HTTP/1.1" 200 - "http://bintopia.com/wp-content/wpecbb39/index.php?id=634905" "Mozilla/5.0 (Windows NT 10.0; Win64; x64) AppleWebKit/537.36 (KHTML, like Gecko) Chrome/58.0.3029.110 Safari/537.3"
74.91.19.178 - - [21/Jan/2026:08:03:56 +1100] "GET /wp-content/x6bdeb8/index.php?id=525923 HTTP/1.1" 200 - "http://bintopia.com/wp-content/x6bdeb8/index.php?id=525923" "Mozilla/5.0 (Windows NT 10.0; Win64; x64) AppleWebKit/537.36 (KHTML, like Gecko) Chrome/58.0.3029.110 Safari/537.3"
74.91.19.178 - - [21/Jan/2026:08:03:57 +1100] "GET /wp-includes/br62166f/index.php?id=610185 HTTP/1.1" 200 - "http://bintopia.com/wp-includes/br62166f/index.php?id=610185" "Mozilla/5.0 (Windows NT 10.0; Win64; x64) AppleWebKit/537.36 (KHTML, like Gecko) Chrome/58.0.3029.110 Safari/537.3"
74.91.19.178 - - [21/Jan/2026:08:03:59 +1100] "GET /wp-content/bra80004/index.php?id=346077 HTTP/1.1" 200 - "http://bintopia.com/wp-content/bra80004/index.php?id=346077" "Mozilla/5.0 (Windows NT 10.0; Win64; x64) AppleWebKit/537.36 (KHTML, like Gecko) Chrome/58.0.3029.110 Safari/537.3"
74.91.19.178 - - [21/Jan/2026:08:04:21 +1100] "GET /wp-content/xf35b84/index.php?id=840119 HTTP/1.1" 200 - "http://bintopia.com/wp-content/xf35b84/index.php?id=840119" "Mozilla/5.0 (Windows NT 10.0; Win64; x64) AppleWebKit/537.36 (KHTML, like Gecko) Chrome/58.0.3029.110 Safari/537.3"
74.91.19.178 - - [21/Jan/2026:08:04:24 +1100] "GET /wp-content/wp56500d/index.php?id=565143 HTTP/1.1" 200 - "http://bintopia.com/wp-content/wp56500d/index.php?id=565143" "Mozilla/5.0 (Windows NT 10.0; Win64; x64) AppleWebKit/537.36 (KHTML, like Gecko) Chrome/58.0.3029.110 Safari/537.3"
74.91.19.178 - - [21/Jan/2026:08:04:28 +1100] "GET /wp-content/ad119a01/index.php?id=882412 HTTP/1.1" 200 - "http://bintopia.com/wp-content/ad119a01/index.php?id=882412" "Mozilla/5.0 (Windows NT 10.0; Win64; x64) AppleWebKit/537.36 (KHTML, like Gecko) Chrome/58.0.3029.110 Safari/537.3"
74.91.19.178 - - [21/Jan/2026:08:04:24 +1100] "GET /wp-content/br07b0f3/index.php?id=450635 HTTP/1.1" 200 - "http://bintopia.com/wp-content/br07b0f3/index.php?id=450635" "Mozilla/5.0 (Windows NT 10.0; Win64; x64) AppleWebKit/537.36 (KHTML, like Gecko) Chrome/58.0.3029.110 Safari/537.3"
74.91.19.178 - - [21/Jan/2026:08:05:22 +1100] "GET /wp-content/wpecbb39/index.php?id=634905 HTTP/1.1" 200 - "http://bintopia.com/wp-content/wpecbb39/index.php?id=634905" "Mozilla/5.0 (Windows NT 10.0; Win64; x64) AppleWebKit/537.36 (KHTML, like Gecko) Chrome/58.0.3029.110 Safari/537.3"
74.91.19.178 - - [21/Jan/2026:08:05:29 +1100] "GET /wp-content/bra80004/index.php?id=346077 HTTP/1.1" 200 - "http://bintopia.com/wp-content/bra80004/index.php?id=346077" "Mozilla/5.0 (Windows NT 10.0; Win64; x64) AppleWebKit/537.36 (KHTML, like Gecko) Chrome/58.0.3029.110 Safari/537.3"
74.91.19.178 - - [21/Jan/2026:08:05:27 +1100] "GET /wp-content/x6bdeb8/index.php?id=525923 HTTP/1.1" 200 - "http://bintopia.com/wp-content/x6bdeb8/index.php?id=525923" "Mozilla/5.0 (Windows NT 10.0; Win64; x64) AppleWebKit/537.36 (KHTML, like Gecko) Chrome/58.0.3029.110 Safari/537.3"
74.91.19.178 - - [21/Jan/2026:08:05:29 +1100] "GET /wp-includes/br62166f/index.php?id=610185 HTTP/1.1" 200 - "http://bintopia.com/wp-includes/br62166f/index.php?id=610185" "Mozilla/5.0 (Windows NT 10.0; Win64; x64) AppleWebKit/537.36 (KHTML, like Gecko) Chrome/58.0.3029.110 Safari/537.3"
74.91.19.178 - - [21/Jan/2026:08:05:50 +1100] "GET /wp-content/xf35b84/index.php?id=840119 HTTP/1.1" 200 - "http://bintopia.com/wp-content/xf35b84/index.php?id=840119" "Mozilla/5.0 (Windows NT 10.0; Win64; x64) AppleWebKit/537.36 (KHTML, like Gecko) Chrome/58.0.3029.110 Safari/537.3"
74.91.19.178 - - [21/Jan/2026:08:05:54 +1100] "GET /wp-content/wp56500d/index.php?id=565143 HTTP/1.1" 200 - "http://bintopia.com/wp-content/wp56500d/index.php?id=565143" "Mozilla/5.0 (Windows NT 10.0; Win64; x64) AppleWebKit/537.36 (KHTML, like Gecko) Chrome/58.0.3029.110 Safari/537.3"
74.91.19.178 - - [21/Jan/2026:08:05:58 +1100] "GET /wp-content/ad119a01/index.php?id=882412 HTTP/1.1" 200 - "http://bintopia.com/wp-content/ad119a01/index.php?id=882412" "Mozilla/5.0 (Windows NT 10.0; Win64; x64) AppleWebKit/537.36 (KHTML, like Gecko) Chrome/58.0.3029.110 Safari/537.3"
74.91.19.178 - - [21/Jan/2026:08:06:00 +1100] "GET /wp-content/br07b0f3/index.php?id=450635 HTTP/1.1" 200 - "http://bintopia.com/wp-content/br07b0f3/index.php?id=450635" "Mozilla/5.0 (Windows NT 10.0; Win64; x64) AppleWebKit/537.36 (KHTML, like Gecko) Chrome/58.0.3029.110 Safari/537.3"
74.91.19.178 - - [21/Jan/2026:08:06:52 +1100] "GET /wp-content/wpecbb39/index.php?id=634905 HTTP/1.1" 200 - "http://bintopia.com/wp-content/wpecbb39/index.php?id=634905" "Mozilla/5.0 (Windows NT 10.0; Win64; x64) AppleWebKit/537.36 (KHTML, like Gecko) Chrome/58.0.3029.110 Safari/537.3"
74.91.19.178 - - [21/Jan/2026:08:06:59 +1100] "GET /wp-content/x6bdeb8/index.php?id=525923 HTTP/1.1" 200 - "http://bintopia.com/wp-content/x6bdeb8/index.php?id=525923" "Mozilla/5.0 (Windows NT 10.0; Win64; x64) AppleWebKit/537.36 (KHTML, like Gecko) Chrome/58.0.3029.110 Safari/537.3"
74.91.19.178 - - [21/Jan/2026:08:06:59 +1100] "GET /wp-content/bra80004/index.php?id=346077 HTTP/1.1" 200 - "http://bintopia.com/wp-content/bra80004/index.php?id=346077" "Mozilla/5.0 (Windows NT 10.0; Win64; x64) AppleWebKit/537.36 (KHTML, like Gecko) Chrome/58.0.3029.110 Safari/537.3"
74.91.19.178 - - [21/Jan/2026:08:07:01 +1100] "GET /wp-includes/br62166f/index.php?id=610185 HTTP/1.1" 200 - "http://bintopia.com/wp-includes/br62166f/index.php?id=610185" "Mozilla/5.0 (Windows NT 10.0; Win64; x64) AppleWebKit/537.36 (KHTML, like Gecko) Chrome/58.0.3029.110 Safari/537.3"
66.249.75.32 - - [21/Jan/2026:08:08:32 +1100] "GET /?g=2955117717429&channel=124e22&from=http://bintopia.com/goods.htm?fighting213034821.html HTTP/1.1" 200 151025 "-" "Mozilla/5.0 (Linux; Android 6.0.1; Nexus 5X Build/MMB29P) AppleWebKit/537.36 (KHTML, like Gecko) Chrome/143.0.7499.192 Mobile Safari/537.36 (compatible; GoogleOther)"
74.91.19.178 - - [21/Jan/2026:08:07:26 +1100] "GET /wp-content/wp56500d/index.php?id=565143 HTTP/1.1" 200 - "http://bintopia.com/wp-content/wp56500d/index.php?id=565143" "Mozilla/5.0 (Windows NT 10.0; Win64; x64) AppleWebKit/537.36 (KHTML, like Gecko) Chrome/58.0.3029.110 Safari/537.3"
74.91.19.178 - - [21/Jan/2026:08:07:24 +1100] "GET /wp-content/xf35b84/index.php?id=840119 HTTP/1.1" 200 - "http://bintopia.com/wp-content/xf35b84/index.php?id=840119" "Mozilla/5.0 (Windows NT 10.0; Win64; x64) AppleWebKit/537.36 (KHTML, like Gecko) Chrome/58.0.3029.110 Safari/537.3"
74.91.19.178 - - [21/Jan/2026:08:07:29 +1100] "GET /wp-content/ad119a01/index.php?id=882412 HTTP/1.1" 200 - "http://bintopia.com/wp-content/ad119a01/index.php?id=882412" "Mozilla/5.0 (Windows NT 10.0; Win64; x64) AppleWebKit/537.36 (KHTML, like Gecko) Chrome/58.0.3029.110 Safari/537.3"
74.91.19.178 - - [21/Jan/2026:08:07:34 +1100] "GET /wp-content/br07b0f3/index.php?id=450635 HTTP/1.1" 200 - "http://bintopia.com/wp-content/br07b0f3/index.php?id=450635" "Mozilla/5.0 (Windows NT 10.0; Win64; x64) AppleWebKit/537.36 (KHTML, like Gecko) Chrome/58.0.3029.110 Safari/537.3"
66.249.75.32 - - [21/Jan/2026:08:09:28 +1100] "GET /re286049572.html HTTP/1.1" 200 149185 "-" "Mozilla/5.0 (Linux; Android 6.0.1; Nexus 5X Build/MMB29P) AppleWebKit/537.36 (KHTML, like Gecko) Chrome/143.0.7499.192 Mobile Safari/537.36 (compatible; GoogleOther)"
74.91.19.178 - - [21/Jan/2026:08:08:24 +1100] "GET /wp-content/wpecbb39/index.php?id=634905 HTTP/1.1" 200 - "http://bintopia.com/wp-content/wpecbb39/index.php?id=634905" "Mozilla/5.0 (Windows NT 10.0; Win64; x64) AppleWebKit/537.36 (KHTML, like Gecko) Chrome/58.0.3029.110 Safari/537.3"
74.91.19.178 - - [21/Jan/2026:08:08:30 +1100] "GET /wp-content/bra80004/index.php?id=346077 HTTP/1.1" 200 - "http://bintopia.com/wp-content/bra80004/index.php?id=346077" "Mozilla/5.0 (Windows NT 10.0; Win64; x64) AppleWebKit/537.36 (KHTML, like Gecko) Chrome/58.0.3029.110 Safari/537.3"
74.91.19.178 - - [21/Jan/2026:08:08:30 +1100] "GET /wp-content/x6bdeb8/index.php?id=525923 HTTP/1.1" 200 - "http://bintopia.com/wp-content/x6bdeb8/index.php?id=525923" "Mozilla/5.0 (Windows NT 10.0; Win64; x64) AppleWebKit/537.36 (KHTML, like Gecko) Chrome/58.0.3029.110 Safari/537.3"
74.91.19.178 - - [21/Jan/2026:08:08:34 +1100] "GET /wp-includes/br62166f/index.php?id=610185 HTTP/1.1" 200 - "http://bintopia.com/wp-includes/br62166f/index.php?id=610185" "Mozilla/5.0 (Windows NT 10.0; Win64; x64) AppleWebKit/537.36 (KHTML, like Gecko) Chrome/58.0.3029.110 Safari/537.3"
74.91.19.178 - - [21/Jan/2026:08:08:56 +1100] "GET /wp-content/xf35b84/index.php?id=840119 HTTP/1.1" 200 - "http://bintopia.com/wp-content/xf35b84/index.php?id=840119" "Mozilla/5.0 (Windows NT 10.0; Win64; x64) AppleWebKit/537.36 (KHTML, like Gecko) Chrome/58.0.3029.110 Safari/537.3"
74.91.19.178 - - [21/Jan/2026:08:08:56 +1100] "GET /wp-content/wp56500d/index.php?id=565143 HTTP/1.1" 200 - "http://bintopia.com/wp-content/wp56500d/index.php?id=565143" "Mozilla/5.0 (Windows NT 10.0; Win64; x64) AppleWebKit/537.36 (KHTML, like Gecko) Chrome/58.0.3029.110 Safari/537.3"
74.91.19.178 - - [21/Jan/2026:08:08:59 +1100] "GET /wp-content/ad119a01/index.php?id=882412 HTTP/1.1" 200 - "http://bintopia.com/wp-content/ad119a01/index.php?id=882412" "Mozilla/5.0 (Windows NT 10.0; Win64; x64) AppleWebKit/537.36 (KHTML, like Gecko) Chrome/58.0.3029.110 Safari/537.3"
74.91.19.178 - - [21/Jan/2026:08:09:04 +1100] "GET /wp-content/br07b0f3/index.php?id=450635 HTTP/1.1" 200 - "http://bintopia.com/wp-content/br07b0f3/index.php?id=450635" "Mozilla/5.0 (Windows NT 10.0; Win64; x64) AppleWebKit/537.36 (KHTML, like Gecko) Chrome/58.0.3029.110 Safari/537.3"
74.91.19.178 - - [21/Jan/2026:08:09:54 +1100] "GET /wp-content/wpecbb39/index.php?id=634905 HTTP/1.1" 200 - "http://bintopia.com/wp-content/wpecbb39/index.php?id=634905" "Mozilla/5.0 (Windows NT 10.0; Win64; x64) AppleWebKit/537.36 (KHTML, like Gecko) Chrome/58.0.3029.110 Safari/537.3"
74.91.19.178 - - [21/Jan/2026:08:09:59 +1100] "GET /wp-content/bra80004/index.php?id=346077 HTTP/1.1" 200 - "http://bintopia.com/wp-content/bra80004/index.php?id=346077" "Mozilla/5.0 (Windows NT 10.0; Win64; x64) AppleWebKit/537.36 (KHTML, like Gecko) Chrome/58.0.3029.110 Safari/537.3"
74.91.19.178 - - [21/Jan/2026:08:10:00 +1100] "GET /wp-content/x6bdeb8/index.php?id=525923 HTTP/1.1" 200 - "http://bintopia.com/wp-content/x6bdeb8/index.php?id=525923" "Mozilla/5.0 (Windows NT 10.0; Win64; x64) AppleWebKit/537.36 (KHTML, like Gecko) Chrome/58.0.3029.110 Safari/537.3"
74.91.19.178 - - [21/Jan/2026:08:10:04 +1100] "GET /wp-includes/br62166f/index.php?id=610185 HTTP/1.1" 200 - "http://bintopia.com/wp-includes/br62166f/index.php?id=610185" "Mozilla/5.0 (Windows NT 10.0; Win64; x64) AppleWebKit/537.36 (KHTML, like Gecko) Chrome/58.0.3029.110 Safari/537.3"
74.91.19.178 - - [21/Jan/2026:08:10:29 +1100] "GET /wp-content/wp56500d/index.php?id=565143 HTTP/1.1" 200 - "http://bintopia.com/wp-content/wp56500d/index.php?id=565143" "Mozilla/5.0 (Windows NT 10.0; Win64; x64) AppleWebKit/537.36 (KHTML, like Gecko) Chrome/58.0.3029.110 Safari/537.3"
74.91.19.178 - - [21/Jan/2026:08:10:30 +1100] "GET /wp-content/ad119a01/index.php?id=882412 HTTP/1.1" 200 - "http://bintopia.com/wp-content/ad119a01/index.php?id=882412" "Mozilla/5.0 (Windows NT 10.0; Win64; x64) AppleWebKit/537.36 (KHTML, like Gecko) Chrome/58.0.3029.110 Safari/537.3"
74.91.19.178 - - [21/Jan/2026:08:10:29 +1100] "GET /wp-content/xf35b84/index.php?id=840119 HTTP/1.1" 200 - "http://bintopia.com/wp-content/xf35b84/index.php?id=840119" "Mozilla/5.0 (Windows NT 10.0; Win64; x64) AppleWebKit/537.36 (KHTML, like Gecko) Chrome/58.0.3029.110 Safari/537.3"
74.91.19.178 - - [21/Jan/2026:08:10:36 +1100] "GET /wp-content/br07b0f3/index.php?id=450635 HTTP/1.1" 200 - "http://bintopia.com/wp-content/br07b0f3/index.php?id=450635" "Mozilla/5.0 (Windows NT 10.0; Win64; x64) AppleWebKit/537.36 (KHTML, like Gecko) Chrome/58.0.3029.110 Safari/537.3"
91.134.157.203 - - [21/Jan/2026:08:12:29 +1100] "GET /p HTTP/1.1" 301 270 "-" "Mozilla/5.0 (iPhone; CPU iPhone OS 18_1_1 like Mac OS X) AppleWebKit/605.1.15 (KHTML, like Gecko) Version/18.1.1 Mobile/15E148 Safari/604.1"
51.89.255.22 - - [21/Jan/2026:08:12:31 +1100] "GET /p/ HTTP/1.1" 200 13768 "-" "Mozilla/5.0 (iPhone; CPU iPhone OS 18_1_1 like Mac OS X) AppleWebKit/605.1.15 (KHTML, like Gecko) Version/18.1.1 Mobile/15E148 Safari/604.1"
74.91.19.178 - - [21/Jan/2026:08:11:26 +1100] "GET /wp-content/wpecbb39/index.php?id=634905 HTTP/1.1" 200 - "http://bintopia.com/wp-content/wpecbb39/index.php?id=634905" "Mozilla/5.0 (Windows NT 10.0; Win64; x64) AppleWebKit/537.36 (KHTML, like Gecko) Chrome/58.0.3029.110 Safari/537.3"
74.91.19.178 - - [21/Jan/2026:08:11:30 +1100] "GET /wp-content/x6bdeb8/index.php?id=525923 HTTP/1.1" 200 - "http://bintopia.com/wp-content/x6bdeb8/index.php?id=525923" "Mozilla/5.0 (Windows NT 10.0; Win64; x64) AppleWebKit/537.36 (KHTML, like Gecko) Chrome/58.0.3029.110 Safari/537.3"
74.91.19.178 - - [21/Jan/2026:08:11:34 +1100] "GET /wp-includes/br62166f/index.php?id=610185 HTTP/1.1" 200 - "http://bintopia.com/wp-includes/br62166f/index.php?id=610185" "Mozilla/5.0 (Windows NT 10.0; Win64; x64) AppleWebKit/537.36 (KHTML, like Gecko) Chrome/58.0.3029.110 Safari/537.3"
74.91.19.178 - - [21/Jan/2026:08:11:30 +1100] "GET /wp-content/bra80004/index.php?id=346077 HTTP/1.1" 200 - "http://bintopia.com/wp-content/bra80004/index.php?id=346077" "Mozilla/5.0 (Windows NT 10.0; Win64; x64) AppleWebKit/537.36 (KHTML, like Gecko) Chrome/58.0.3029.110 Safari/537.3"
66.249.75.32 - - [21/Jan/2026:08:13:13 +1100] "GET /nation129004909.html HTTP/1.1" 200 148828 "-" "Mozilla/5.0 (Linux; Android 6.0.1; Nexus 5X Build/MMB29P) AppleWebKit/537.36 (KHTML, like Gecko) Chrome/143.0.7499.192 Mobile Safari/537.36 (compatible; GoogleOther)"
74.91.19.178 - - [21/Jan/2026:08:11:59 +1100] "GET /wp-content/wp56500d/index.php?id=565143 HTTP/1.1" 200 - "http://bintopia.com/wp-content/wp56500d/index.php?id=565143" "Mozilla/5.0 (Windows NT 10.0; Win64; x64) AppleWebKit/537.36 (KHTML, like Gecko) Chrome/58.0.3029.110 Safari/537.3"
74.91.19.178 - - [21/Jan/2026:08:12:00 +1100] "GET /wp-content/ad119a01/index.php?id=882412 HTTP/1.1" 200 - "http://bintopia.com/wp-content/ad119a01/index.php?id=882412" "Mozilla/5.0 (Windows NT 10.0; Win64; x64) AppleWebKit/537.36 (KHTML, like Gecko) Chrome/58.0.3029.110 Safari/537.3"
74.91.19.178 - - [21/Jan/2026:08:12:01 +1100] "GET /wp-content/xf35b84/index.php?id=840119 HTTP/1.1" 200 - "http://bintopia.com/wp-content/xf35b84/index.php?id=840119" "Mozilla/5.0 (Windows NT 10.0; Win64; x64) AppleWebKit/537.36 (KHTML, like Gecko) Chrome/58.0.3029.110 Safari/537.3"
42.49.240.98 - - [21/Jan/2026:08:13:32 +1100] "GET / HTTP/1.1" 200 - "http://bintopia.com/" "User-Agent:Mozilla/5.0 (Windows NT 6.1; WOW64) AppleWebKit/537.36 (KHTML, like Gecko) Chrome/50.0.2661.102 Safari/537.36"
74.91.19.178 - - [21/Jan/2026:08:12:06 +1100] "GET /wp-content/br07b0f3/index.php?id=450635 HTTP/1.1" 200 - "http://bintopia.com/wp-content/br07b0f3/index.php?id=450635" "Mozilla/5.0 (Windows NT 10.0; Win64; x64) AppleWebKit/537.36 (KHTML, like Gecko) Chrome/58.0.3029.110 Safari/537.3"
216.73.216.97 - - [21/Jan/2026:08:13:56 +1100] "GET /robots.txt HTTP/1.1" 200 955 "-" "Mozilla/5.0 AppleWebKit/537.36 (KHTML, like Gecko; compatible; ClaudeBot/1.0; +claudebot@anthropic.com)"
216.73.216.97 - - [21/Jan/2026:08:13:57 +1100] "GET /b8d104/?path=%2F%2Fdev HTTP/1.1" 200 14308 "-" "Mozilla/5.0 AppleWebKit/537.36 (KHTML, like Gecko; compatible; ClaudeBot/1.0; +claudebot@anthropic.com)"
216.73.216.97 - - [21/Jan/2026:08:13:57 +1100] "GET /wp-content/pl7553e7/fed HTTP/1.1" 200 24263 "-" "Mozilla/5.0 AppleWebKit/537.36 (KHTML, like Gecko; compatible; ClaudeBot/1.0; +claudebot@anthropic.com)"
216.73.216.97 - - [21/Jan/2026:08:13:58 +1100] "GET /b8d104/?path=%2F%2Fscripts HTTP/1.1" 200 321767 "-" "Mozilla/5.0 AppleWebKit/537.36 (KHTML, like Gecko; compatible; ClaudeBot/1.0; +claudebot@anthropic.com)"
216.73.216.97 - - [21/Jan/2026:08:13:58 +1100] "GET /wp-content/wpe80164/edit.php HTTP/1.1" 200 6 "-" "Mozilla/5.0 AppleWebKit/537.36 (KHTML, like Gecko; compatible; ClaudeBot/1.0; +claudebot@anthropic.com)"
216.73.216.97 - - [21/Jan/2026:08:13:59 +1100] "GET /wp-content/qq16f793/edit.php HTTP/1.1" 200 6 "-" "Mozilla/5.0 AppleWebKit/537.36 (KHTML, like Gecko; compatible; ClaudeBot/1.0; +claudebot@anthropic.com)"
216.73.216.97 - - [21/Jan/2026:08:14:01 +1100] "GET /wp-content/qq7447d7/edit.php HTTP/1.1" 200 6 "-" "Mozilla/5.0 AppleWebKit/537.36 (KHTML, like Gecko; compatible; ClaudeBot/1.0; +claudebot@anthropic.com)"
216.73.216.97 - - [21/Jan/2026:08:14:01 +1100] "GET /wp-content/pldf6d70/edit.php HTTP/1.1" 200 6 "-" "Mozilla/5.0 AppleWebKit/537.36 (KHTML, like Gecko; compatible; ClaudeBot/1.0; +claudebot@anthropic.com)"
216.73.216.97 - - [21/Jan/2026:08:14:03 +1100] "GET /wp-content/js886b73/edit.php HTTP/1.1" 200 6 "-" "Mozilla/5.0 AppleWebKit/537.36 (KHTML, like Gecko; compatible; ClaudeBot/1.0; +claudebot@anthropic.com)"
216.73.216.97 - - [21/Jan/2026:08:14:03 +1100] "GET /wp-content/pl7553e7/edit.php HTTP/1.1" 200 6 "-" "Mozilla/5.0 AppleWebKit/537.36 (KHTML, like Gecko; compatible; ClaudeBot/1.0; +claudebot@anthropic.com)"
216.73.216.97 - - [21/Jan/2026:08:14:06 +1100] "GET /b8d104/?path=%2F%2Fusr HTTP/1.1" 200 10998 "-" "Mozilla/5.0 AppleWebKit/537.36 (KHTML, like Gecko; compatible; ClaudeBot/1.0; +claudebot@anthropic.com)"
216.73.216.97 - - [21/Jan/2026:08:14:05 +1100] "GET /wp-content/wp0531fd/edit.php HTTP/1.1" 200 6 "-" "Mozilla/5.0 AppleWebKit/537.36 (KHTML, like Gecko; compatible; ClaudeBot/1.0; +claudebot@anthropic.com)"
216.73.216.97 - - [21/Jan/2026:08:14:06 +1100] "GET /b8d104/?path=%2F%2Fboot HTTP/1.1" 200 32014 "-" "Mozilla/5.0 AppleWebKit/537.36 (KHTML, like Gecko; compatible; ClaudeBot/1.0; +claudebot@anthropic.com)"
216.73.216.97 - - [21/Jan/2026:08:14:07 +1100] "GET /wp-content/qq7447d7/b5b HTTP/1.1" 200 24263 "-" "Mozilla/5.0 AppleWebKit/537.36 (KHTML, like Gecko; compatible; ClaudeBot/1.0; +claudebot@anthropic.com)"
216.73.216.97 - - [21/Jan/2026:08:14:07 +1100] "GET /b8d104/?path=%2Fhome%2Fbintopia%2F.wp-cli HTTP/1.1" 200 3197 "-" "Mozilla/5.0 AppleWebKit/537.36 (KHTML, like Gecko; compatible; ClaudeBot/1.0; +claudebot@anthropic.com)"
216.73.216.97 - - [21/Jan/2026:08:14:08 +1100] "GET /b8d104/?path=%2F%2Froot HTTP/1.1" 200 2465 "-" "Mozilla/5.0 AppleWebKit/537.36 (KHTML, like Gecko; compatible; ClaudeBot/1.0; +claudebot@anthropic.com)"
216.73.216.97 - - [21/Jan/2026:08:14:08 +1100] "GET /b8d104/?path=%2F%2Fsys HTTP/1.1" 200 8643 "-" "Mozilla/5.0 AppleWebKit/537.36 (KHTML, like Gecko; compatible; ClaudeBot/1.0; +claudebot@anthropic.com)"
216.73.216.97 - - [21/Jan/2026:08:14:09 +1100] "GET /wp-content/pldf6d70/e24 HTTP/1.1" 200 24263 "-" "Mozilla/5.0 AppleWebKit/537.36 (KHTML, like Gecko; compatible; ClaudeBot/1.0; +claudebot@anthropic.com)"
216.73.216.97 - - [21/Jan/2026:08:14:09 +1100] "GET /wp-content/js886b73/cc7 HTTP/1.1" 200 24263 "-" "Mozilla/5.0 AppleWebKit/537.36 (KHTML, like Gecko; compatible; ClaudeBot/1.0; +claudebot@anthropic.com)"
216.73.216.97 - - [21/Jan/2026:08:14:09 +1100] "GET /b8d104/?path=%2F%2Ftmp HTTP/1.1" 200 650785 "-" "Mozilla/5.0 AppleWebKit/537.36 (KHTML, like Gecko; compatible; ClaudeBot/1.0; +claudebot@anthropic.com)"
216.73.216.97 - - [21/Jan/2026:08:14:10 +1100] "GET /wp-content/wp0531fd/089 HTTP/1.1" 200 24263 "-" "Mozilla/5.0 AppleWebKit/537.36 (KHTML, like Gecko; compatible; ClaudeBot/1.0; +claudebot@anthropic.com)"
216.73.216.97 - - [21/Jan/2026:08:14:11 +1100] "GET /b8d104/?path=%2F%2Fbackup HTTP/1.1" 200 2469 "-" "Mozilla/5.0 AppleWebKit/537.36 (KHTML, like Gecko; compatible; ClaudeBot/1.0; +claudebot@anthropic.com)"
216.73.216.97 - - [21/Jan/2026:08:14:12 +1100] "GET /b8d104/?path=%2F%2Frun HTTP/1.1" 200 80329 "-" "Mozilla/5.0 AppleWebKit/537.36 (KHTML, like Gecko; compatible; ClaudeBot/1.0; +claudebot@anthropic.com)"
216.73.216.97 - - [21/Jan/2026:08:14:12 +1100] "GET /b8d104/?path=%2Fhome%2Fbintopia%2Ftmp HTTP/1.1" 200 5785 "-" "Mozilla/5.0 AppleWebKit/537.36 (KHTML, like Gecko; compatible; ClaudeBot/1.0; +claudebot@anthropic.com)"
216.73.216.97 - - [21/Jan/2026:08:14:13 +1100] "GET /b8d104/?path=%2F%2Fopt HTTP/1.1" 200 15700 "-" "Mozilla/5.0 AppleWebKit/537.36 (KHTML, like Gecko; compatible; ClaudeBot/1.0; +claudebot@anthropic.com)"
216.73.216.97 - - [21/Jan/2026:08:14:13 +1100] "GET /b8d104/?path=%2Fhome%2Fbintopia%2Fwordpress-backups HTTP/1.1" 200 3422 "-" "Mozilla/5.0 AppleWebKit/537.36 (KHTML, like Gecko; compatible; ClaudeBot/1.0; +claudebot@anthropic.com)"
216.73.216.97 - - [21/Jan/2026:08:14:13 +1100] "GET /wp-content/qq16f793/29b HTTP/1.1" 200 24263 "-" "Mozilla/5.0 AppleWebKit/537.36 (KHTML, like Gecko; compatible; ClaudeBot/1.0; +claudebot@anthropic.com)"
216.73.216.97 - - [21/Jan/2026:08:14:12 +1100] "GET /b8d104/?path=%2F%2Fbin HTTP/1.1" 200 813706 "-" "Mozilla/5.0 AppleWebKit/537.36 (KHTML, like Gecko; compatible; ClaudeBot/1.0; +claudebot@anthropic.com)"
216.73.216.97 - - [21/Jan/2026:08:14:13 +1100] "GET /b8d104/?path=%2Fhome%2Fbintopia%2Fcache HTTP/1.1" 200 15787 "-" "Mozilla/5.0 AppleWebKit/537.36 (KHTML, like Gecko; compatible; ClaudeBot/1.0; +claudebot@anthropic.com)"
216.73.216.97 - - [21/Jan/2026:08:14:14 +1100] "GET /wp-content/wpe80164/fa0 HTTP/1.1" 200 24263 "-" "Mozilla/5.0 AppleWebKit/537.36 (KHTML, like Gecko; compatible; ClaudeBot/1.0; +claudebot@anthropic.com)"
216.73.216.97 - - [21/Jan/2026:08:14:14 +1100] "GET /b8d104/?path=%2F%2Fproc HTTP/1.1" 200 169823 "-" "Mozilla/5.0 AppleWebKit/537.36 (KHTML, like Gecko; compatible; ClaudeBot/1.0; +claudebot@anthropic.com)"
74.91.19.178 - - [21/Jan/2026:08:12:55 +1100] "GET /wp-content/wpecbb39/index.php?id=634905 HTTP/1.1" 200 - "http://bintopia.com/wp-content/wpecbb39/index.php?id=634905" "Mozilla/5.0 (Windows NT 10.0; Win64; x64) AppleWebKit/537.36 (KHTML, like Gecko) Chrome/58.0.3029.110 Safari/537.3"
74.91.19.178 - - [21/Jan/2026:08:13:00 +1100] "GET /wp-content/x6bdeb8/index.php?id=525923 HTTP/1.1" 200 - "http://bintopia.com/wp-content/x6bdeb8/index.php?id=525923" "Mozilla/5.0 (Windows NT 10.0; Win64; x64) AppleWebKit/537.36 (KHTML, like Gecko) Chrome/58.0.3029.110 Safari/537.3"
74.91.19.178 - - [21/Jan/2026:08:13:03 +1100] "GET /wp-includes/br62166f/index.php?id=610185 HTTP/1.1" 200 - "http://bintopia.com/wp-includes/br62166f/index.php?id=610185" "Mozilla/5.0 (Windows NT 10.0; Win64; x64) AppleWebKit/537.36 (KHTML, like Gecko) Chrome/58.0.3029.110 Safari/537.3"
74.91.19.178 - - [21/Jan/2026:08:13:13 +1100] "GET /wp-content/bra80004/index.php?id=346077 HTTP/1.1" 200 - "http://bintopia.com/wp-content/bra80004/index.php?id=346077" "Mozilla/5.0 (Windows NT 10.0; Win64; x64) AppleWebKit/537.36 (KHTML, like Gecko) Chrome/58.0.3029.110 Safari/537.3"
74.91.19.178 - - [21/Jan/2026:08:13:31 +1100] "GET /wp-content/ad119a01/index.php?id=882412 HTTP/1.1" 200 - "http://bintopia.com/wp-content/ad119a01/index.php?id=882412" "Mozilla/5.0 (Windows NT 10.0; Win64; x64) AppleWebKit/537.36 (KHTML, like Gecko) Chrome/58.0.3029.110 Safari/537.3"
74.91.19.178 - - [21/Jan/2026:08:13:31 +1100] "GET /wp-content/xf35b84/index.php?id=840119 HTTP/1.1" 200 - "http://bintopia.com/wp-content/xf35b84/index.php?id=840119" "Mozilla/5.0 (Windows NT 10.0; Win64; x64) AppleWebKit/537.36 (KHTML, like Gecko) Chrome/58.0.3029.110 Safari/537.3"
74.91.19.178 - - [21/Jan/2026:08:13:29 +1100] "GET /wp-content/wp56500d/index.php?id=565143 HTTP/1.1" 200 - "http://bintopia.com/wp-content/wp56500d/index.php?id=565143" "Mozilla/5.0 (Windows NT 10.0; Win64; x64) AppleWebKit/537.36 (KHTML, like Gecko) Chrome/58.0.3029.110 Safari/537.3"
74.91.19.178 - - [21/Jan/2026:08:13:35 +1100] "GET /wp-content/br07b0f3/index.php?id=450635 HTTP/1.1" 200 - "http://bintopia.com/wp-content/br07b0f3/index.php?id=450635" "Mozilla/5.0 (Windows NT 10.0; Win64; x64) AppleWebKit/537.36 (KHTML, like Gecko) Chrome/58.0.3029.110 Safari/537.3"
216.73.216.97 - - [21/Jan/2026:08:15:23 +1100] "GET /b8d104/?path=%2F%2Flost+found HTTP/1.1" 200 2477 "-" "Mozilla/5.0 AppleWebKit/537.36 (KHTML, like Gecko; compatible; ClaudeBot/1.0; +claudebot@anthropic.com)"
216.73.216.97 - - [21/Jan/2026:08:15:23 +1100] "GET /b8d104/?path=%2F%2Fmnt HTTP/1.1" 200 2463 "-" "Mozilla/5.0 AppleWebKit/537.36 (KHTML, like Gecko; compatible; ClaudeBot/1.0; +claudebot@anthropic.com)"
216.73.216.97 - - [21/Jan/2026:08:15:23 +1100] "GET /b8d104/?path=%2F%2Flib HTTP/1.1" 200 109653 "-" "Mozilla/5.0 AppleWebKit/537.36 (KHTML, like Gecko; compatible; ClaudeBot/1.0; +claudebot@anthropic.com)"
216.73.216.97 - - [21/Jan/2026:08:15:23 +1100] "GET /b8d104/?path=%2F%2Fvar HTTP/1.1" 200 18256 "-" "Mozilla/5.0 AppleWebKit/537.36 (KHTML, like Gecko; compatible; ClaudeBot/1.0; +claudebot@anthropic.com)"
216.73.216.97 - - [21/Jan/2026:08:15:23 +1100] "GET /b8d104/?path=%2Fhome%2Fbintopia%2Fpublic_html%2Fwp-includes HTTP/1.1" 200 28035 "-" "Mozilla/5.0 AppleWebKit/537.36 (KHTML, like Gecko; compatible; ClaudeBot/1.0; +claudebot@anthropic.com)"
216.73.216.97 - - [21/Jan/2026:08:15:24 +1100] "GET /b8d104/?path=%2F%2Fsrv HTTP/1.1" 200 2463 "-" "Mozilla/5.0 AppleWebKit/537.36 (KHTML, like Gecko; compatible; ClaudeBot/1.0; +claudebot@anthropic.com)"
216.73.216.97 - - [21/Jan/2026:08:15:24 +1100] "GET /b8d104/?path=%2Fhome%2Fbintopia%2Fwp-includes HTTP/1.1" 200 2567 "-" "Mozilla/5.0 AppleWebKit/537.36 (KHTML, like Gecko; compatible; ClaudeBot/1.0; +claudebot@anthropic.com)"
216.73.216.97 - - [21/Jan/2026:08:15:23 +1100] "GET /b8d104/?path=%2F%2Fetc HTTP/1.1" 200 253381 "-" "Mozilla/5.0 AppleWebKit/537.36 (KHTML, like Gecko; compatible; ClaudeBot/1.0; +claudebot@anthropic.com)"
216.73.216.97 - - [21/Jan/2026:08:15:24 +1100] "GET /b8d104/?path=%2Fhome%2Fbintopia%2Fwp-admin HTTP/1.1" 200 2561 "-" "Mozilla/5.0 AppleWebKit/537.36 (KHTML, like Gecko; compatible; ClaudeBot/1.0; +claudebot@anthropic.com)"
216.73.216.97 - - [21/Jan/2026:08:15:24 +1100] "GET /b8d104/?path=%2F%2Fsbin HTTP/1.1" 200 379086 "-" "Mozilla/5.0 AppleWebKit/537.36 (KHTML, like Gecko; compatible; ClaudeBot/1.0; +claudebot@anthropic.com)"
216.73.216.97 - - [21/Jan/2026:08:15:38 +1100] "GET /b8d104/?path=%2Fhome%2Fbintopia%2Fmail HTTP/1.1" 200 18042 "-" "Mozilla/5.0 AppleWebKit/537.36 (KHTML, like Gecko; compatible; ClaudeBot/1.0; +claudebot@anthropic.com)"
216.73.216.97 - - [21/Jan/2026:08:15:38 +1100] "GET /b8d104/?path=%2Fhome%2Fbintopia%2Fetc HTTP/1.1" 200 5397 "-" "Mozilla/5.0 AppleWebKit/537.36 (KHTML, like Gecko; compatible; ClaudeBot/1.0; +claudebot@anthropic.com)"
216.73.216.97 - - [21/Jan/2026:08:15:38 +1100] "GET /b8d104/?path=%2Fhome%2Fbintopia%2Fpublic_html%2Fwp-content HTTP/1.1" 200 19590 "-" "Mozilla/5.0 AppleWebKit/537.36 (KHTML, like Gecko; compatible; ClaudeBot/1.0; +claudebot@anthropic.com)"
216.73.216.97 - - [21/Jan/2026:08:15:38 +1100] "GET /b8d104/?path=%2Fhome%2Fbintopia%2Flogs HTTP/1.1" 200 8849 "-" "Mozilla/5.0 AppleWebKit/537.36 (KHTML, like Gecko; compatible; ClaudeBot/1.0; +claudebot@anthropic.com)"
216.73.216.97 - - [21/Jan/2026:08:15:38 +1100] "GET /b8d104/?filesrc=%2F%2Ferror_log&path=%2F HTTP/1.1" 200 45753 "-" "Mozilla/5.0 AppleWebKit/537.36 (KHTML, like Gecko; compatible; ClaudeBot/1.0; +claudebot@anthropic.com)"
216.73.216.97 - - [21/Jan/2026:08:15:39 +1100] "GET /b8d104/?path=%2Fhome%2Fbintopia%2F.cphorde HTTP/1.1" 200 5315 "-" "Mozilla/5.0 AppleWebKit/537.36 (KHTML, like Gecko; compatible; ClaudeBot/1.0; +claudebot@anthropic.com)"
216.73.216.97 - - [21/Jan/2026:08:15:39 +1100] "GET /b8d104/?path=%2Fhome%2Fbintopia%2F.analytic HTTP/1.1" 200 4067 "-" "Mozilla/5.0 AppleWebKit/537.36 (KHTML, like Gecko; compatible; ClaudeBot/1.0; +claudebot@anthropic.com)"
216.73.216.97 - - [21/Jan/2026:08:15:39 +1100] "GET /b8d104/?path=%2Fhome%2Fbintopia%2F.koality HTTP/1.1" 200 2561 "-" "Mozilla/5.0 AppleWebKit/537.36 (KHTML, like Gecko; compatible; ClaudeBot/1.0; +claudebot@anthropic.com)"
216.73.216.97 - - [21/Jan/2026:08:15:39 +1100] "GET /b8d104/?path=%2Fhome%2Fbintopia%2Fssl HTTP/1.1" 200 6631 "-" "Mozilla/5.0 AppleWebKit/537.36 (KHTML, like Gecko; compatible; ClaudeBot/1.0; +claudebot@anthropic.com)"
216.73.216.97 - - [21/Jan/2026:08:15:39 +1100] "GET /b8d104/?path=%2F%2Flib64 HTTP/1.1" 200 794522 "-" "Mozilla/5.0 AppleWebKit/537.36 (KHTML, like Gecko; compatible; ClaudeBot/1.0; +claudebot@anthropic.com)"
216.73.216.97 - - [21/Jan/2026:08:15:44 +1100] "GET /b8d104/?path=%2Fhome%2Fbintopia%2Fpublic_html%2Fh HTTP/1.1" 200 10673 "-" "Mozilla/5.0 AppleWebKit/537.36 (KHTML, like Gecko; compatible; ClaudeBot/1.0; +claudebot@anthropic.com)"
216.73.216.97 - - [21/Jan/2026:08:15:44 +1100] "GET /b8d104/?path=%2Fhome%2Fbintopia%2F.htpasswds HTTP/1.1" 200 3236 "-" "Mozilla/5.0 AppleWebKit/537.36 (KHTML, like Gecko; compatible; ClaudeBot/1.0; +claudebot@anthropic.com)"
216.73.216.97 - - [21/Jan/2026:08:15:44 +1100] "GET /b8d104/?path=%2F%2Fhome HTTP/1.1" 200 2465 "-" "Mozilla/5.0 AppleWebKit/537.36 (KHTML, like Gecko; compatible; ClaudeBot/1.0; +claudebot@anthropic.com)"
216.73.216.97 - - [21/Jan/2026:08:15:44 +1100] "GET /b8d104/?path=%2Fhome%2Fbintopia%2F.cpanel HTTP/1.1" 200 10896 "-" "Mozilla/5.0 AppleWebKit/537.36 (KHTML, like Gecko; compatible; ClaudeBot/1.0; +claudebot@anthropic.com)"
216.73.216.97 - - [21/Jan/2026:08:15:44 +1100] "GET /b8d104/?path=%2Fhome%2Fbintopia%2Fpublic_html%2Fp HTTP/1.1" 200 10673 "-" "Mozilla/5.0 AppleWebKit/537.36 (KHTML, like Gecko; compatible; ClaudeBot/1.0; +claudebot@anthropic.com)"
216.73.216.97 - - [21/Jan/2026:08:15:45 +1100] "GET /b8d104/?path=%2F%2Fmedia HTTP/1.1" 200 2467 "-" "Mozilla/5.0 AppleWebKit/537.36 (KHTML, like Gecko; compatible; ClaudeBot/1.0; +claudebot@anthropic.com)"
216.73.216.97 - - [21/Jan/2026:08:15:45 +1100] "GET /b8d104/?path=%2Fhome%2Fbintopia%2F.cpaddons HTTP/1.1" 200 3227 "-" "Mozilla/5.0 AppleWebKit/537.36 (KHTML, like Gecko; compatible; ClaudeBot/1.0; +claudebot@anthropic.com)"
216.73.216.97 - - [21/Jan/2026:08:15:45 +1100] "GET /b8d104/?path=%2Fhome%2Fbintopia%2Faccess-logs HTTP/1.1" 200 5633 "-" "Mozilla/5.0 AppleWebKit/537.36 (KHTML, like Gecko; compatible; ClaudeBot/1.0; +claudebot@anthropic.com)"
216.73.216.97 - - [21/Jan/2026:08:15:45 +1100] "GET /b8d104/?path=%2Fhome%2Fbintopia%2F.trash HTTP/1.1" 200 44526 "-" "Mozilla/5.0 AppleWebKit/537.36 (KHTML, like Gecko; compatible; ClaudeBot/1.0; +claudebot@anthropic.com)"
216.73.216.97 - - [21/Jan/2026:08:15:45 +1100] "GET /b8d104/?filesrc=%2Fhome%2Fbintopia%2Fpublic_html%2Fadmin.php&path=%2Fhome%2Fbintopia%2Fpublic_html HTTP/1.1" 200 2302 "-" "Mozilla/5.0 AppleWebKit/537.36 (KHTML, like Gecko; compatible; ClaudeBot/1.0; +claudebot@anthropic.com)"
74.91.19.178 - - [21/Jan/2026:08:14:28 +1100] "GET /wp-content/wpecbb39/index.php?id=634905 HTTP/1.1" 200 - "http://bintopia.com/wp-content/wpecbb39/index.php?id=634905" "Mozilla/5.0 (Windows NT 10.0; Win64; x64) AppleWebKit/537.36 (KHTML, like Gecko) Chrome/58.0.3029.110 Safari/537.3"
66.249.75.45 - - [21/Jan/2026:08:15:57 +1100] "GET /?g=2955117717429&channel=124e22&from=http://bintopia.com/goods.htm?tool102039052.html HTTP/1.1" 200 167746 "-" "Mozilla/5.0 (Linux; Android 6.0.1; Nexus 5X Build/MMB29P) AppleWebKit/537.36 (KHTML, like Gecko) Chrome/143.0.7499.192 Mobile Safari/537.36 (compatible; GoogleOther)"
74.91.19.178 - - [21/Jan/2026:08:14:34 +1100] "GET /wp-content/x6bdeb8/index.php?id=525923 HTTP/1.1" 200 - "http://bintopia.com/wp-content/x6bdeb8/index.php?id=525923" "Mozilla/5.0 (Windows NT 10.0; Win64; x64) AppleWebKit/537.36 (KHTML, like Gecko) Chrome/58.0.3029.110 Safari/537.3"
74.91.19.178 - - [21/Jan/2026:08:14:39 +1100] "GET /wp-includes/br62166f/index.php?id=610185 HTTP/1.1" 200 - "http://bintopia.com/wp-includes/br62166f/index.php?id=610185" "Mozilla/5.0 (Windows NT 10.0; Win64; x64) AppleWebKit/537.36 (KHTML, like Gecko) Chrome/58.0.3029.110 Safari/537.3"
74.91.19.178 - - [21/Jan/2026:08:14:42 +1100] "GET /wp-content/bra80004/index.php?id=346077 HTTP/1.1" 200 - "http://bintopia.com/wp-content/bra80004/index.php?id=346077" "Mozilla/5.0 (Windows NT 10.0; Win64; x64) AppleWebKit/537.36 (KHTML, like Gecko) Chrome/58.0.3029.110 Safari/537.3"
74.91.19.178 - - [21/Jan/2026:08:14:59 +1100] "GET /wp-content/ad119a01/index.php?id=882412 HTTP/1.1" 200 - "http://bintopia.com/wp-content/ad119a01/index.php?id=882412" "Mozilla/5.0 (Windows NT 10.0; Win64; x64) AppleWebKit/537.36 (KHTML, like Gecko) Chrome/58.0.3029.110 Safari/537.3"
74.91.19.178 - - [21/Jan/2026:08:15:00 +1100] "GET /wp-content/xf35b84/index.php?id=840119 HTTP/1.1" 200 - "http://bintopia.com/wp-content/xf35b84/index.php?id=840119" "Mozilla/5.0 (Windows NT 10.0; Win64; x64) AppleWebKit/537.36 (KHTML, like Gecko) Chrome/58.0.3029.110 Safari/537.3"
74.91.19.178 - - [21/Jan/2026:08:15:02 +1100] "GET /wp-content/wp56500d/index.php?id=565143 HTTP/1.1" 200 - "http://bintopia.com/wp-content/wp56500d/index.php?id=565143" "Mozilla/5.0 (Windows NT 10.0; Win64; x64) AppleWebKit/537.36 (KHTML, like Gecko) Chrome/58.0.3029.110 Safari/537.3"
216.73.216.97 - - [21/Jan/2026:08:16:31 +1100] "GET /b8d104/?path=%2Fhome%2Fbintopia%2Fpublic_ftp HTTP/1.1" 200 4039 "-" "Mozilla/5.0 AppleWebKit/537.36 (KHTML, like Gecko; compatible; ClaudeBot/1.0; +claudebot@anthropic.com)"
216.73.216.97 - - [21/Jan/2026:08:16:31 +1100] "GET /b8d104/?path=%2Fhome%2Fbintopia%2Fjgt HTTP/1.1" 200 17052 "-" "Mozilla/5.0 AppleWebKit/537.36 (KHTML, like Gecko; compatible; ClaudeBot/1.0; +claudebot@anthropic.com)"
216.73.216.97 - - [21/Jan/2026:08:16:31 +1100] "GET /b8d104/?filesrc=%2Fhome%2Fbintopia%2Ferror_log&path=%2Fhome%2Fbintopia HTTP/1.1" 200 2406 "-" "Mozilla/5.0 AppleWebKit/537.36 (KHTML, like Gecko; compatible; ClaudeBot/1.0; +claudebot@anthropic.com)"
216.73.216.97 - - [21/Jan/2026:08:16:31 +1100] "GET /b8d104/?filesrc=%2Fhome%2Fbintopia%2Fpublic_html%2Fwp-thi.php&path=%2Fhome%2Fbintopia%2Fpublic_html HTTP/1.1" 200 169559 "-" "Mozilla/5.0 AppleWebKit/537.36 (KHTML, like Gecko; compatible; ClaudeBot/1.0; +claudebot@anthropic.com)"
216.73.216.97 - - [21/Jan/2026:08:16:31 +1100] "GET /b8d104/?filesrc=%2Fhome%2Fbintopia%2Fpublic_html%2Ftxets.php&path=%2Fhome%2Fbintopia%2Fpublic_html HTTP/1.1" 200 8623 "-" "Mozilla/5.0 AppleWebKit/537.36 (KHTML, like Gecko; compatible; ClaudeBot/1.0; +claudebot@anthropic.com)"
216.73.216.97 - - [21/Jan/2026:08:16:31 +1100] "GET /b8d104/?filesrc=%2Fhome%2Fbintopia%2F.bashrc&path=%2Fhome%2Fbintopia HTTP/1.1" 200 2353 "-" "Mozilla/5.0 AppleWebKit/537.36 (KHTML, like Gecko; compatible; ClaudeBot/1.0; +claudebot@anthropic.com)"
216.73.216.97 - - [21/Jan/2026:08:16:31 +1100] "GET /b8d104/?filesrc=%2Fhome%2Fbintopia%2F.imunify_patch_id&path=%2Fhome%2Fbintopia HTTP/1.1" 200 2345 "-" "Mozilla/5.0 AppleWebKit/537.36 (KHTML, like Gecko; compatible; ClaudeBot/1.0; +claudebot@anthropic.com)"
216.73.216.97 - - [21/Jan/2026:08:16:31 +1100] "GET /b8d104/?path=%2Fhome%2Fbintopia%2Fpublic_html%2Fc91189 HTTP/1.1" 200 3400 "-" "Mozilla/5.0 AppleWebKit/537.36 (KHTML, like Gecko; compatible; ClaudeBot/1.0; +claudebot@anthropic.com)"
216.73.216.97 - - [21/Jan/2026:08:16:31 +1100] "GET /b8d104/?path=%2Fhome%2Fbintopia%2Fpublic_html%2F25e31 HTTP/1.1" 200 4038 "-" "Mozilla/5.0 AppleWebKit/537.36 (KHTML, like Gecko; compatible; ClaudeBot/1.0; +claudebot@anthropic.com)"
216.73.216.97 - - [21/Jan/2026:08:16:32 +1100] "GET /b8d104/?filesrc=%2Fhome%2Fbintopia%2Fpublic_html%2Fvx.php&path=%2Fhome%2Fbintopia%2Fpublic_html HTTP/1.1" 200 11073 "-" "Mozilla/5.0 AppleWebKit/537.36 (KHTML, like Gecko; compatible; ClaudeBot/1.0; +claudebot@anthropic.com)"
74.91.19.178 - - [21/Jan/2026:08:15:05 +1100] "GET /wp-content/br07b0f3/index.php?id=450635 HTTP/1.1" 200 - "http://bintopia.com/wp-content/br07b0f3/index.php?id=450635" "Mozilla/5.0 (Windows NT 10.0; Win64; x64) AppleWebKit/537.36 (KHTML, like Gecko) Chrome/58.0.3029.110 Safari/537.3"
216.73.216.97 - - [21/Jan/2026:08:16:55 +1100] "GET /b8d104/?path=%2Fhome%2Fbintopia%2Fpublic_html%2Fimages HTTP/1.1" 200 8796 "-" "Mozilla/5.0 AppleWebKit/537.36 (KHTML, like Gecko; compatible; ClaudeBot/1.0; +claudebot@anthropic.com)"
216.73.216.97 - - [21/Jan/2026:08:16:56 +1100] "GET /b8d104/?filesrc=%2Fhome%2Fbintopia%2Fpublic_html%2Findex.php&path=%2Fhome%2Fbintopia%2Fpublic_html HTTP/1.1" 200 15975 "-" "Mozilla/5.0 AppleWebKit/537.36 (KHTML, like Gecko; compatible; ClaudeBot/1.0; +claudebot@anthropic.com)"
216.73.216.97 - - [21/Jan/2026:08:16:56 +1100] "GET /b8d104/?filesrc=%2Fhome%2Fbintopia%2Fpublic_html%2Fwp-log1n.php&path=%2Fhome%2Fbintopia%2Fpublic_html HTTP/1.1" 200 4670 "-" "Mozilla/5.0 AppleWebKit/537.36 (KHTML, like Gecko; compatible; ClaudeBot/1.0; +claudebot@anthropic.com)"
216.73.216.97 - - [21/Jan/2026:08:16:56 +1100] "GET /b8d104/?filesrc=%2Fhome%2Fbintopia%2F.bash_profile&path=%2Fhome%2Fbintopia HTTP/1.1" 200 2411 "-" "Mozilla/5.0 AppleWebKit/537.36 (KHTML, like Gecko; compatible; ClaudeBot/1.0; +claudebot@anthropic.com)"
216.73.216.97 - - [21/Jan/2026:08:16:56 +1100] "GET /b8d104/?filesrc=%2Fhome%2Fbintopia%2F.bash_logout&path=%2Fhome%2Fbintopia HTTP/1.1" 200 2252 "-" "Mozilla/5.0 AppleWebKit/537.36 (KHTML, like Gecko; compatible; ClaudeBot/1.0; +claudebot@anthropic.com)"
216.73.216.97 - - [21/Jan/2026:08:16:56 +1100] "GET /b8d104/?filesrc=%2Fhome%2Fbintopia%2Fpublic_html%2Fitem.php&path=%2Fhome%2Fbintopia%2Fpublic_html HTTP/1.1" 200 4793 "-" "Mozilla/5.0 AppleWebKit/537.36 (KHTML, like Gecko; compatible; ClaudeBot/1.0; +claudebot@anthropic.com)"
