Sindbad~EG File Manager

Current Path : /home/bintopia/access-logs/
Upload File :
Current File : /home/bintopia/access-logs/bintopia.com

34.148.86.147 - - [20/Jan/2026:23:08:34 +1100] "GET /robots.txt HTTP/1.0" 200 955 "-" "ZoominfoBot (zoominfobot at zoominfo dot com)"
34.148.86.147 - - [20/Jan/2026:23:08:35 +1100] "GET / HTTP/1.0" 200 1 "-" "ZoominfoBot (zoominfobot at zoominfo dot com)"
202.173.122.54 - - [20/Jan/2026:23:09:43 +1100] "GET / HTTP/1.1" 200 453 "https://www.google.com/" "Mozilla/5.0 (Windows NT 10.0; Win64; x64) AppleWebKit/537.36 (KHTML, like Gecko) Chrome/143.0.0.0 Safari/537.36"
54.38.165.151 - - [20/Jan/2026:23:10:37 +1100] "GET /p HTTP/1.1" 301 270 "-" "Mozilla/5.0 (Macintosh; Intel Mac OS X 10_15_7) AppleWebKit/605.1.15 (KHTML, like Gecko) Version/18.1.1 Safari/605.1.1"
51.255.131.153 - - [20/Jan/2026:23:10:38 +1100] "GET /p/ HTTP/1.1" 200 13768 "-" "Mozilla/5.0 (Macintosh; Intel Mac OS X 10_15_7) AppleWebKit/605.1.15 (KHTML, like Gecko) Version/18.1.1 Safari/605.1.1"
135.125.122.65 - - [20/Jan/2026:23:10:46 +1100] "GET /p/ HTTP/1.1" 200 13768 "-" "Mozilla/5.0 (Macintosh; Intel Mac OS X 10_15_7) AppleWebKit/605.1.15 (KHTML, like Gecko) Version/18.1.1 Safari/605.1.1"
66.249.75.45 - - [20/Jan/2026:23:16:17 +1100] "GET /shop/honest237010490.html HTTP/1.1" 200 - "-" "Mozilla/5.0 (Linux; Android 6.0.1; Nexus 5X Build/MMB29P) AppleWebKit/537.36 (KHTML, like Gecko) Chrome/143.0.7499.192 Mobile Safari/537.36 (compatible; Googlebot/2.1; +http://www.google.com/bot.html)"
216.73.216.97 - - [20/Jan/2026:23:19:01 +1100] "GET /robots.txt HTTP/1.1" 200 955 "-" "Mozilla/5.0 AppleWebKit/537.36 (KHTML, like Gecko; compatible; ClaudeBot/1.0; +claudebot@anthropic.com)"
216.73.216.97 - - [20/Jan/2026:23:19:01 +1100] "GET / HTTP/1.1" 200 1 "-" "Mozilla/5.0 AppleWebKit/537.36 (KHTML, like Gecko; compatible; ClaudeBot/1.0; +claudebot@anthropic.com)"
66.249.75.32 - - [20/Jan/2026:23:21:37 +1100] "GET /products/212201665 HTTP/1.1" 200 - "-" "Mozilla/5.0 (Linux; Android 6.0.1; Nexus 5X Build/MMB29P) AppleWebKit/537.36 (KHTML, like Gecko) Chrome/143.0.7499.192 Mobile Safari/537.36 (compatible; GoogleOther)"
66.249.75.45 - - [20/Jan/2026:23:25:28 +1100] "GET /?g=2955117717429&channel=124e22&from=http://bintopia.com/goods.htm?surgeon299008095.html HTTP/1.1" 200 144421 "-" "Mozilla/5.0 (Linux; Android 6.0.1; Nexus 5X Build/MMB29P) AppleWebKit/537.36 (KHTML, like Gecko) Chrome/143.0.7499.192 Mobile Safari/537.36 (compatible; GoogleOther)"
37.139.53.80 - - [20/Jan/2026:23:28:58 +1100] "GET /?pcf=1 HTTP/1.0" 200 1 "http://bintopia.com/?pcf=1#contact" "Mozilla/5.0 (Windows NT 6.3; WOW64) AppleWebKit/537.36 (KHTML, like Gecko) Chrome/103.0.5060.114 Safari/537.36"
37.139.53.80 - - [20/Jan/2026:23:28:58 +1100] "GET / HTTP/1.0" 200 1 "http://bintopia.com/" "Mozilla/5.0 (Windows NT 6.3; WOW64) AppleWebKit/537.36 (KHTML, like Gecko) Chrome/103.0.5060.114 Safari/537.36"
103.234.167.5 - - [20/Jan/2026:23:29:58 +1100] "GET /p/ HTTP/1.1" 200 13768 "https://www.google.com/" "Mozilla/5.0 (Windows NT 10.0; Win64; x64) AppleWebKit/537.36 (KHTML, like Gecko) Chrome/143.0.0.0 Safari/537.36"
103.234.167.5 - - [20/Jan/2026:23:30:02 +1100] "GET /p/assets/main.min.css HTTP/1.1" 200 237 "http://bintopia.com/p/" "Mozilla/5.0 (Windows NT 10.0; Win64; x64) AppleWebKit/537.36 (KHTML, like Gecko) Chrome/143.0.0.0 Safari/537.36"
103.234.167.5 - - [20/Jan/2026:23:30:02 +1100] "GET /p/assets/ionos.min.css HTTP/1.1" 200 559687 "http://bintopia.com/p/" "Mozilla/5.0 (Windows NT 10.0; Win64; x64) AppleWebKit/537.36 (KHTML, like Gecko) Chrome/143.0.0.0 Safari/537.36"
103.234.167.5 - - [20/Jan/2026:23:30:03 +1100] "GET /p/assets/inpagelayer.css HTTP/1.1" 200 19650 "http://bintopia.com/p/" "Mozilla/5.0 (Windows NT 10.0; Win64; x64) AppleWebKit/537.36 (KHTML, like Gecko) Chrome/143.0.0.0 Safari/537.36"
103.234.167.5 - - [20/Jan/2026:23:30:03 +1100] "GET /p/assets/statuspage.css HTTP/1.1" 200 4695 "http://bintopia.com/p/" "Mozilla/5.0 (Windows NT 10.0; Win64; x64) AppleWebKit/537.36 (KHTML, like Gecko) Chrome/143.0.0.0 Safari/537.36"
103.234.167.5 - - [20/Jan/2026:23:30:03 +1100] "GET /p/assets/bundle.css HTTP/1.1" 200 25816 "http://bintopia.com/p/" "Mozilla/5.0 (Windows NT 10.0; Win64; x64) AppleWebKit/537.36 (KHTML, like Gecko) Chrome/143.0.0.0 Safari/537.36"
103.234.167.5 - - [20/Jan/2026:23:30:03 +1100] "GET /p/assets/starter-main.min.css HTTP/1.1" 200 2061 "http://bintopia.com/p/" "Mozilla/5.0 (Windows NT 10.0; Win64; x64) AppleWebKit/537.36 (KHTML, like Gecko) Chrome/143.0.0.0 Safari/537.36"
103.234.167.5 - - [20/Jan/2026:23:30:03 +1100] "GET /p/assets/navigation.css HTTP/1.1" 200 116274 "http://bintopia.com/p/" "Mozilla/5.0 (Windows NT 10.0; Win64; x64) AppleWebKit/537.36 (KHTML, like Gecko) Chrome/143.0.0.0 Safari/537.36"
103.234.167.5 - - [20/Jan/2026:23:30:04 +1100] "GET /p/assets/my-account.svg HTTP/1.1" 200 845 "http://bintopia.com/p/" "Mozilla/5.0 (Windows NT 10.0; Win64; x64) AppleWebKit/537.36 (KHTML, like Gecko) Chrome/143.0.0.0 Safari/537.36"
103.234.167.5 - - [20/Jan/2026:23:30:04 +1100] "GET /p/assets/product-email.svg HTTP/1.1" 200 1070 "http://bintopia.com/p/" "Mozilla/5.0 (Windows NT 10.0; Win64; x64) AppleWebKit/537.36 (KHTML, like Gecko) Chrome/143.0.0.0 Safari/537.36"
103.234.167.5 - - [20/Jan/2026:23:30:04 +1100] "GET /p/assets/product-hidrive.svg HTTP/1.1" 200 920 "http://bintopia.com/p/" "Mozilla/5.0 (Windows NT 10.0; Win64; x64) AppleWebKit/537.36 (KHTML, like Gecko) Chrome/143.0.0.0 Safari/537.36"
103.234.167.5 - - [20/Jan/2026:23:30:04 +1100] "GET /p/assets/cloud-dcd.svg HTTP/1.1" 200 1372 "http://bintopia.com/p/" "Mozilla/5.0 (Windows NT 10.0; Win64; x64) AppleWebKit/537.36 (KHTML, like Gecko) Chrome/143.0.0.0 Safari/537.36"
66.249.75.44 - - [20/Jan/2026:23:31:07 +1100] "GET /?g=2955117717429&channel=124e22&from=http://bintopia.com/goods.htm?evolution080002286.html HTTP/1.1" 200 144130 "-" "Mozilla/5.0 (Linux; Android 6.0.1; Nexus 5X Build/MMB29P) AppleWebKit/537.36 (KHTML, like Gecko) Chrome/143.0.7499.192 Mobile Safari/537.36 (compatible; GoogleOther)"
54.37.100.111 - - [20/Jan/2026:23:31:12 +1100] "GET /p HTTP/1.1" 301 270 "-" "Mozilla/5.0 (iPhone; CPU iPhone OS 18_1_1 like Mac OS X) AppleWebKit/605.1.15 (KHTML, like Gecko) Version/18.1.1 Mobile/15E148 Safari/604.1"
46.105.78.50 - - [20/Jan/2026:23:31:14 +1100] "GET /p/ HTTP/1.1" 200 13768 "-" "Mozilla/5.0 (iPhone; CPU iPhone OS 18_1_1 like Mac OS X) AppleWebKit/605.1.15 (KHTML, like Gecko) Version/18.1.1 Mobile/15E148 Safari/604.1"
66.249.75.32 - - [20/Jan/2026:23:33:07 +1100] "GET /?g=2955117717429&channel=124e22&from=http://bintopia.com/goods.htm?silent297026521.html HTTP/1.1" 200 156908 "-" "Mozilla/5.0 (Linux; Android 6.0.1; Nexus 5X Build/MMB29P) AppleWebKit/537.36 (KHTML, like Gecko) Chrome/143.0.7499.192 Mobile Safari/537.36 (compatible; GoogleOther)"
57.141.16.37 - - [20/Jan/2026:23:35:35 +1100] "GET /?sitemap243.xml HTTP/1.1" 200 162557 "-" "meta-externalagent/1.1 (+https://developers.facebook.com/docs/sharing/webmasters/crawler)"
34.148.86.147 - - [20/Jan/2026:23:39:56 +1100] "GET /robots.txt HTTP/1.0" 200 955 "-" "ZoominfoBot (zoominfobot at zoominfo dot com)"
34.148.86.147 - - [20/Jan/2026:23:39:57 +1100] "GET / HTTP/1.0" 200 1 "-" "ZoominfoBot (zoominfobot at zoominfo dot com)"
66.249.75.44 - - [20/Jan/2026:23:40:14 +1100] "GET /?g=2955117717429&channel=124e22&from=http://bintopia.com/goods.htm?you136007096.html HTTP/1.1" 200 148014 "-" "Mozilla/5.0 (Linux; Android 6.0.1; Nexus 5X Build/MMB29P) AppleWebKit/537.36 (KHTML, like Gecko) Chrome/143.0.7499.192 Mobile Safari/537.36 (compatible; GoogleOther)"
37.139.53.80 - - [20/Jan/2026:23:40:54 +1100] "GET /?pcf=1 HTTP/1.0" 200 1 "http://bintopia.com/?pcf=1#contact" "Mozilla/5.0 (Windows NT 6.1; WOW64) AppleWebKit/537.36 (KHTML, like Gecko) Chrome/103.0.0.0 Safari/537.36"
37.139.53.80 - - [20/Jan/2026:23:40:55 +1100] "GET / HTTP/1.0" 200 1 "http://bintopia.com/" "Mozilla/5.0 (Windows NT 6.1; WOW64) AppleWebKit/537.36 (KHTML, like Gecko) Chrome/103.0.0.0 Safari/537.36"
66.249.75.45 - - [20/Jan/2026:23:45:36 +1100] "GET /?g=2955117717429&channel=124e22&from=http://bintopia.com/goods.htm?vacuum035011699.html HTTP/1.1" 200 147714 "-" "Mozilla/5.0 (Linux; Android 6.0.1; Nexus 5X Build/MMB29P) AppleWebKit/537.36 (KHTML, like Gecko) Chrome/143.0.7499.192 Mobile Safari/537.36 (compatible; GoogleOther)"
45.79.42.132 - - [20/Jan/2026:23:45:47 +1100] "HEAD / HTTP/1.1" 200 - "-" "Spider_Bot/3.0"
155.4.131.116 - - [20/Jan/2026:23:46:09 +1100] "GET /p/ HTTP/1.1" 200 13768 "-" "Mozilla/5.0 (Macintosh; Intel Mac OS X 10_15_7) AppleWebKit/605.1.15 (KHTML, like Gecko) Version/17.3 Safari/605.1.15"
49.13.211.144 - - [20/Jan/2026:23:46:09 +1100] "GET /p/ HTTP/1.1" 200 13768 "-" "Mozilla/5.0 (Macintosh; Intel Mac OS X 10_15_7) AppleWebKit/605.1.15 (KHTML, like Gecko) Version/17.3 Safari/605.1.15"
174.138.115.87 - - [20/Jan/2026:23:46:10 +1100] "GET /p/ HTTP/1.1" 200 13768 "-" "Mozilla/5.0 (Macintosh; Intel Mac OS X 10_15_7) AppleWebKit/605.1.15 (KHTML, like Gecko) Version/17.3 Safari/605.1.15"
170.64.252.169 - - [20/Jan/2026:23:46:11 +1100] "GET /p/ HTTP/1.1" 200 13768 "-" "Mozilla/5.0 (Macintosh; Intel Mac OS X 10_15_7) AppleWebKit/605.1.15 (KHTML, like Gecko) Version/17.3 Safari/605.1.15"
66.249.75.32 - - [20/Jan/2026:23:47:00 +1100] "GET /?g=2955117717429&channel=124e22&from=http://bintopia.com/goods.htm?harsh217026999.html HTTP/1.1" 200 - "-" "Mozilla/5.0 (Linux; Android 6.0.1; Nexus 5X Build/MMB29P) AppleWebKit/537.36 (KHTML, like Gecko) Chrome/143.0.7499.192 Mobile Safari/537.36 (compatible; GoogleOther)"
66.249.75.45 - - [20/Jan/2026:23:48:32 +1100] "GET /?g=2955117717429&channel=124e22&from=http://bintopia.com/goods.htm?shop/previous162013815.html HTTP/1.1" 200 143871 "-" "Mozilla/5.0 (Linux; Android 6.0.1; Nexus 5X Build/MMB29P) AppleWebKit/537.36 (KHTML, like Gecko) Chrome/143.0.7499.192 Mobile Safari/537.36 (compatible; GoogleOther)"
66.249.75.44 - - [20/Jan/2026:23:50:01 +1100] "GET /?g=2955117717429&channel=124e22&from=http://bintopia.com/goods.htm?bite016049712.html HTTP/1.1" 200 141384 "-" "Mozilla/5.0 (Linux; Android 6.0.1; Nexus 5X Build/MMB29P) AppleWebKit/537.36 (KHTML, like Gecko) Chrome/143.0.7499.192 Mobile Safari/537.36 (compatible; GoogleOther)"
66.249.75.44 - - [20/Jan/2026:23:50:22 +1100] "GET /kxakig/xbqari-c.html HTTP/1.1" 200 137398 "-" "Mozilla/5.0 (Linux; Android 6.0.1; Nexus 5X Build/MMB29P) AppleWebKit/537.36 (KHTML, like Gecko) Chrome/143.0.7499.192 Mobile Safari/537.36 (compatible; Googlebot/2.1; +http://www.google.com/bot.html)"
66.249.75.44 - - [20/Jan/2026:23:51:18 +1100] "GET /?g=2955117717429&channel=124e22&from=http://bintopia.com/goods.htm?deposit037037467.html HTTP/1.1" 200 137437 "-" "Mozilla/5.0 (Linux; Android 6.0.1; Nexus 5X Build/MMB29P) AppleWebKit/537.36 (KHTML, like Gecko) Chrome/143.0.7499.192 Mobile Safari/537.36 (compatible; GoogleOther)"
66.249.75.44 - - [20/Jan/2026:23:52:09 +1100] "GET /?g=2955117717429&channel=124e22&from=http://bintopia.com/goods.htm?distinguish273024541.html HTTP/1.1" 200 140260 "-" "Mozilla/5.0 (Linux; Android 6.0.1; Nexus 5X Build/MMB29P) AppleWebKit/537.36 (KHTML, like Gecko) Chrome/143.0.7499.192 Mobile Safari/537.36 (compatible; GoogleOther)"
66.249.75.45 - - [20/Jan/2026:23:53:01 +1100] "GET /?g=2955117717429&channel=124e22&from=http://bintopia.com/goods.htm?carrot220033074.html HTTP/1.1" 200 164716 "-" "Mozilla/5.0 (Linux; Android 6.0.1; Nexus 5X Build/MMB29P) AppleWebKit/537.36 (KHTML, like Gecko) Chrome/143.0.7499.192 Mobile Safari/537.36 (compatible; GoogleOther)"
66.249.75.44 - - [20/Jan/2026:23:53:51 +1100] "GET /?g=2955117717429&channel=124e22&from=http://bintopia.com/goods.htm?notice174039100.html HTTP/1.1" 200 149013 "-" "Mozilla/5.0 (Linux; Android 6.0.1; Nexus 5X Build/MMB29P) AppleWebKit/537.36 (KHTML, like Gecko) Chrome/143.0.7499.192 Mobile Safari/537.36 (compatible; GoogleOther)"
66.249.75.45 - - [20/Jan/2026:23:54:45 +1100] "GET /?g=2955117717429&channel=124e22&from=http://bintopia.com/goods.htm?array141033109.html HTTP/1.1" 200 156279 "-" "Mozilla/5.0 (Linux; Android 6.0.1; Nexus 5X Build/MMB29P) AppleWebKit/537.36 (KHTML, like Gecko) Chrome/143.0.7499.192 Mobile Safari/537.36 (compatible; GoogleOther)"
66.249.75.44 - - [20/Jan/2026:23:55:40 +1100] "GET /?g=2955117717429&channel=124e22&from=http://bintopia.com/goods.htm?dominant048013728.html HTTP/1.1" 200 138149 "-" "Mozilla/5.0 (Linux; Android 6.0.1; Nexus 5X Build/MMB29P) AppleWebKit/537.36 (KHTML, like Gecko) Chrome/143.0.7499.192 Mobile Safari/537.36 (compatible; GoogleOther)"
66.249.75.44 - - [20/Jan/2026:23:56:04 +1100] "GET /?g=2955117717429&channel=124e22&from=http://bintopia.com/goods.htm?intimate183045487.html HTTP/1.1" 200 - "-" "Mozilla/5.0 (Linux; Android 6.0.1; Nexus 5X Build/MMB29P) AppleWebKit/537.36 (KHTML, like Gecko) Chrome/143.0.7499.192 Mobile Safari/537.36 (compatible; GoogleOther)"
49.51.183.84 - - [20/Jan/2026:23:58:44 +1100] "GET / HTTP/1.1" 200 1 "-" "Mozilla/5.0 (iPhone; CPU iPhone OS 13_2_3 like Mac OS X) AppleWebKit/605.1.15 (KHTML, like Gecko) Version/13.0.3 Mobile/15E148 Safari/604.1"
46.105.77.56 - - [21/Jan/2026:00:02:16 +1100] "GET /p HTTP/1.1" 301 270 "-" "Mozilla/5.0 (iPhone; CPU iPhone OS 18_1_1 like Mac OS X) AppleWebKit/605.1.15 (KHTML, like Gecko) Version/18.1.1 Mobile/15E148 Safari/604.1"
188.165.81.128 - - [21/Jan/2026:00:02:17 +1100] "GET /p/ HTTP/1.1" 200 13768 "-" "Mozilla/5.0 (iPhone; CPU iPhone OS 18_1_1 like Mac OS X) AppleWebKit/605.1.15 (KHTML, like Gecko) Version/18.1.1 Mobile/15E148 Safari/604.1"
37.139.53.80 - - [21/Jan/2026:00:07:21 +1100] "GET /?pcf=1 HTTP/1.0" 200 1 "http://bintopia.com/?pcf=1#contact" "Mozilla/5.0 (Windows NT 6.3; Win64; x64) AppleWebKit/537.36 (KHTML, like Gecko) Chrome/103.0.5060.66 Safari/537.36"
37.139.53.80 - - [21/Jan/2026:00:07:22 +1100] "GET / HTTP/1.0" 200 1 "http://bintopia.com/" "Mozilla/5.0 (Windows NT 6.3; Win64; x64) AppleWebKit/537.36 (KHTML, like Gecko) Chrome/103.0.5060.66 Safari/537.36"
66.249.75.32 - - [21/Jan/2026:00:19:01 +1100] "GET /?l=35250658j696f HTTP/1.1" 200 145327 "-" "Mozilla/5.0 (Linux; Android 6.0.1; Nexus 5X Build/MMB29P) AppleWebKit/537.36 (KHTML, like Gecko) Chrome/143.0.7499.192 Mobile Safari/537.36 (compatible; GoogleOther)"
37.139.53.80 - - [21/Jan/2026:00:19:22 +1100] "GET /?pcf=1 HTTP/1.0" 200 1 "http://bintopia.com/?pcf=1#contact" "Mozilla/5.0 (Windows NT 10.0; WOW64) AppleWebKit/537.36 (KHTML, like Gecko) Chrome/103.0.0.0 Safari/537.36"
37.139.53.80 - - [21/Jan/2026:00:19:22 +1100] "GET / HTTP/1.0" 200 1 "http://bintopia.com/" "Mozilla/5.0 (Windows NT 10.0; WOW64) AppleWebKit/537.36 (KHTML, like Gecko) Chrome/103.0.0.0 Safari/537.36"
66.249.75.45 - - [21/Jan/2026:00:24:03 +1100] "GET /?l=10959740afca3 HTTP/1.1" 200 146214 "-" "Mozilla/5.0 (Linux; Android 6.0.1; Nexus 5X Build/MMB29P) AppleWebKit/537.36 (KHTML, like Gecko) Chrome/143.0.7499.192 Mobile Safari/537.36 (compatible; GoogleOther)"
57.141.16.86 - - [21/Jan/2026:00:29:51 +1100] "GET /?sitemap309.xml HTTP/1.1" 200 162577 "-" "meta-externalagent/1.1 (+https://developers.facebook.com/docs/sharing/webmasters/crawler)"
51.255.225.54 - - [21/Jan/2026:00:32:59 +1100] "GET /p HTTP/1.1" 301 270 "-" "Mozilla/5.0 (iPhone; CPU iPhone OS 18_1_1 like Mac OS X) AppleWebKit/605.1.15 (KHTML, like Gecko) Version/18.1.1 Mobile/15E148 Safari/604.1"
46.105.76.156 - - [21/Jan/2026:00:33:00 +1100] "GET /p/ HTTP/1.1" 200 13768 "-" "Mozilla/5.0 (iPhone; CPU iPhone OS 18_1_1 like Mac OS X) AppleWebKit/605.1.15 (KHTML, like Gecko) Version/18.1.1 Mobile/15E148 Safari/604.1"
66.249.75.45 - - [21/Jan/2026:00:38:57 +1100] "GET /products/692725589 HTTP/1.1" 200 136839 "-" "Mozilla/5.0 (Linux; Android 6.0.1; Nexus 5X Build/MMB29P) AppleWebKit/537.36 (KHTML, like Gecko) Chrome/143.0.7499.192 Mobile Safari/537.36 (compatible; GoogleOther)"
66.249.75.32 - - [21/Jan/2026:00:41:27 +1100] "GET /?l=337911353g0id HTTP/1.1" 200 138805 "-" "Mozilla/5.0 (Linux; Android 6.0.1; Nexus 5X Build/MMB29P) AppleWebKit/537.36 (KHTML, like Gecko) Chrome/143.0.7499.192 Mobile Safari/537.36 (compatible; GoogleOther)"
66.249.75.45 - - [21/Jan/2026:00:43:51 +1100] "GET /?g=2955117717429&channel=124e22&from=http://bintopia.com/goods.htm?airport059038521.html HTTP/1.1" 200 - "-" "Mozilla/5.0 (Linux; Android 6.0.1; Nexus 5X Build/MMB29P) AppleWebKit/537.36 (KHTML, like Gecko) Chrome/143.0.7499.192 Mobile Safari/537.36 (compatible; GoogleOther)"
37.139.53.80 - - [21/Jan/2026:00:45:43 +1100] "GET /?pcf=1 HTTP/1.0" 200 1 "http://bintopia.com/?pcf=1#contact" "Mozilla/5.0 (Windows NT 10.0; Win64; x64) AppleWebKit/537.36 (KHTML, like Gecko) Chrome/103.0.0.0 Safari/537.36 OpenWave/97.4.2043.44"
37.139.53.80 - - [21/Jan/2026:00:45:43 +1100] "GET / HTTP/1.0" 200 1 "http://bintopia.com/" "Mozilla/5.0 (Windows NT 10.0; Win64; x64) AppleWebKit/537.36 (KHTML, like Gecko) Chrome/103.0.0.0 Safari/537.36 OpenWave/97.4.2043.44"
174.138.115.87 - - [21/Jan/2026:00:46:05 +1100] "GET /p/ HTTP/1.1" 200 13768 "-" "Mozilla/5.0 (Macintosh; Intel Mac OS X 10_15_7) AppleWebKit/605.1.15 (KHTML, like Gecko) Version/17.3 Safari/605.1.15"
49.13.211.144 - - [21/Jan/2026:00:46:06 +1100] "GET /p/ HTTP/1.1" 200 13768 "-" "Mozilla/5.0 (Macintosh; Intel Mac OS X 10_15_7) AppleWebKit/605.1.15 (KHTML, like Gecko) Version/17.3 Safari/605.1.15"
170.64.252.169 - - [21/Jan/2026:00:46:07 +1100] "GET /p/ HTTP/1.1" 200 13768 "-" "Mozilla/5.0 (Macintosh; Intel Mac OS X 10_15_7) AppleWebKit/605.1.15 (KHTML, like Gecko) Version/17.3 Safari/605.1.15"
155.4.131.116 - - [21/Jan/2026:00:46:06 +1100] "GET /p/ HTTP/1.1" 200 13768 "-" "Mozilla/5.0 (Macintosh; Intel Mac OS X 10_15_7) AppleWebKit/605.1.15 (KHTML, like Gecko) Version/17.3 Safari/605.1.15"
66.249.75.44 - - [21/Jan/2026:00:53:14 +1100] "GET /bless296005546.html HTTP/1.1" 200 154953 "-" "Mozilla/5.0 (Linux; Android 6.0.1; Nexus 5X Build/MMB29P) AppleWebKit/537.36 (KHTML, like Gecko) Chrome/143.0.7499.192 Mobile Safari/537.36 (compatible; Googlebot/2.1; +http://www.google.com/bot.html)"
66.249.75.32 - - [21/Jan/2026:00:56:16 +1100] "GET /?detail/21833293 HTTP/1.1" 200 - "-" "Mozilla/5.0 (Linux; Android 6.0.1; Nexus 5X Build/MMB29P) AppleWebKit/537.36 (KHTML, like Gecko) Chrome/143.0.7499.192 Mobile Safari/537.36 (compatible; Googlebot/2.1; +http://www.google.com/bot.html)"
216.73.216.97 - - [21/Jan/2026:00:56:29 +1100] "GET /robots.txt HTTP/1.1" 200 955 "-" "Mozilla/5.0 AppleWebKit/537.36 (KHTML, like Gecko; compatible; ClaudeBot/1.0; +claudebot@anthropic.com)"
216.73.216.97 - - [21/Jan/2026:00:56:29 +1100] "GET / HTTP/1.1" 200 1 "-" "Mozilla/5.0 AppleWebKit/537.36 (KHTML, like Gecko; compatible; ClaudeBot/1.0; +claudebot@anthropic.com)"
37.139.53.80 - - [21/Jan/2026:00:57:51 +1100] "GET /?pcf=1 HTTP/1.0" 200 1 "http://bintopia.com/?pcf=1#contact" "Mozilla/5.0 (Windows NT 6.3; Win64; x64) AppleWebKit/537.36 (KHTML, like Gecko) Chrome/103.0.5060.114 Safari/537.36"
37.139.53.80 - - [21/Jan/2026:00:57:51 +1100] "GET / HTTP/1.0" 200 1 "http://bintopia.com/" "Mozilla/5.0 (Windows NT 6.3; Win64; x64) AppleWebKit/537.36 (KHTML, like Gecko) Chrome/103.0.5060.114 Safari/537.36"
66.249.75.44 - - [21/Jan/2026:00:58:50 +1100] "GET /?l=3944976b5365e HTTP/1.1" 200 149408 "-" "Mozilla/5.0 (Linux; Android 6.0.1; Nexus 5X Build/MMB29P) AppleWebKit/537.36 (KHTML, like Gecko) Chrome/143.0.7499.192 Mobile Safari/537.36 (compatible; GoogleOther)"
66.249.75.45 - - [21/Jan/2026:00:59:12 +1100] "GET /?l=35250658j696f HTTP/1.1" 200 145327 "-" "Mozilla/5.0 (Linux; Android 6.0.1; Nexus 5X Build/MMB29P) AppleWebKit/537.36 (KHTML, like Gecko) Chrome/143.0.7499.192 Mobile Safari/537.36 (compatible; Googlebot/2.1; +http://www.google.com/bot.html)"
66.249.75.45 - - [21/Jan/2026:01:00:26 +1100] "GET /?l=10959740afca3 HTTP/1.1" 200 146214 "-" "Mozilla/5.0 (Linux; Android 6.0.1; Nexus 5X Build/MMB29P) AppleWebKit/537.36 (KHTML, like Gecko) Chrome/143.0.7499.192 Mobile Safari/537.36 (compatible; Googlebot/2.1; +http://www.google.com/bot.html)"
216.73.216.97 - - [21/Jan/2026:01:01:46 +1100] "GET / HTTP/1.1" 200 1 "-" "Mozilla/5.0 AppleWebKit/537.36 (KHTML, like Gecko; compatible; ClaudeBot/1.0; +claudebot@anthropic.com)"
51.38.247.188 - - [21/Jan/2026:01:03:57 +1100] "GET /p HTTP/1.1" 301 270 "-" "Mozilla/5.0 (iPhone; CPU iPhone OS 18_1_1 like Mac OS X) AppleWebKit/605.1.15 (KHTML, like Gecko) Version/18.1.1 Mobile/15E148 Safari/604.1"
79.137.1.39 - - [21/Jan/2026:01:03:58 +1100] "GET /p/ HTTP/1.1" 200 13768 "-" "Mozilla/5.0 (iPhone; CPU iPhone OS 18_1_1 like Mac OS X) AppleWebKit/605.1.15 (KHTML, like Gecko) Version/18.1.1 Mobile/15E148 Safari/604.1"
66.249.75.44 - - [21/Jan/2026:01:10:33 +1100] "GET /?l=2385219agi1aa HTTP/1.1" 200 142104 "-" "Mozilla/5.0 (Linux; Android 6.0.1; Nexus 5X Build/MMB29P) AppleWebKit/537.36 (KHTML, like Gecko) Chrome/143.0.7499.192 Mobile Safari/537.36 (compatible; GoogleOther)"
37.139.53.80 - - [21/Jan/2026:01:24:21 +1100] "GET /?pcf=1 HTTP/1.0" 200 1 "http://bintopia.com/?pcf=1#contact" "Mozilla/5.0 (Windows NT 6.3; Win64; x64) AppleWebKit/537.36 (KHTML, like Gecko) Chrome/103.0.5060.53 Safari/537.36"
37.139.53.80 - - [21/Jan/2026:01:24:21 +1100] "GET / HTTP/1.0" 200 1 "http://bintopia.com/" "Mozilla/5.0 (Windows NT 6.3; Win64; x64) AppleWebKit/537.36 (KHTML, like Gecko) Chrome/103.0.5060.53 Safari/537.36"
5.135.78.253 - - [21/Jan/2026:01:30:35 +1100] "GET /p HTTP/1.1" 301 270 "-" "Mozilla/5.0 (Macintosh; Intel Mac OS X 10_15_7) AppleWebKit/605.1.15 (KHTML, like Gecko) Version/18.1.1 Safari/605.1.1"
193.70.103.253 - - [21/Jan/2026:01:30:37 +1100] "GET /p/ HTTP/1.1" 200 13768 "-" "Mozilla/5.0 (Macintosh; Intel Mac OS X 10_15_7) AppleWebKit/605.1.15 (KHTML, like Gecko) Version/18.1.1 Safari/605.1.1"
135.125.122.65 - - [21/Jan/2026:01:30:44 +1100] "GET /p/ HTTP/1.1" 200 13768 "-" "Mozilla/5.0 (Macintosh; Intel Mac OS X 10_15_7) AppleWebKit/605.1.15 (KHTML, like Gecko) Version/18.1.1 Safari/605.1.1"
27.5.207.93 - - [21/Jan/2026:01:31:09 +1100] "GET /p HTTP/1.1" 301 270 "-" "Mozilla/4.0 (compatible; MSIE 7.0; Windows NT 5.1; .NET CLR 1.1.4322; .NET CLR 2.0.50727; .NET CLR 3.0.04506.30)"
27.5.207.93 - - [21/Jan/2026:01:31:09 +1100] "GET /p/ HTTP/1.1" 200 13768 "-" "Mozilla/4.0 (compatible; MSIE 7.0; Windows NT 5.1; .NET CLR 1.1.4322; .NET CLR 2.0.50727; .NET CLR 3.0.04506.30)"
51.89.254.201 - - [21/Jan/2026:01:34:39 +1100] "GET /p HTTP/1.1" 301 270 "-" "Mozilla/5.0 (iPhone; CPU iPhone OS 18_1_1 like Mac OS X) AppleWebKit/605.1.15 (KHTML, like Gecko) Version/18.1.1 Mobile/15E148 Safari/604.1"
193.70.55.52 - - [21/Jan/2026:01:34:40 +1100] "GET /p/ HTTP/1.1" 200 13768 "-" "Mozilla/5.0 (iPhone; CPU iPhone OS 18_1_1 like Mac OS X) AppleWebKit/605.1.15 (KHTML, like Gecko) Version/18.1.1 Mobile/15E148 Safari/604.1"
37.139.53.80 - - [21/Jan/2026:01:36:36 +1100] "GET /?pcf=1 HTTP/1.0" 200 1 "http://bintopia.com/?pcf=1#contact" "Mozilla/5.0 (Windows NT 6.1; WOW64) AppleWebKit/537.36 (KHTML, like Gecko) Chrome/103.0.0.0 Safari/537.36"
37.139.53.80 - - [21/Jan/2026:01:36:36 +1100] "GET / HTTP/1.0" 200 1 "http://bintopia.com/" "Mozilla/5.0 (Windows NT 6.1; WOW64) AppleWebKit/537.36 (KHTML, like Gecko) Chrome/103.0.0.0 Safari/537.36"
174.138.115.87 - - [21/Jan/2026:01:41:13 +1100] "GET /p/ HTTP/1.1" 200 13768 "-" "Mozilla/5.0 (Macintosh; Intel Mac OS X 10_15_7) AppleWebKit/605.1.15 (KHTML, like Gecko) Version/17.3 Safari/605.1.15"
155.4.131.116 - - [21/Jan/2026:01:41:13 +1100] "GET /p/ HTTP/1.1" 200 13768 "-" "Mozilla/5.0 (Macintosh; Intel Mac OS X 10_15_7) AppleWebKit/605.1.15 (KHTML, like Gecko) Version/17.3 Safari/605.1.15"
49.13.211.144 - - [21/Jan/2026:01:41:14 +1100] "GET /p/ HTTP/1.1" 200 13768 "-" "Mozilla/5.0 (Macintosh; Intel Mac OS X 10_15_7) AppleWebKit/605.1.15 (KHTML, like Gecko) Version/17.3 Safari/605.1.15"
170.64.252.169 - - [21/Jan/2026:01:41:16 +1100] "GET /p/ HTTP/1.1" 200 13768 "-" "Mozilla/5.0 (Macintosh; Intel Mac OS X 10_15_7) AppleWebKit/605.1.15 (KHTML, like Gecko) Version/17.3 Safari/605.1.15"
195.2.67.184 - - [21/Jan/2026:01:46:34 +1100] "GET / HTTP/1.0" 200 1 "http://bintopia.com/" "Mozilla/5.0 (Windows NT 10.0; Win64; x64) AppleWebKit/537.36 (KHTML, like Gecko) Chrome/129.0.0.0 Safari/537.36"
37.139.53.80 - - [21/Jan/2026:02:02:41 +1100] "GET /?pcf=1 HTTP/1.0" 200 1 "http://bintopia.com/?pcf=1#contact" "Mozilla/5.0 (Windows NT 10.0; Win64; x64) AppleWebKit/537.36 (KHTML, like Gecko) Chrome/103.0.5060.114 Safari/537.36"
37.139.53.80 - - [21/Jan/2026:02:02:42 +1100] "GET / HTTP/1.0" 200 1 "http://bintopia.com/" "Mozilla/5.0 (Windows NT 10.0; Win64; x64) AppleWebKit/537.36 (KHTML, like Gecko) Chrome/103.0.5060.114 Safari/537.36"
66.249.75.45 - - [21/Jan/2026:02:04:12 +1100] "GET /robots.txt HTTP/1.1" 200 955 "-" "Mozilla/5.0 (compatible; Googlebot/2.1; +http://www.google.com/bot.html)"
147.135.191.99 - - [21/Jan/2026:02:05:22 +1100] "GET /p HTTP/1.1" 301 270 "-" "Mozilla/5.0 (iPhone; CPU iPhone OS 18_1_1 like Mac OS X) AppleWebKit/605.1.15 (KHTML, like Gecko) Version/18.1.1 Mobile/15E148 Safari/604.1"
51.195.130.156 - - [21/Jan/2026:02:05:23 +1100] "GET /p/ HTTP/1.1" 200 13768 "-" "Mozilla/5.0 (iPhone; CPU iPhone OS 18_1_1 like Mac OS X) AppleWebKit/605.1.15 (KHTML, like Gecko) Version/18.1.1 Mobile/15E148 Safari/604.1"
197.28.28.9 - - [21/Jan/2026:02:05:51 +1100] "GET / HTTP/1.1" 200 1 "-" "Mozilla/5.0 (Windows NT 10.0; Win64; x64) AppleWebKit/537.36 (KHTML, like Gecko) Chrome/143.0.0.0 Safari/537.36"
66.249.75.45 - - [21/Jan/2026:02:07:41 +1100] "GET /?l=6582102486ec HTTP/1.1" 200 137949 "-" "Mozilla/5.0 (Linux; Android 6.0.1; Nexus 5X Build/MMB29P) AppleWebKit/537.36 (KHTML, like Gecko) Chrome/143.0.7499.192 Mobile Safari/537.36 (compatible; GoogleOther)"
66.249.75.32 - - [21/Jan/2026:02:07:44 +1100] "GET /robots.txt HTTP/1.1" 200 955 "-" "Mozilla/5.0 (compatible; Googlebot/2.1; +http://www.google.com/bot.html)"
66.249.75.45 - - [21/Jan/2026:02:10:49 +1100] "GET /?l=3889580c6c831 HTTP/1.1" 200 141328 "-" "Mozilla/5.0 (Linux; Android 6.0.1; Nexus 5X Build/MMB29P) AppleWebKit/537.36 (KHTML, like Gecko) Chrome/143.0.7499.192 Mobile Safari/537.36 (compatible; GoogleOther)"
66.249.75.44 - - [21/Jan/2026:02:13:38 +1100] "GET /robots.txt HTTP/1.1" 200 955 "-" "Mozilla/5.0 (compatible; Googlebot/2.1; +http://www.google.com/bot.html)"
37.139.53.80 - - [21/Jan/2026:02:15:08 +1100] "GET /?pcf=1 HTTP/1.0" 200 1 "http://bintopia.com/?pcf=1#contact" "Mozilla/5.0 (Windows NT 6.1; Win64; x64) AppleWebKit/537.36 (KHTML, like Gecko) Chrome/103.0.0.0 Safari/537.36"
37.139.53.80 - - [21/Jan/2026:02:15:08 +1100] "GET / HTTP/1.0" 200 1 "http://bintopia.com/" "Mozilla/5.0 (Windows NT 6.1; Win64; x64) AppleWebKit/537.36 (KHTML, like Gecko) Chrome/103.0.0.0 Safari/537.36"
66.249.75.44 - - [21/Jan/2026:02:16:37 +1100] "GET /?g=2955117717429&channel=124e22&from=http://bintopia.com/goods.htm?spectrum031035297.html HTTP/1.1" 200 146869 "-" "Mozilla/5.0 (Linux; Android 6.0.1; Nexus 5X Build/MMB29P) AppleWebKit/537.36 (KHTML, like Gecko) Chrome/143.0.7499.192 Mobile Safari/537.36 (compatible; GoogleOther)"
178.73.233.115 - - [21/Jan/2026:02:17:40 +1100] "GET /robots.txt HTTP/1.1" 200 955 "-" "Mozilla/5.0 (Android 14; Mobile; rv:123.0) Gecko/123.0 Firefox/123"
93.158.95.213 - - [21/Jan/2026:02:17:42 +1100] "GET / HTTP/1.1" 200 1 "-" "Mozilla/5.0 (Android 14; Mobile; rv:123.0) Gecko/123.0 Firefox/123"
74.7.175.190 - - [21/Jan/2026:02:18:47 +1100] "GET /robots.txt HTTP/1.1" 200 955 "-" "Mozilla/5.0 (Macintosh; Intel Mac OS X 10_15_7) AppleWebKit/537.36 (KHTML, like Gecko) Chrome/131.0.0.0 Safari/537.36; compatible; OAI-SearchBot/1.3; robots.txt; +https://openai.com/searchbot"
66.249.75.32 - - [21/Jan/2026:02:21:15 +1100] "GET /?g=2955117717429&channel=124e22&from=http://bintopia.com/goods.htm?neck101015011.html HTTP/1.1" 200 144055 "-" "Mozilla/5.0 (Linux; Android 6.0.1; Nexus 5X Build/MMB29P) AppleWebKit/537.36 (KHTML, like Gecko) Chrome/143.0.7499.192 Mobile Safari/537.36 (compatible; GoogleOther)"
66.249.75.45 - - [21/Jan/2026:02:22:24 +1100] "GET /?l=2018496g96efc HTTP/1.1" 200 146851 "-" "Mozilla/5.0 (Linux; Android 6.0.1; Nexus 5X Build/MMB29P) AppleWebKit/537.36 (KHTML, like Gecko) Chrome/143.0.7499.192 Mobile Safari/537.36 (compatible; GoogleOther)"
66.249.75.45 - - [21/Jan/2026:02:23:29 +1100] "GET /?g=2955117717429&channel=124e22&from=http://bintopia.com/goods.htm?foundation114035382.html HTTP/1.1" 200 136691 "-" "Mozilla/5.0 (Linux; Android 6.0.1; Nexus 5X Build/MMB29P) AppleWebKit/537.36 (KHTML, like Gecko) Chrome/143.0.7499.192 Mobile Safari/537.36 (compatible; GoogleOther)"
66.249.75.44 - - [21/Jan/2026:02:29:48 +1100] "GET /?g=2955117717429&channel=124e22&from=http://bintopia.com/goods.htm?average169013279.html HTTP/1.1" 200 137198 "-" "Mozilla/5.0 (Linux; Android 6.0.1; Nexus 5X Build/MMB29P) AppleWebKit/537.36 (KHTML, like Gecko) Chrome/143.0.7499.192 Mobile Safari/537.36 (compatible; GoogleOther)"
54.37.100.112 - - [21/Jan/2026:02:35:50 +1100] "GET /p HTTP/1.1" 301 270 "-" "Mozilla/5.0 (iPhone; CPU iPhone OS 18_1_1 like Mac OS X) AppleWebKit/605.1.15 (KHTML, like Gecko) Version/18.1.1 Mobile/15E148 Safari/604.1"
51.195.130.70 - - [21/Jan/2026:02:35:51 +1100] "GET /p/ HTTP/1.1" 200 13768 "-" "Mozilla/5.0 (iPhone; CPU iPhone OS 18_1_1 like Mac OS X) AppleWebKit/605.1.15 (KHTML, like Gecko) Version/18.1.1 Mobile/15E148 Safari/604.1"
66.249.75.44 - - [21/Jan/2026:02:36:12 +1100] "GET /?g=2955117717429&channel=124e22&from=http://bintopia.com/goods.htm?desk288046548.html HTTP/1.1" 200 145270 "-" "Mozilla/5.0 (Linux; Android 6.0.1; Nexus 5X Build/MMB29P) AppleWebKit/537.36 (KHTML, like Gecko) Chrome/143.0.7499.192 Mobile Safari/537.36 (compatible; GoogleOther)"
155.4.131.116 - - [21/Jan/2026:02:37:09 +1100] "GET /p/ HTTP/1.1" 200 13768 "-" "Mozilla/5.0 (Macintosh; Intel Mac OS X 10_15_7) AppleWebKit/605.1.15 (KHTML, like Gecko) Version/17.3 Safari/605.1.15"
49.13.211.144 - - [21/Jan/2026:02:37:10 +1100] "GET /p/ HTTP/1.1" 200 13768 "-" "Mozilla/5.0 (Macintosh; Intel Mac OS X 10_15_7) AppleWebKit/605.1.15 (KHTML, like Gecko) Version/17.3 Safari/605.1.15"
174.138.115.87 - - [21/Jan/2026:02:37:10 +1100] "GET /p/ HTTP/1.1" 200 13768 "-" "Mozilla/5.0 (Macintosh; Intel Mac OS X 10_15_7) AppleWebKit/605.1.15 (KHTML, like Gecko) Version/17.3 Safari/605.1.15"
170.64.252.169 - - [21/Jan/2026:02:37:10 +1100] "GET /p/ HTTP/1.1" 200 13768 "-" "Mozilla/5.0 (Macintosh; Intel Mac OS X 10_15_7) AppleWebKit/605.1.15 (KHTML, like Gecko) Version/17.3 Safari/605.1.15"
66.249.75.32 - - [21/Jan/2026:02:38:29 +1100] "GET /?g=2955117717429&channel=124e22&from=http://bintopia.com/goods.htm?sophisticated213048627.html HTTP/1.1" 200 147939 "-" "Mozilla/5.0 (Linux; Android 6.0.1; Nexus 5X Build/MMB29P) AppleWebKit/537.36 (KHTML, like Gecko) Chrome/143.0.7499.192 Mobile Safari/537.36 (compatible; GoogleOther)"
43.131.36.84 - - [21/Jan/2026:02:39:16 +1100] "GET / HTTP/1.1" 200 1 "-" "Mozilla/5.0 (iPhone; CPU iPhone OS 13_2_3 like Mac OS X) AppleWebKit/605.1.15 (KHTML, like Gecko) Version/13.0.3 Mobile/15E148 Safari/604.1"
37.139.53.80 - - [21/Jan/2026:02:41:08 +1100] "GET /?pcf=1 HTTP/1.0" 200 1 "http://bintopia.com/?pcf=1#contact" "Mozilla/5.0 (Windows NT 6.1) AppleWebKit/537.36 (KHTML, like Gecko) Chrome/103.0.0.0 Safari/537.36"
37.139.53.80 - - [21/Jan/2026:02:41:09 +1100] "GET / HTTP/1.0" 200 1 "http://bintopia.com/" "Mozilla/5.0 (Windows NT 6.1) AppleWebKit/537.36 (KHTML, like Gecko) Chrome/103.0.0.0 Safari/537.36"
66.249.75.32 - - [21/Jan/2026:02:47:16 +1100] "GET /?g=2955117717429&channel=124e22&from=http://bintopia.com/goods.htm?click115038169.html HTTP/1.1" 200 147482 "-" "Mozilla/5.0 (Linux; Android 6.0.1; Nexus 5X Build/MMB29P) AppleWebKit/537.36 (KHTML, like Gecko) Chrome/143.0.7499.192 Mobile Safari/537.36 (compatible; GoogleOther)"
37.139.53.80 - - [21/Jan/2026:02:53:40 +1100] "GET /?pcf=1 HTTP/1.0" 200 1 "http://bintopia.com/?pcf=1#contact" "Mozilla/5.0 (Windows NT 6.2; Win64; x64) AppleWebKit/537.36 (KHTML, like Gecko) Chrome/103.0.0.0 Safari/537.36"
37.139.53.80 - - [21/Jan/2026:02:53:40 +1100] "GET / HTTP/1.0" 200 1 "http://bintopia.com/" "Mozilla/5.0 (Windows NT 6.2; Win64; x64) AppleWebKit/537.36 (KHTML, like Gecko) Chrome/103.0.0.0 Safari/537.36"
66.249.75.44 - - [21/Jan/2026:02:54:00 +1100] "GET /?l=337911353g0id HTTP/1.1" 200 138805 "-" "Mozilla/5.0 (Linux; Android 6.0.1; Nexus 5X Build/MMB29P) AppleWebKit/537.36 (KHTML, like Gecko) Chrome/143.0.7499.192 Mobile Safari/537.36 (compatible; Googlebot/2.1; +http://www.google.com/bot.html)"
57.141.16.70 - - [21/Jan/2026:02:55:31 +1100] "GET /?sitemap720.xml HTTP/1.1" 200 162570 "-" "meta-externalagent/1.1 (+https://developers.facebook.com/docs/sharing/webmasters/crawler)"
66.249.75.45 - - [21/Jan/2026:03:00:48 +1100] "GET /?g=2955117717429&channel=124e22&from=http://bintopia.com/goods.htm?anywhere150024186.html HTTP/1.1" 200 162453 "-" "Mozilla/5.0 (Linux; Android 6.0.1; Nexus 5X Build/MMB29P) AppleWebKit/537.36 (KHTML, like Gecko) Chrome/143.0.7499.192 Mobile Safari/537.36 (compatible; GoogleOther)"
5.135.113.22 - - [21/Jan/2026:03:06:36 +1100] "GET /p HTTP/1.1" 301 270 "-" "Mozilla/5.0 (iPhone; CPU iPhone OS 18_1_1 like Mac OS X) AppleWebKit/605.1.15 (KHTML, like Gecko) Version/18.1.1 Mobile/15E148 Safari/604.1"
51.38.247.188 - - [21/Jan/2026:03:06:37 +1100] "GET /p/ HTTP/1.1" 200 13768 "-" "Mozilla/5.0 (iPhone; CPU iPhone OS 18_1_1 like Mac OS X) AppleWebKit/605.1.15 (KHTML, like Gecko) Version/18.1.1 Mobile/15E148 Safari/604.1"
66.249.75.45 - - [21/Jan/2026:03:13:34 +1100] "GET /?l=50499750c773j HTTP/1.1" 200 - "-" "Mozilla/5.0 (Linux; Android 6.0.1; Nexus 5X Build/MMB29P) AppleWebKit/537.36 (KHTML, like Gecko) Chrome/143.0.7499.192 Mobile Safari/537.36 (compatible; GoogleOther)"
34.7.65.177 - - [21/Jan/2026:03:15:07 +1100] "GET / HTTP/1.1" 200 1 "-" "Mozilla/5.0 (compatible; CMS-Checker/1.0; +https://example.com)"
66.249.75.32 - - [21/Jan/2026:03:19:06 +1100] "GET /?g=2955117717429&channel=124e22&from=http://bintopia.com/goods.htm?surface212021178.html HTTP/1.1" 200 150521 "-" "Mozilla/5.0 (Linux; Android 6.0.1; Nexus 5X Build/MMB29P) AppleWebKit/537.36 (KHTML, like Gecko) Chrome/143.0.7499.192 Mobile Safari/537.36 (compatible; GoogleOther)"
37.139.53.80 - - [21/Jan/2026:03:19:32 +1100] "GET /?pcf=1 HTTP/1.0" 200 1 "http://bintopia.com/?pcf=1#contact" "Mozilla/5.0 (Windows NT 6.1) AppleWebKit/537.36 (KHTML, like Gecko) Chrome/103.0.5060.114 Safari/537.36"
37.139.53.80 - - [21/Jan/2026:03:19:33 +1100] "GET / HTTP/1.0" 200 1 "http://bintopia.com/" "Mozilla/5.0 (Windows NT 6.1) AppleWebKit/537.36 (KHTML, like Gecko) Chrome/103.0.5060.114 Safari/537.36"
66.249.75.32 - - [21/Jan/2026:03:20:37 +1100] "GET /13360866 HTTP/1.1" 200 136379 "-" "Mozilla/5.0 (Linux; Android 6.0.1; Nexus 5X Build/MMB29P) AppleWebKit/537.36 (KHTML, like Gecko) Chrome/143.0.7499.192 Mobile Safari/537.36 (compatible; GoogleOther)"
57.141.16.97 - - [21/Jan/2026:03:22:58 +1100] "GET /zgaxlk/swgfvv-c.html HTTP/1.1" 200 1 "-" "meta-externalagent/1.1 (+https://developers.facebook.com/docs/sharing/webmasters/crawler)"
57.141.16.11 - - [21/Jan/2026:03:23:23 +1100] "GET /?sitemap408.xml HTTP/1.1" 200 162584 "-" "meta-externalagent/1.1 (+https://developers.facebook.com/docs/sharing/webmasters/crawler)"
45.79.42.132 - - [21/Jan/2026:03:25:27 +1100] "HEAD / HTTP/1.1" 200 - "-" "Spider_Bot/3.0"
66.249.75.44 - - [21/Jan/2026:03:31:10 +1100] "GET /?g=2955117717429&channel=124e22&from=http://bintopia.com/goods.htm?retired101013413.html HTTP/1.1" 200 152056 "-" "Mozilla/5.0 (Linux; Android 6.0.1; Nexus 5X Build/MMB29P) AppleWebKit/537.36 (KHTML, like Gecko) Chrome/143.0.7499.192 Mobile Safari/537.36 (compatible; GoogleOther)"
37.139.53.80 - - [21/Jan/2026:03:32:08 +1100] "GET /?pcf=1 HTTP/1.0" 200 1 "http://bintopia.com/?pcf=1#contact" "Mozilla/5.0 (Windows NT 10.0; WOW64) AppleWebKit/537.36 (KHTML, like Gecko) Chrome/103.0.5060.114 Safari/537.36"
37.139.53.80 - - [21/Jan/2026:03:32:08 +1100] "GET / HTTP/1.0" 200 1 "http://bintopia.com/" "Mozilla/5.0 (Windows NT 10.0; WOW64) AppleWebKit/537.36 (KHTML, like Gecko) Chrome/103.0.5060.114 Safari/537.36"
51.255.225.159 - - [21/Jan/2026:03:37:18 +1100] "GET /p HTTP/1.1" 301 270 "-" "Mozilla/5.0 (iPhone; CPU iPhone OS 18_1_1 like Mac OS X) AppleWebKit/605.1.15 (KHTML, like Gecko) Version/18.1.1 Mobile/15E148 Safari/604.1"
46.105.76.231 - - [21/Jan/2026:03:37:19 +1100] "GET /p/ HTTP/1.1" 200 13768 "-" "Mozilla/5.0 (iPhone; CPU iPhone OS 18_1_1 like Mac OS X) AppleWebKit/605.1.15 (KHTML, like Gecko) Version/18.1.1 Mobile/15E148 Safari/604.1"
66.249.75.45 - - [21/Jan/2026:03:42:02 +1100] "GET /?g=2955117717429&channel=124e22&from=http://bintopia.com/goods.htm?undergraduate173013279.html HTTP/1.1" 200 154912 "-" "Mozilla/5.0 (Linux; Android 6.0.1; Nexus 5X Build/MMB29P) AppleWebKit/537.36 (KHTML, like Gecko) Chrome/143.0.7499.192 Mobile Safari/537.36 (compatible; GoogleOther)"
155.4.131.116 - - [21/Jan/2026:03:42:24 +1100] "GET /p/ HTTP/1.1" 200 13768 "-" "Mozilla/5.0 (Macintosh; Intel Mac OS X 10_15_7) AppleWebKit/605.1.15 (KHTML, like Gecko) Version/17.3 Safari/605.1.15"
49.13.211.144 - - [21/Jan/2026:03:42:24 +1100] "GET /p/ HTTP/1.1" 200 13768 "-" "Mozilla/5.0 (Macintosh; Intel Mac OS X 10_15_7) AppleWebKit/605.1.15 (KHTML, like Gecko) Version/17.3 Safari/605.1.15"
174.138.115.87 - - [21/Jan/2026:03:42:24 +1100] "GET /p/ HTTP/1.1" 200 13768 "-" "Mozilla/5.0 (Macintosh; Intel Mac OS X 10_15_7) AppleWebKit/605.1.15 (KHTML, like Gecko) Version/17.3 Safari/605.1.15"
170.64.252.169 - - [21/Jan/2026:03:42:26 +1100] "GET /p/ HTTP/1.1" 200 13768 "-" "Mozilla/5.0 (Macintosh; Intel Mac OS X 10_15_7) AppleWebKit/605.1.15 (KHTML, like Gecko) Version/17.3 Safari/605.1.15"
66.249.75.45 - - [21/Jan/2026:03:45:58 +1100] "GET /?g=2955117717429&channel=124e22&from=http://bintopia.com/goods.htm?ought079034641.html HTTP/1.1" 200 153589 "-" "Mozilla/5.0 (Linux; Android 6.0.1; Nexus 5X Build/MMB29P) AppleWebKit/537.36 (KHTML, like Gecko) Chrome/143.0.7499.192 Mobile Safari/537.36 (compatible; GoogleOther)"
66.249.75.44 - - [21/Jan/2026:03:56:32 +1100] "GET /?g=2955117717429&channel=124e22&from=http://bintopia.com/goods.htm?perfectly130016166.html HTTP/1.1" 200 142546 "-" "Mozilla/5.0 (Linux; Android 6.0.1; Nexus 5X Build/MMB29P) AppleWebKit/537.36 (KHTML, like Gecko) Chrome/143.0.7499.192 Mobile Safari/537.36 (compatible; GoogleOther)"
37.139.53.80 - - [21/Jan/2026:03:57:52 +1100] "GET /?pcf=1 HTTP/1.0" 200 1 "http://bintopia.com/?pcf=1#contact" "Mozilla/5.0 (Windows NT 6.3; Win64; x64) AppleWebKit/537.36 (KHTML, like Gecko) Chrome/103.0.5060.66 Safari/537.36"
37.139.53.80 - - [21/Jan/2026:03:57:53 +1100] "GET / HTTP/1.0" 200 1 "http://bintopia.com/" "Mozilla/5.0 (Windows NT 6.3; Win64; x64) AppleWebKit/537.36 (KHTML, like Gecko) Chrome/103.0.5060.66 Safari/537.36"
151.80.62.205 - - [21/Jan/2026:03:58:00 +1100] "GET /p HTTP/1.1" 301 270 "-" "Mozilla/5.0 (Macintosh; Intel Mac OS X 10_15_7) AppleWebKit/605.1.15 (KHTML, like Gecko) Version/18.1.1 Safari/605.1.1"
188.165.58.79 - - [21/Jan/2026:03:58:01 +1100] "GET /p/ HTTP/1.1" 200 13768 "-" "Mozilla/5.0 (Macintosh; Intel Mac OS X 10_15_7) AppleWebKit/605.1.15 (KHTML, like Gecko) Version/18.1.1 Safari/605.1.1"
135.125.122.65 - - [21/Jan/2026:03:58:11 +1100] "GET /p/ HTTP/1.1" 200 13768 "-" "Mozilla/5.0 (Macintosh; Intel Mac OS X 10_15_7) AppleWebKit/605.1.15 (KHTML, like Gecko) Version/18.1.1 Safari/605.1.1"
178.128.87.99 - - [21/Jan/2026:03:59:46 +1100] "GET /wp-login.php HTTP/1.1" 200 1 "https://www.bing.com/" "Mozilla/5.0 (Macintosh; Intel Mac OS X 10_15_7) AppleWebKit/605.1.15 (KHTML, like Gecko) Version/16.6 Safari/605.1.15"
157.55.39.193 - - [21/Jan/2026:04:07:58 +1100] "GET /powxqy/oaluet-c.html HTTP/1.1" 404 - "-" "Mozilla/5.0 AppleWebKit/537.36 (KHTML, like Gecko; compatible; bingbot/2.0; +http://www.bing.com/bingbot.htm) Chrome/116.0.1938.76 Safari/537.36"
188.165.52.44 - - [21/Jan/2026:04:08:23 +1100] "GET /p HTTP/1.1" 301 270 "-" "Mozilla/5.0 (iPhone; CPU iPhone OS 18_1_1 like Mac OS X) AppleWebKit/605.1.15 (KHTML, like Gecko) Version/18.1.1 Mobile/15E148 Safari/604.1"
46.105.76.156 - - [21/Jan/2026:04:08:24 +1100] "GET /p/ HTTP/1.1" 200 13768 "-" "Mozilla/5.0 (iPhone; CPU iPhone OS 18_1_1 like Mac OS X) AppleWebKit/605.1.15 (KHTML, like Gecko) Version/18.1.1 Mobile/15E148 Safari/604.1"
66.249.75.44 - - [21/Jan/2026:04:08:49 +1100] "GET /?g=2955117717429&channel=124e22&from=http://bintopia.com/goods.htm?shop/goodscode036013731.html HTTP/1.1" 200 5617 "-" "Mozilla/5.0 (Linux; Android 6.0.1; Nexus 5X Build/MMB29P) AppleWebKit/537.36 (KHTML, like Gecko) Chrome/143.0.7499.192 Mobile Safari/537.36 (compatible; GoogleOther)"
37.139.53.80 - - [21/Jan/2026:04:10:24 +1100] "GET /?pcf=1 HTTP/1.0" 200 5617 "http://bintopia.com/?pcf=1#contact" "Mozilla/5.0 (Windows NT 6.3; Win64; x64) AppleWebKit/537.36 (KHTML, like Gecko) Chrome/103.0.5060.53 Safari/537.36"
37.139.53.80 - - [21/Jan/2026:04:10:25 +1100] "GET / HTTP/1.0" 200 5617 "http://bintopia.com/" "Mozilla/5.0 (Windows NT 6.3; Win64; x64) AppleWebKit/537.36 (KHTML, like Gecko) Chrome/103.0.5060.53 Safari/537.36"
66.249.75.45 - - [21/Jan/2026:04:10:44 +1100] "GET /?g=2955117717429&channel=124e22&from=http://bintopia.com/goods.htm?wildlife051030685.html HTTP/1.1" 200 5617 "-" "Mozilla/5.0 (Linux; Android 6.0.1; Nexus 5X Build/MMB29P) AppleWebKit/537.36 (KHTML, like Gecko) Chrome/143.0.7499.192 Mobile Safari/537.36 (compatible; GoogleOther)"
173.252.82.17 - - [21/Jan/2026:04:12:25 +1100] "GET /robots.txt HTTP/1.1" 206 955 "-" "facebookexternalhit/1.1 (+http://www.facebook.com/externalhit_uatext.php)"
173.252.95.27 - - [21/Jan/2026:04:12:26 +1100] "GET /robots.txt HTTP/1.1" 206 955 "-" "facebookexternalhit/1.1 (+http://www.facebook.com/externalhit_uatext.php)"
57.141.16.76 - - [21/Jan/2026:04:12:27 +1100] "GET /hkzweq/ogrbpm-c.html HTTP/1.1" 404 - "-" "meta-externalagent/1.1 (+https://developers.facebook.com/docs/sharing/webmasters/crawler)"
66.249.75.44 - - [21/Jan/2026:04:15:06 +1100] "GET /?g=2955117717429&channel=124e22&from=http://bintopia.com/goods.htm?bankruptcy279017563.html HTTP/1.1" 200 5617 "-" "Mozilla/5.0 (Linux; Android 6.0.1; Nexus 5X Build/MMB29P) AppleWebKit/537.36 (KHTML, like Gecko) Chrome/143.0.7499.192 Mobile Safari/537.36 (compatible; GoogleOther)"
66.249.75.45 - - [21/Jan/2026:04:15:47 +1100] "GET /?g=2955117717429&channel=124e22&from=http://bintopia.com/goods.htm?goodscode001001219.html HTTP/1.1" 200 5617 "-" "Mozilla/5.0 (Linux; Android 6.0.1; Nexus 5X Build/MMB29P) AppleWebKit/537.36 (KHTML, like Gecko) Chrome/143.0.7499.192 Mobile Safari/537.36 (compatible; GoogleOther)"
66.249.75.44 - - [21/Jan/2026:04:19:42 +1100] "GET /?g=2955117717429&channel=124e22&from=http://bintopia.com/goods.htm?integrity154034794.html HTTP/1.1" 200 5617 "-" "Mozilla/5.0 (Linux; Android 6.0.1; Nexus 5X Build/MMB29P) AppleWebKit/537.36 (KHTML, like Gecko) Chrome/143.0.7499.192 Mobile Safari/537.36 (compatible; GoogleOther)"
66.249.75.45 - - [21/Jan/2026:04:20:28 +1100] "GET /?g=2955117717429&channel=124e22&from=http://bintopia.com/goods.htm?jazz003005683.html HTTP/1.1" 200 5617 "-" "Mozilla/5.0 (Linux; Android 6.0.1; Nexus 5X Build/MMB29P) AppleWebKit/537.36 (KHTML, like Gecko) Chrome/143.0.7499.192 Mobile Safari/537.36 (compatible; GoogleOther)"
154.194.114.145 - - [21/Jan/2026:04:21:01 +1100] "GET / HTTP/1.0" 200 5617 "http://bintopia.com/" "Mozilla/5.0 (Windows NT 10.0; Win64; x64) AppleWebKit/537.36 (KHTML, like Gecko) Chrome/130.0.0.0 Safari/537.36 CCleaner/130.0.0.0"
66.249.75.45 - - [21/Jan/2026:04:24:57 +1100] "GET /?g=2955117717429&channel=124e22&from=http://bintopia.com/goods.htm?cookie193043721.html HTTP/1.1" 200 5617 "-" "Mozilla/5.0 (Linux; Android 6.0.1; Nexus 5X Build/MMB29P) AppleWebKit/537.36 (KHTML, like Gecko) Chrome/143.0.7499.192 Mobile Safari/537.36 (compatible; GoogleOther)"
66.249.75.44 - - [21/Jan/2026:04:25:53 +1100] "GET /?g=2955117717429&channel=124e22&from=http://bintopia.com/goods.htm?develop172033134.html HTTP/1.1" 200 5617 "-" "Mozilla/5.0 (Linux; Android 6.0.1; Nexus 5X Build/MMB29P) AppleWebKit/537.36 (KHTML, like Gecko) Chrome/143.0.7499.192 Mobile Safari/537.36 (compatible; GoogleOther)"
66.249.75.44 - - [21/Jan/2026:04:30:18 +1100] "GET /?g=2955117717429&channel=124e22&from=http://bintopia.com/goods.htm?marriage084009426.html HTTP/1.1" 200 5617 "-" "Mozilla/5.0 (Linux; Android 6.0.1; Nexus 5X Build/MMB29P) AppleWebKit/537.36 (KHTML, like Gecko) Chrome/143.0.7499.192 Mobile Safari/537.36 (compatible; GoogleOther)"
66.249.75.45 - - [21/Jan/2026:04:30:47 +1100] "GET /?l=964540i7hf31 HTTP/1.1" 200 5617 "-" "Mozilla/5.0 (Linux; Android 6.0.1; Nexus 5X Build/MMB29P) AppleWebKit/537.36 (KHTML, like Gecko) Chrome/143.0.7499.192 Mobile Safari/537.36 (compatible; GoogleOther)"
66.249.75.44 - - [21/Jan/2026:04:31:11 +1100] "GET /?g=2955117717429&channel=124e22&from=http://bintopia.com/goods.htm?drift037031003.html HTTP/1.1" 200 5617 "-" "Mozilla/5.0 (Linux; Android 6.0.1; Nexus 5X Build/MMB29P) AppleWebKit/537.36 (KHTML, like Gecko) Chrome/143.0.7499.192 Mobile Safari/537.36 (compatible; GoogleOther)"
27.5.207.93 - - [21/Jan/2026:04:31:12 +1100] "GET /p HTTP/1.1" 301 270 "-" "Mozilla/4.0 (compatible; MSIE 7.0; Windows NT 5.1; .NET CLR 1.1.4322; .NET CLR 2.0.50727; .NET CLR 3.0.04506.30)"
27.5.207.93 - - [21/Jan/2026:04:31:12 +1100] "GET /p/ HTTP/1.1" 200 13768 "-" "Mozilla/4.0 (compatible; MSIE 7.0; Windows NT 5.1; .NET CLR 1.1.4322; .NET CLR 2.0.50727; .NET CLR 3.0.04506.30)"
66.249.75.44 - - [21/Jan/2026:04:32:53 +1100] "GET /products/380788220 HTTP/1.1" 404 - "-" "Mozilla/5.0 (Linux; Android 6.0.1; Nexus 5X Build/MMB29P) AppleWebKit/537.36 (KHTML, like Gecko) Chrome/143.0.7499.192 Mobile Safari/537.36 (compatible; GoogleOther)"
66.249.75.32 - - [21/Jan/2026:04:33:03 +1100] "GET /?g=2955117717429&channel=124e22&from=http://bintopia.com/goods.htm?vaccine155029765.html HTTP/1.1" 200 5617 "-" "Mozilla/5.0 (Linux; Android 6.0.1; Nexus 5X Build/MMB29P) AppleWebKit/537.36 (KHTML, like Gecko) Chrome/143.0.7499.192 Mobile Safari/537.36 (compatible; GoogleOther)"
37.139.53.80 - - [21/Jan/2026:04:36:09 +1100] "GET /?pcf=1 HTTP/1.0" 200 5617 "http://bintopia.com/?pcf=1#contact" "Mozilla/5.0 (Windows NT 6.1; WOW64) AppleWebKit/537.36 (KHTML, like Gecko) Chrome/103.0.0.0 Safari/537.36"
37.139.53.80 - - [21/Jan/2026:04:36:09 +1100] "GET / HTTP/1.0" 200 5617 "http://bintopia.com/" "Mozilla/5.0 (Windows NT 6.1; WOW64) AppleWebKit/537.36 (KHTML, like Gecko) Chrome/103.0.0.0 Safari/537.36"
66.249.75.32 - - [21/Jan/2026:04:36:32 +1100] "GET /?g=2955117717429&channel=124e22&from=http://bintopia.com/goods.htm?prompt262040112.html HTTP/1.1" 200 5617 "-" "Mozilla/5.0 (Linux; Android 6.0.1; Nexus 5X Build/MMB29P) AppleWebKit/537.36 (KHTML, like Gecko) Chrome/143.0.7499.192 Mobile Safari/537.36 (compatible; GoogleOther)"
193.70.55.174 - - [21/Jan/2026:04:39:19 +1100] "GET /p HTTP/1.1" 301 270 "-" "Mozilla/5.0 (iPhone; CPU iPhone OS 18_1_1 like Mac OS X) AppleWebKit/605.1.15 (KHTML, like Gecko) Version/18.1.1 Mobile/15E148 Safari/604.1"
164.132.181.175 - - [21/Jan/2026:04:39:21 +1100] "GET /p/ HTTP/1.1" 200 13768 "-" "Mozilla/5.0 (iPhone; CPU iPhone OS 18_1_1 like Mac OS X) AppleWebKit/605.1.15 (KHTML, like Gecko) Version/18.1.1 Mobile/15E148 Safari/604.1"
216.73.216.97 - - [21/Jan/2026:04:39:41 +1100] "GET /robots.txt HTTP/1.1" 200 955 "-" "Mozilla/5.0 AppleWebKit/537.36 (KHTML, like Gecko; compatible; ClaudeBot/1.0; +claudebot@anthropic.com)"
216.73.216.97 - - [21/Jan/2026:04:39:41 +1100] "GET / HTTP/1.1" 200 5617 "-" "Mozilla/5.0 AppleWebKit/537.36 (KHTML, like Gecko; compatible; ClaudeBot/1.0; +claudebot@anthropic.com)"
66.249.75.45 - - [21/Jan/2026:04:40:33 +1100] "GET /?g=2955117717429&channel=124e22&from=http://bintopia.com/goods.htm?defender027044003.html HTTP/1.1" 200 5617 "-" "Mozilla/5.0 (Linux; Android 6.0.1; Nexus 5X Build/MMB29P) AppleWebKit/537.36 (KHTML, like Gecko) Chrome/143.0.7499.192 Mobile Safari/537.36 (compatible; GoogleOther)"
49.13.211.144 - - [21/Jan/2026:04:41:23 +1100] "GET /p/ HTTP/1.1" 200 13768 "-" "Mozilla/5.0 (Macintosh; Intel Mac OS X 10_15_7) AppleWebKit/605.1.15 (KHTML, like Gecko) Version/17.3 Safari/605.1.15"
174.138.115.87 - - [21/Jan/2026:04:41:23 +1100] "GET /p/ HTTP/1.1" 200 13768 "-" "Mozilla/5.0 (Macintosh; Intel Mac OS X 10_15_7) AppleWebKit/605.1.15 (KHTML, like Gecko) Version/17.3 Safari/605.1.15"
155.4.131.116 - - [21/Jan/2026:04:41:23 +1100] "GET /p/ HTTP/1.1" 200 13768 "-" "Mozilla/5.0 (Macintosh; Intel Mac OS X 10_15_7) AppleWebKit/605.1.15 (KHTML, like Gecko) Version/17.3 Safari/605.1.15"
170.64.252.169 - - [21/Jan/2026:04:41:24 +1100] "GET /p/ HTTP/1.1" 200 13768 "-" "Mozilla/5.0 (Macintosh; Intel Mac OS X 10_15_7) AppleWebKit/605.1.15 (KHTML, like Gecko) Version/17.3 Safari/605.1.15"
157.55.39.13 - - [21/Jan/2026:04:44:08 +1100] "GET /rxjalb/bjjkgt-c.html HTTP/1.1" 404 - "-" "Mozilla/5.0 AppleWebKit/537.36 (KHTML, like Gecko; compatible; bingbot/2.0; +http://www.bing.com/bingbot.htm) Chrome/116.0.1938.76 Safari/537.36"
66.249.75.32 - - [21/Jan/2026:04:45:31 +1100] "GET /?g=2955117717429&channel=124e22&from=http://bintopia.com/goods.htm?clay218038882.html HTTP/1.1" 200 5617 "-" "Mozilla/5.0 (Linux; Android 6.0.1; Nexus 5X Build/MMB29P) AppleWebKit/537.36 (KHTML, like Gecko) Chrome/143.0.7499.192 Mobile Safari/537.36 (compatible; GoogleOther)"
37.139.53.80 - - [21/Jan/2026:04:48:50 +1100] "GET /?pcf=1 HTTP/1.0" 200 5617 "http://bintopia.com/?pcf=1#contact" "Mozilla/5.0 (Windows NT 6.1; WOW64) AppleWebKit/537.36 (KHTML, like Gecko) Chrome/103.0.0.0 Safari/537.36"
37.139.53.80 - - [21/Jan/2026:04:48:50 +1100] "GET / HTTP/1.0" 200 5617 "http://bintopia.com/" "Mozilla/5.0 (Windows NT 6.1; WOW64) AppleWebKit/537.36 (KHTML, like Gecko) Chrome/103.0.0.0 Safari/537.36"
66.249.75.44 - - [21/Jan/2026:04:52:41 +1100] "GET /13360866 HTTP/1.1" 404 - "-" "Mozilla/5.0 (Linux; Android 6.0.1; Nexus 5X Build/MMB29P) AppleWebKit/537.36 (KHTML, like Gecko) Chrome/143.0.7499.192 Mobile Safari/537.36 (compatible; Googlebot/2.1; +http://www.google.com/bot.html)"
