66.249.75.44 - - [21/Jan/2026:04:56:12 +1100] "GET /?g=2955117717429&channel=124e22&from=http://bintopia.com/goods.htm?experiment130000570.html HTTP/1.1" 200 5617 "-" "Mozilla/5.0 (Linux; Android 6.0.1; Nexus 5X Build/MMB29P) AppleWebKit/537.36 (KHTML, like Gecko) Chrome/143.0.7499.192 Mobile Safari/537.36 (compatible; GoogleOther)"
36.106.166.47 - - [21/Jan/2026:04:57:13 +1100] "GET / HTTP/1.1" 200 5617 "-" "Mozilla/5.0 (Windows NT 10.0; Win64; x64) AppleWebKit/537.36 (KHTML, like Gecko) Chrome/120.0.0.0 Safari/537.36"
36.106.166.47 - - [21/Jan/2026:04:57:17 +1100] "GET /api/v1/guest/comm/config HTTP/1.1" 404 - "-" "Mozilla/5.0 (Macintosh; Intel Mac OS X 10_15_7) AppleWebKit/537.36 (KHTML, like Gecko) Chrome/121.0.0.0 Safari/537.36"
36.106.166.47 - - [21/Jan/2026:04:57:19 +1100] "GET / HTTP/1.1" 200 5617 "-" "Mozilla/5.0 (Macintosh; Intel Mac OS X 10_15_7) AppleWebKit/537.36 (KHTML, like Gecko) Chrome/121.0.0.0 Safari/537.36"
36.106.166.47 - - [21/Jan/2026:04:57:20 +1100] "GET / HTTP/1.1" 200 5617 "-" "Mozilla/5.0 (Windows NT 10.0; Win64; x64; rv:121.0) Gecko/20100101 Firefox/121.0"
66.249.75.44 - - [21/Jan/2026:05:01:59 +1100] "GET /?g=2955117717429&channel=124e22&from=http://bintopia.com/goods.htm?court262010784.html HTTP/1.1" 200 5617 "-" "Mozilla/5.0 (Linux; Android 6.0.1; Nexus 5X Build/MMB29P) AppleWebKit/537.36 (KHTML, like Gecko) Chrome/143.0.7499.192 Mobile Safari/537.36 (compatible; GoogleOther)"
66.249.75.45 - - [21/Jan/2026:05:06:55 +1100] "GET /?g=2955117717429&channel=124e22&from=http://bintopia.com/goods.htm?shrink012011148.html HTTP/1.1" 200 5617 "-" "Mozilla/5.0 (Linux; Android 6.0.1; Nexus 5X Build/MMB29P) AppleWebKit/537.36 (KHTML, like Gecko) Chrome/143.0.7499.192 Mobile Safari/537.36 (compatible; GoogleOther)"
193.70.103.254 - - [21/Jan/2026:05:10:21 +1100] "GET /p HTTP/1.1" 301 270 "-" "Mozilla/5.0 (iPhone; CPU iPhone OS 18_1_1 like Mac OS X) AppleWebKit/605.1.15 (KHTML, like Gecko) Version/18.1.1 Mobile/15E148 Safari/604.1"
54.38.153.176 - - [21/Jan/2026:05:10:23 +1100] "GET /p/ HTTP/1.1" 200 13768 "-" "Mozilla/5.0 (iPhone; CPU iPhone OS 18_1_1 like Mac OS X) AppleWebKit/605.1.15 (KHTML, like Gecko) Version/18.1.1 Mobile/15E148 Safari/604.1"
66.249.75.44 - - [21/Jan/2026:05:12:41 +1100] "GET /?g=2955117717429&channel=124e22&from=http://bintopia.com/goods.htm?increased145046105.html HTTP/1.1" 200 5617 "-" "Mozilla/5.0 (Linux; Android 6.0.1; Nexus 5X Build/MMB29P) AppleWebKit/537.36 (KHTML, like Gecko) Chrome/143.0.7499.192 Mobile Safari/537.36 (compatible; GoogleOther)"
37.139.53.80 - - [21/Jan/2026:05:14:27 +1100] "GET /?pcf=1 HTTP/1.0" 200 - "http://bintopia.com/?pcf=1#contact" "Mozilla/5.0 (Windows NT 6.3) AppleWebKit/537.36 (KHTML, like Gecko) Chrome/103.0.0.0 Safari/537.36"
37.139.53.80 - - [21/Jan/2026:05:14:28 +1100] "GET / HTTP/1.0" 200 - "http://bintopia.com/" "Mozilla/5.0 (Windows NT 6.3) AppleWebKit/537.36 (KHTML, like Gecko) Chrome/103.0.0.0 Safari/537.36"
37.139.53.80 - - [21/Jan/2026:05:27:14 +1100] "GET /?pcf=1 HTTP/1.0" 200 - "http://bintopia.com/?pcf=1#contact" "Mozilla/5.0 (Windows NT 10.0; Win64; x64) AppleWebKit/537.36 (KHTML, like Gecko) Chrome/103.0.0.0 Safari/537.36"
37.139.53.80 - - [21/Jan/2026:05:27:15 +1100] "GET / HTTP/1.0" 200 - "http://bintopia.com/" "Mozilla/5.0 (Windows NT 10.0; Win64; x64) AppleWebKit/537.36 (KHTML, like Gecko) Chrome/103.0.0.0 Safari/537.36"
43.131.243.61 - - [21/Jan/2026:05:29:35 +1100] "GET / HTTP/1.1" 200 - "-" "Mozilla/5.0 (iPhone; CPU iPhone OS 13_2_3 like Mac OS X) AppleWebKit/605.1.15 (KHTML, like Gecko) Version/13.0.3 Mobile/15E148 Safari/604.1"
121.229.156.32 - - [21/Jan/2026:05:32:41 +1100] "GET / HTTP/1.1" 200 - "-" "Sogou web spider/4.0(+http://www.sogou.com/docs/help/webmasters.htm#07)"
66.249.75.32 - - [21/Jan/2026:05:33:11 +1100] "GET /?sitemapindex.xml HTTP/1.1" 200 7607 "-" "Mozilla/5.0 (compatible; Googlebot/2.1; +http://www.google.com/bot.html)"
66.249.75.45 - - [21/Jan/2026:05:36:03 +1100] "GET /sitemap38.xml HTTP/1.1" 200 510294 "-" "Mozilla/5.0 (compatible; Googlebot/2.1; +http://www.google.com/bot.html)"
66.249.75.44 - - [21/Jan/2026:05:37:48 +1100] "GET /sitemap15.xml HTTP/1.1" 200 510797 "-" "Mozilla/5.0 (compatible; Googlebot/2.1; +http://www.google.com/bot.html)"
66.249.75.32 - - [21/Jan/2026:05:39:10 +1100] "GET /sitemap68.xml HTTP/1.1" 200 510737 "-" "Mozilla/5.0 (compatible; Googlebot/2.1; +http://www.google.com/bot.html)"
177.73.195.55 - - [21/Jan/2026:05:39:43 +1100] "GET /wheelie-bin-spares/ HTTP/1.1" 200 - "-" "Mozilla/5.0 (Windows; U; Windows NT 6.1; zh-CN; rv:1.9.2.14) Gecko/20110218 Firefox/3.6.14"
178.32.88.96 - - [21/Jan/2026:05:40:36 +1100] "GET /p HTTP/1.1" 301 270 "-" "Mozilla/5.0 (iPhone; CPU iPhone OS 18_1_1 like Mac OS X) AppleWebKit/605.1.15 (KHTML, like Gecko) Version/18.1.1 Mobile/15E148 Safari/604.1"
91.134.197.233 - - [21/Jan/2026:05:40:38 +1100] "GET /p/ HTTP/1.1" 200 13768 "-" "Mozilla/5.0 (iPhone; CPU iPhone OS 18_1_1 like Mac OS X) AppleWebKit/605.1.15 (KHTML, like Gecko) Version/18.1.1 Mobile/15E148 Safari/604.1"
66.249.75.44 - - [21/Jan/2026:05:40:45 +1100] "GET /sitemap35.xml HTTP/1.1" 200 510653 "-" "Mozilla/5.0 (compatible; Googlebot/2.1; +http://www.google.com/bot.html)"
66.249.75.44 - - [21/Jan/2026:05:42:07 +1100] "GET /sitemap56.xml HTTP/1.1" 200 510853 "-" "Mozilla/5.0 (compatible; Googlebot/2.1; +http://www.google.com/bot.html)"
155.4.131.116 - - [21/Jan/2026:05:42:20 +1100] "GET /p/ HTTP/1.1" 200 13768 "-" "Mozilla/5.0 (Macintosh; Intel Mac OS X 10_15_7) AppleWebKit/605.1.15 (KHTML, like Gecko) Version/17.3 Safari/605.1.15"
49.13.211.144 - - [21/Jan/2026:05:42:21 +1100] "GET /p/ HTTP/1.1" 200 13768 "-" "Mozilla/5.0 (Macintosh; Intel Mac OS X 10_15_7) AppleWebKit/605.1.15 (KHTML, like Gecko) Version/17.3 Safari/605.1.15"
174.138.115.87 - - [21/Jan/2026:05:42:21 +1100] "GET /p/ HTTP/1.1" 200 13768 "-" "Mozilla/5.0 (Macintosh; Intel Mac OS X 10_15_7) AppleWebKit/605.1.15 (KHTML, like Gecko) Version/17.3 Safari/605.1.15"
170.64.252.169 - - [21/Jan/2026:05:42:22 +1100] "GET /p/ HTTP/1.1" 200 13768 "-" "Mozilla/5.0 (Macintosh; Intel Mac OS X 10_15_7) AppleWebKit/605.1.15 (KHTML, like Gecko) Version/17.3 Safari/605.1.15"
37.139.53.80 - - [21/Jan/2026:05:52:43 +1100] "GET /?pcf=1 HTTP/1.0" 200 - "http://bintopia.com/?pcf=1#contact" "Mozilla/5.0 (Windows NT 6.1) AppleWebKit/537.36 (KHTML, like Gecko) Chrome/103.0.0.0 Safari/537.36"
37.139.53.80 - - [21/Jan/2026:05:52:44 +1100] "GET / HTTP/1.0" 200 - "http://bintopia.com/" "Mozilla/5.0 (Windows NT 6.1) AppleWebKit/537.36 (KHTML, like Gecko) Chrome/103.0.0.0 Safari/537.36"
216.73.216.97 - - [21/Jan/2026:05:56:17 +1100] "GET /robots.txt HTTP/1.1" 200 955 "-" "Mozilla/5.0 AppleWebKit/537.36 (KHTML, like Gecko; compatible; ClaudeBot/1.0; +claudebot@anthropic.com)"
216.73.216.97 - - [21/Jan/2026:05:56:17 +1100] "GET /txets.php HTTP/1.1" 403 - "-" "Mozilla/5.0 AppleWebKit/537.36 (KHTML, like Gecko; compatible; ClaudeBot/1.0; +claudebot@anthropic.com)"
216.73.216.97 - - [21/Jan/2026:05:56:17 +1100] "GET /admin.php HTTP/1.1" 500 - "-" "Mozilla/5.0 AppleWebKit/537.36 (KHTML, like Gecko; compatible; ClaudeBot/1.0; +claudebot@anthropic.com)"
216.73.216.97 - - [21/Jan/2026:05:56:31 +1100] "GET /item.php HTTP/1.1" 200 381 "-" "Mozilla/5.0 AppleWebKit/537.36 (KHTML, like Gecko; compatible; ClaudeBot/1.0; +claudebot@anthropic.com)"
216.73.216.97 - - [21/Jan/2026:05:56:31 +1100] "GET /vx.php HTTP/1.1" 403 - "-" "Mozilla/5.0 AppleWebKit/537.36 (KHTML, like Gecko; compatible; ClaudeBot/1.0; +claudebot@anthropic.com)"
216.73.216.97 - - [21/Jan/2026:05:56:36 +1100] "GET /mah.php HTTP/1.1" 200 381 "-" "Mozilla/5.0 AppleWebKit/537.36 (KHTML, like Gecko; compatible; ClaudeBot/1.0; +claudebot@anthropic.com)"
216.73.216.97 - - [21/Jan/2026:05:56:36 +1100] "GET /wp-includes HTTP/1.1" 301 280 "-" "Mozilla/5.0 AppleWebKit/537.36 (KHTML, like Gecko; compatible; ClaudeBot/1.0; +claudebot@anthropic.com)"
216.73.216.97 - - [21/Jan/2026:05:56:37 +1100] "GET /wp-includes/ HTTP/1.1" 200 7190 "http://bintopia.com/wp-includes" "Mozilla/5.0 AppleWebKit/537.36 (KHTML, like Gecko; compatible; ClaudeBot/1.0; +claudebot@anthropic.com)"
216.73.216.97 - - [21/Jan/2026:05:57:48 +1100] "GET /index.php0 HTTP/1.1" 200 41 "-" "Mozilla/5.0 AppleWebKit/537.36 (KHTML, like Gecko; compatible; ClaudeBot/1.0; +claudebot@anthropic.com)"
216.73.216.97 - - [21/Jan/2026:05:57:48 +1100] "GET /wp-the.php HTTP/1.1" 403 - "-" "Mozilla/5.0 AppleWebKit/537.36 (KHTML, like Gecko; compatible; ClaudeBot/1.0; +claudebot@anthropic.com)"
216.73.216.97 - - [21/Jan/2026:05:57:53 +1100] "GET /!! HTTP/1.1" 301 271 "-" "Mozilla/5.0 AppleWebKit/537.36 (KHTML, like Gecko; compatible; ClaudeBot/1.0; +claudebot@anthropic.com)"
216.73.216.97 - - [21/Jan/2026:05:57:54 +1100] "GET /wp-thi.php HTTP/1.1" 403 - "-" "Mozilla/5.0 AppleWebKit/537.36 (KHTML, like Gecko; compatible; ClaudeBot/1.0; +claudebot@anthropic.com)"
216.73.216.97 - - [21/Jan/2026:05:57:54 +1100] "GET /!!/ HTTP/1.1" 200 13768 "http://bintopia.com/!!" "Mozilla/5.0 AppleWebKit/537.36 (KHTML, like Gecko; compatible; ClaudeBot/1.0; +claudebot@anthropic.com)"
216.73.216.97 - - [21/Jan/2026:05:57:58 +1100] "GET /h HTTP/1.1" 301 270 "-" "Mozilla/5.0 AppleWebKit/537.36 (KHTML, like Gecko; compatible; ClaudeBot/1.0; +claudebot@anthropic.com)"
216.73.216.97 - - [21/Jan/2026:05:57:59 +1100] "GET /wp-log1n.php HTTP/1.1" 200 381 "-" "Mozilla/5.0 AppleWebKit/537.36 (KHTML, like Gecko; compatible; ClaudeBot/1.0; +claudebot@anthropic.com)"
216.73.216.97 - - [21/Jan/2026:05:57:59 +1100] "GET /h/ HTTP/1.1" 200 13768 "http://bintopia.com/h" "Mozilla/5.0 AppleWebKit/537.36 (KHTML, like Gecko; compatible; ClaudeBot/1.0; +claudebot@anthropic.com)"
66.249.75.44 - - [21/Jan/2026:05:58:20 +1100] "GET /?g=2955117717429&channel=124e22&from=http://bintopia.com/goods.htm?elder037014055.html HTTP/1.1" 200 157668 "-" "Mozilla/5.0 (Linux; Android 6.0.1; Nexus 5X Build/MMB29P) AppleWebKit/537.36 (KHTML, like Gecko) Chrome/143.0.7499.192 Mobile Safari/537.36 (compatible; GoogleOther)"
216.73.216.97 - - [21/Jan/2026:05:58:35 +1100] "GET /t6wer-send.php HTTP/1.1" 403 - "-" "Mozilla/5.0 AppleWebKit/537.36 (KHTML, like Gecko; compatible; ClaudeBot/1.0; +claudebot@anthropic.com)"
216.73.216.97 - - [21/Jan/2026:05:58:35 +1100] "GET /wp-content HTTP/1.1" 301 279 "-" "Mozilla/5.0 AppleWebKit/537.36 (KHTML, like Gecko; compatible; ClaudeBot/1.0; +claudebot@anthropic.com)"
216.73.216.97 - - [21/Jan/2026:05:58:36 +1100] "GET /wp-content/ HTTP/1.1" 200 5066 "http://bintopia.com/wp-content" "Mozilla/5.0 AppleWebKit/537.36 (KHTML, like Gecko; compatible; ClaudeBot/1.0; +claudebot@anthropic.com)"
216.73.216.97 - - [21/Jan/2026:05:59:17 +1100] "GET /s421ulj6.php HTTP/1.1" 403 - "-" "Mozilla/5.0 AppleWebKit/537.36 (KHTML, like Gecko; compatible; ClaudeBot/1.0; +claudebot@anthropic.com)"
216.73.216.97 - - [21/Jan/2026:05:59:17 +1100] "GET /wp-blog-header.php HTTP/1.1" 403 - "-" "Mozilla/5.0 AppleWebKit/537.36 (KHTML, like Gecko; compatible; ClaudeBot/1.0; +claudebot@anthropic.com)"
216.73.216.97 - - [21/Jan/2026:05:59:25 +1100] "GET /p777g2wf.php HTTP/1.1" 403 - "-" "Mozilla/5.0 AppleWebKit/537.36 (KHTML, like Gecko; compatible; ClaudeBot/1.0; +claudebot@anthropic.com)"
216.73.216.97 - - [21/Jan/2026:05:59:26 +1100] "GET /b8d104 HTTP/1.1" 301 275 "-" "Mozilla/5.0 AppleWebKit/537.36 (KHTML, like Gecko; compatible; ClaudeBot/1.0; +claudebot@anthropic.com)"
216.73.216.97 - - [21/Jan/2026:05:59:26 +1100] "GET /b8d104/ HTTP/1.1" 200 4086 "http://bintopia.com/b8d104" "Mozilla/5.0 AppleWebKit/537.36 (KHTML, like Gecko; compatible; ClaudeBot/1.0; +claudebot@anthropic.com)"
216.73.216.97 - - [21/Jan/2026:05:59:58 +1100] "GET /ed750 HTTP/1.1" 301 274 "-" "Mozilla/5.0 AppleWebKit/537.36 (KHTML, like Gecko; compatible; ClaudeBot/1.0; +claudebot@anthropic.com)"
216.73.216.97 - - [21/Jan/2026:05:59:58 +1100] "GET /25e31 HTTP/1.1" 301 274 "-" "Mozilla/5.0 AppleWebKit/537.36 (KHTML, like Gecko; compatible; ClaudeBot/1.0; +claudebot@anthropic.com)"
216.73.216.97 - - [21/Jan/2026:06:00:03 +1100] "GET /images HTTP/1.1" 301 275 "-" "Mozilla/5.0 AppleWebKit/537.36 (KHTML, like Gecko; compatible; ClaudeBot/1.0; +claudebot@anthropic.com)"
216.73.216.97 - - [21/Jan/2026:06:00:03 +1100] "GET /images/ HTTP/1.1" 200 1717 "http://bintopia.com/images" "Mozilla/5.0 AppleWebKit/537.36 (KHTML, like Gecko; compatible; ClaudeBot/1.0; +claudebot@anthropic.com)"
216.73.216.97 - - [21/Jan/2026:06:00:03 +1100] "GET /c91189 HTTP/1.1" 301 275 "-" "Mozilla/5.0 AppleWebKit/537.36 (KHTML, like Gecko; compatible; ClaudeBot/1.0; +claudebot@anthropic.com)"
216.73.216.97 - - [21/Jan/2026:05:59:58 +1100] "GET /25e31/ HTTP/1.1" 200 467 "http://bintopia.com/25e31" "Mozilla/5.0 AppleWebKit/537.36 (KHTML, like Gecko; compatible; ClaudeBot/1.0; +claudebot@anthropic.com)"
216.73.216.97 - - [21/Jan/2026:05:59:58 +1100] "GET /ed750/ HTTP/1.1" 200 467 "http://bintopia.com/ed750" "Mozilla/5.0 AppleWebKit/537.36 (KHTML, like Gecko; compatible; ClaudeBot/1.0; +claudebot@anthropic.com)"
216.73.216.97 - - [21/Jan/2026:06:00:03 +1100] "GET /c91189/ HTTP/1.1" 200 15927 "http://bintopia.com/c91189" "Mozilla/5.0 AppleWebKit/537.36 (KHTML, like Gecko; compatible; ClaudeBot/1.0; +claudebot@anthropic.com)"
216.73.216.97 - - [21/Jan/2026:06:00:28 +1100] "GET /5m9y3mn6.php HTTP/1.1" 403 - "-" "Mozilla/5.0 AppleWebKit/537.36 (KHTML, like Gecko; compatible; ClaudeBot/1.0; +claudebot@anthropic.com)"
216.73.216.97 - - [21/Jan/2026:06:00:29 +1100] "GET /be81z4aq.php HTTP/1.1" 403 - "-" "Mozilla/5.0 AppleWebKit/537.36 (KHTML, like Gecko; compatible; ClaudeBot/1.0; +claudebot@anthropic.com)"
216.73.216.97 - - [21/Jan/2026:06:01:19 +1100] "GET /robots.txt HTTP/1.1" 200 955 "-" "Mozilla/5.0 AppleWebKit/537.36 (KHTML, like Gecko; compatible; ClaudeBot/1.0; +claudebot@anthropic.com)"
216.73.216.97 - - [21/Jan/2026:06:01:20 +1100] "GET /ttdeq7yh.php HTTP/1.1" 403 - "-" "Mozilla/5.0 AppleWebKit/537.36 (KHTML, like Gecko; compatible; ClaudeBot/1.0; +claudebot@anthropic.com)"
216.73.216.97 - - [21/Jan/2026:06:01:31 +1100] "GET /?C=N&O=D HTTP/1.1" 200 - "-" "Mozilla/5.0 AppleWebKit/537.36 (KHTML, like Gecko; compatible; ClaudeBot/1.0; +claudebot@anthropic.com)"
216.73.216.97 - - [21/Jan/2026:06:01:31 +1100] "GET /bkl.txt HTTP/1.1" 200 1 "-" "Mozilla/5.0 AppleWebKit/537.36 (KHTML, like Gecko; compatible; ClaudeBot/1.0; +claudebot@anthropic.com)"
216.73.216.97 - - [21/Jan/2026:06:01:46 +1100] "GET /?C=D&O=A HTTP/1.1" 200 - "-" "Mozilla/5.0 AppleWebKit/537.36 (KHTML, like Gecko; compatible; ClaudeBot/1.0; +claudebot@anthropic.com)"
216.73.216.97 - - [21/Jan/2026:06:01:46 +1100] "GET /?C=M&O=A HTTP/1.1" 200 - "-" "Mozilla/5.0 AppleWebKit/537.36 (KHTML, like Gecko; compatible; ClaudeBot/1.0; +claudebot@anthropic.com)"
216.73.216.97 - - [21/Jan/2026:06:01:56 +1100] "GET /?C=S&O=A HTTP/1.1" 200 - "-" "Mozilla/5.0 AppleWebKit/537.36 (KHTML, like Gecko; compatible; ClaudeBot/1.0; +claudebot@anthropic.com)"
37.139.53.84 - - [21/Jan/2026:06:03:10 +1100] "GET / HTTP/1.0" 200 - "http://bintopia.com/" "Mozilla/5.0 (Windows NT 10.0; Win64; x64) AppleWebKit/537.36 (KHTML, like Gecko) Chrome/131.0.0.0 Safari/537.36 Avast/131.0.0.0"
37.139.53.80 - - [21/Jan/2026:06:05:31 +1100] "GET /?pcf=1 HTTP/1.0" 200 - "http://bintopia.com/?pcf=1#contact" "Mozilla/5.0 (Windows NT 6.3; Win64; x64) AppleWebKit/537.36 (KHTML, like Gecko) Chrome/103.0.5060.114 Safari/537.36"
37.139.53.80 - - [21/Jan/2026:06:05:32 +1100] "GET / HTTP/1.0" 200 - "http://bintopia.com/" "Mozilla/5.0 (Windows NT 6.3; Win64; x64) AppleWebKit/537.36 (KHTML, like Gecko) Chrome/103.0.5060.114 Safari/537.36"
66.249.75.45 - - [21/Jan/2026:06:05:37 +1100] "GET /?g=2955117717429&channel=124e22&from=http://bintopia.com/goods.htm?OK063021405.html HTTP/1.1" 200 169088 "-" "Mozilla/5.0 (Linux; Android 6.0.1; Nexus 5X Build/MMB29P) AppleWebKit/537.36 (KHTML, like Gecko) Chrome/143.0.7499.192 Mobile Safari/537.36 (compatible; GoogleOther)"
54.37.100.111 - - [21/Jan/2026:06:10:52 +1100] "GET /p HTTP/1.1" 301 270 "-" "Mozilla/5.0 (iPhone; CPU iPhone OS 18_1_1 like Mac OS X) AppleWebKit/605.1.15 (KHTML, like Gecko) Version/18.1.1 Mobile/15E148 Safari/604.1"
217.182.228.48 - - [21/Jan/2026:06:10:53 +1100] "GET /p/ HTTP/1.1" 200 13768 "-" "Mozilla/5.0 (iPhone; CPU iPhone OS 18_1_1 like Mac OS X) AppleWebKit/605.1.15 (KHTML, like Gecko) Version/18.1.1 Mobile/15E148 Safari/604.1"
66.249.75.32 - - [21/Jan/2026:06:11:12 +1100] "GET /?g=2955117717429&channel=124e22&from=http://bintopia.com/goods.htm?charm190021626.html HTTP/1.1" 200 159208 "-" "Mozilla/5.0 (Linux; Android 6.0.1; Nexus 5X Build/MMB29P) AppleWebKit/537.36 (KHTML, like Gecko) Chrome/143.0.7499.192 Mobile Safari/537.36 (compatible; GoogleOther)"
156.200.3.8 - - [21/Jan/2026:06:13:32 +1100] "GET /p/ HTTP/1.1" 200 13768 "https://www.google.com/" "Mozilla/5.0 (Windows NT 10.0; Win64; x64) AppleWebKit/537.36 (KHTML, like Gecko) Chrome/143.0.0.0 Safari/537.36"
156.200.3.8 - - [21/Jan/2026:06:13:34 +1100] "GET /p/assets/main.min.css HTTP/1.1" 200 237 "http://bintopia.com/p/" "Mozilla/5.0 (Windows NT 10.0; Win64; x64) AppleWebKit/537.36 (KHTML, like Gecko) Chrome/143.0.0.0 Safari/537.36"
156.200.3.8 - - [21/Jan/2026:06:13:35 +1100] "GET /p/assets/inpagelayer.css HTTP/1.1" 200 19650 "http://bintopia.com/p/" "Mozilla/5.0 (Windows NT 10.0; Win64; x64) AppleWebKit/537.36 (KHTML, like Gecko) Chrome/143.0.0.0 Safari/537.36"
156.200.3.8 - - [21/Jan/2026:06:13:34 +1100] "GET /p/assets/ionos.min.css HTTP/1.1" 200 559687 "http://bintopia.com/p/" "Mozilla/5.0 (Windows NT 10.0; Win64; x64) AppleWebKit/537.36 (KHTML, like Gecko) Chrome/143.0.0.0 Safari/537.36"
156.200.3.8 - - [21/Jan/2026:06:13:36 +1100] "GET /p/assets/statuspage.css HTTP/1.1" 200 4695 "http://bintopia.com/p/" "Mozilla/5.0 (Windows NT 10.0; Win64; x64) AppleWebKit/537.36 (KHTML, like Gecko) Chrome/143.0.0.0 Safari/537.36"
156.200.3.8 - - [21/Jan/2026:06:13:36 +1100] "GET /p/assets/bundle.css HTTP/1.1" 200 25816 "http://bintopia.com/p/" "Mozilla/5.0 (Windows NT 10.0; Win64; x64) AppleWebKit/537.36 (KHTML, like Gecko) Chrome/143.0.0.0 Safari/537.36"
156.200.3.8 - - [21/Jan/2026:06:13:36 +1100] "GET /p/assets/starter-main.min.css HTTP/1.1" 200 2061 "http://bintopia.com/p/" "Mozilla/5.0 (Windows NT 10.0; Win64; x64) AppleWebKit/537.36 (KHTML, like Gecko) Chrome/143.0.0.0 Safari/537.36"
156.200.3.8 - - [21/Jan/2026:06:13:36 +1100] "GET /p/assets/navigation.css HTTP/1.1" 200 116274 "http://bintopia.com/p/" "Mozilla/5.0 (Windows NT 10.0; Win64; x64) AppleWebKit/537.36 (KHTML, like Gecko) Chrome/143.0.0.0 Safari/537.36"
156.200.3.8 - - [21/Jan/2026:06:13:37 +1100] "GET /p/assets/product-email.svg HTTP/1.1" 200 1070 "http://bintopia.com/p/" "Mozilla/5.0 (Windows NT 10.0; Win64; x64) AppleWebKit/537.36 (KHTML, like Gecko) Chrome/143.0.0.0 Safari/537.36"
156.200.3.8 - - [21/Jan/2026:06:13:37 +1100] "GET /p/assets/my-account.svg HTTP/1.1" 200 845 "http://bintopia.com/p/" "Mozilla/5.0 (Windows NT 10.0; Win64; x64) AppleWebKit/537.36 (KHTML, like Gecko) Chrome/143.0.0.0 Safari/537.36"
156.200.3.8 - - [21/Jan/2026:06:13:37 +1100] "GET /p/assets/cloud-dcd.svg HTTP/1.1" 200 1372 "http://bintopia.com/p/" "Mozilla/5.0 (Windows NT 10.0; Win64; x64) AppleWebKit/537.36 (KHTML, like Gecko) Chrome/143.0.0.0 Safari/537.36"
156.200.3.8 - - [21/Jan/2026:06:13:37 +1100] "GET /p/assets/product-hidrive.svg HTTP/1.1" 200 920 "http://bintopia.com/p/" "Mozilla/5.0 (Windows NT 10.0; Win64; x64) AppleWebKit/537.36 (KHTML, like Gecko) Chrome/143.0.0.0 Safari/537.36"
54.38.153.179 - - [21/Jan/2026:06:15:58 +1100] "GET /p HTTP/1.1" 301 270 "-" "Mozilla/5.0 (Macintosh; Intel Mac OS X 10_15_7) AppleWebKit/605.1.15 (KHTML, like Gecko) Version/18.1.1 Safari/605.1.1"
51.255.119.152 - - [21/Jan/2026:06:16:00 +1100] "GET /p/ HTTP/1.1" 200 13768 "-" "Mozilla/5.0 (Macintosh; Intel Mac OS X 10_15_7) AppleWebKit/605.1.15 (KHTML, like Gecko) Version/18.1.1 Safari/605.1.1"
135.125.122.65 - - [21/Jan/2026:06:16:08 +1100] "GET /p/ HTTP/1.1" 200 13768 "-" "Mozilla/5.0 (Macintosh; Intel Mac OS X 10_15_7) AppleWebKit/605.1.15 (KHTML, like Gecko) Version/18.1.1 Safari/605.1.1"
66.249.75.32 - - [21/Jan/2026:06:18:11 +1100] "GET /?g=2955117717429&channel=124e22&from=http://bintopia.com/goods.htm?perceived138014498.html HTTP/1.1" 200 162868 "-" "Mozilla/5.0 (Linux; Android 6.0.1; Nexus 5X Build/MMB29P) AppleWebKit/537.36 (KHTML, like Gecko) Chrome/143.0.7499.192 Mobile Safari/537.36 (compatible; GoogleOther)"
49.37.34.236 - - [21/Jan/2026:06:19:33 +1100] "GET /p/ HTTP/1.1" 200 13768 "-" "Mozilla/5.0"
112.86.225.42 - - [21/Jan/2026:06:21:59 +1100] "GET / HTTP/1.1" 200 - "-" "Sogou web spider/4.0(+http://www.sogou.com/docs/help/webmasters.htm#07)"
66.249.75.44 - - [21/Jan/2026:06:24:20 +1100] "GET /?g=2955117717429&channel=124e22&from=http://bintopia.com/goods.htm?or211016377.html HTTP/1.1" 200 150616 "-" "Mozilla/5.0 (Linux; Android 6.0.1; Nexus 5X Build/MMB29P) AppleWebKit/537.36 (KHTML, like Gecko) Chrome/143.0.7499.192 Mobile Safari/537.36 (compatible; GoogleOther)"
66.249.75.44 - - [21/Jan/2026:06:25:11 +1100] "GET /tie148021014.html HTTP/1.1" 200 147393 "-" "Mozilla/5.0 (Linux; Android 6.0.1; Nexus 5X Build/MMB29P) AppleWebKit/537.36 (KHTML, like Gecko) Chrome/143.0.7499.192 Mobile Safari/537.36 (compatible; GoogleOther)"
66.249.75.45 - - [21/Jan/2026:06:29:39 +1100] "GET /exclusive283046503.html HTTP/1.1" 200 155425 "-" "Mozilla/5.0 (Linux; Android 6.0.1; Nexus 5X Build/MMB29P) AppleWebKit/537.36 (KHTML, like Gecko) Chrome/143.0.7499.192 Mobile Safari/537.36 (compatible; GoogleOther)"
66.249.75.44 - - [21/Jan/2026:06:30:34 +1100] "GET /?g=2955117717429&channel=124e22&from=http://bintopia.com/goods.htm?treat087026033.html HTTP/1.1" 200 161450 "-" "Mozilla/5.0 (Linux; Android 6.0.1; Nexus 5X Build/MMB29P) AppleWebKit/537.36 (KHTML, like Gecko) Chrome/143.0.7499.192 Mobile Safari/537.36 (compatible; GoogleOther)"
37.139.53.80 - - [21/Jan/2026:06:31:04 +1100] "GET /?pcf=1 HTTP/1.0" 200 - "http://bintopia.com/?pcf=1#contact" "Mozilla/5.0 (Windows NT 6.3) AppleWebKit/537.36 (KHTML, like Gecko) Chrome/103.0.0.0 Safari/537.36"
37.139.53.80 - - [21/Jan/2026:06:31:05 +1100] "GET / HTTP/1.0" 200 - "http://bintopia.com/" "Mozilla/5.0 (Windows NT 6.3) AppleWebKit/537.36 (KHTML, like Gecko) Chrome/103.0.0.0 Safari/537.36"
66.249.75.44 - - [21/Jan/2026:06:35:19 +1100] "GET /resume224001692.html HTTP/1.1" 200 148926 "-" "Mozilla/5.0 (Linux; Android 6.0.1; Nexus 5X Build/MMB29P) AppleWebKit/537.36 (KHTML, like Gecko) Chrome/143.0.7499.192 Mobile Safari/537.36 (compatible; GoogleOther)"
66.249.75.32 - - [21/Jan/2026:06:36:10 +1100] "GET /employ046039232.html HTTP/1.1" 200 157068 "-" "Mozilla/5.0 (Linux; Android 6.0.1; Nexus 5X Build/MMB29P) AppleWebKit/537.36 (KHTML, like Gecko) Chrome/143.0.7499.192 Mobile Safari/537.36 (compatible; GoogleOther)"
66.249.75.45 - - [21/Jan/2026:06:37:05 +1100] "GET /?g=2955117717429&channel=124e22&from=http://bintopia.com/goods.htm?democracy163036973.html HTTP/1.1" 200 149392 "-" "Mozilla/5.0 (Linux; Android 6.0.1; Nexus 5X Build/MMB29P) AppleWebKit/537.36 (KHTML, like Gecko) Chrome/143.0.7499.192 Mobile Safari/537.36 (compatible; GoogleOther)"
49.13.211.144 - - [21/Jan/2026:06:41:20 +1100] "GET /p/ HTTP/1.1" 200 13768 "-" "Mozilla/5.0 (Macintosh; Intel Mac OS X 10_15_7) AppleWebKit/605.1.15 (KHTML, like Gecko) Version/17.3 Safari/605.1.15"
170.64.252.169 - - [21/Jan/2026:06:41:22 +1100] "GET /p/ HTTP/1.1" 200 13768 "-" "Mozilla/5.0 (Macintosh; Intel Mac OS X 10_15_7) AppleWebKit/605.1.15 (KHTML, like Gecko) Version/17.3 Safari/605.1.15"
155.4.131.116 - - [21/Jan/2026:06:41:22 +1100] "GET /p/ HTTP/1.1" 200 13768 "-" "Mozilla/5.0 (Macintosh; Intel Mac OS X 10_15_7) AppleWebKit/605.1.15 (KHTML, like Gecko) Version/17.3 Safari/605.1.15"
174.138.115.87 - - [21/Jan/2026:06:41:22 +1100] "GET /p/ HTTP/1.1" 200 13768 "-" "Mozilla/5.0 (Macintosh; Intel Mac OS X 10_15_7) AppleWebKit/605.1.15 (KHTML, like Gecko) Version/17.3 Safari/605.1.15"
46.105.76.231 - - [21/Jan/2026:06:41:38 +1100] "GET /p HTTP/1.1" 301 270 "-" "Mozilla/5.0 (iPhone; CPU iPhone OS 18_1_1 like Mac OS X) AppleWebKit/605.1.15 (KHTML, like Gecko) Version/18.1.1 Mobile/15E148 Safari/604.1"
164.132.27.194 - - [21/Jan/2026:06:41:39 +1100] "GET /p/ HTTP/1.1" 200 13768 "-" "Mozilla/5.0 (iPhone; CPU iPhone OS 18_1_1 like Mac OS X) AppleWebKit/605.1.15 (KHTML, like Gecko) Version/18.1.1 Mobile/15E148 Safari/604.1"
37.139.53.80 - - [21/Jan/2026:06:43:53 +1100] "GET /?pcf=1 HTTP/1.0" 200 - "http://bintopia.com/?pcf=1#contact" "Mozilla/5.0 (Windows NT 6.1) AppleWebKit/537.36 (KHTML, like Gecko) Chrome/103.0.5060.114 Safari/537.36"
37.139.53.80 - - [21/Jan/2026:06:43:53 +1100] "GET / HTTP/1.0" 200 - "http://bintopia.com/" "Mozilla/5.0 (Windows NT 6.1) AppleWebKit/537.36 (KHTML, like Gecko) Chrome/103.0.5060.114 Safari/537.36"
66.249.75.44 - - [21/Jan/2026:06:46:09 +1100] "GET /?g=2955117717429&channel=124e22&from=http://bintopia.com/goods.htm?matter271037443.html HTTP/1.1" 200 149247 "-" "Mozilla/5.0 (Linux; Android 6.0.1; Nexus 5X Build/MMB29P) AppleWebKit/537.36 (KHTML, like Gecko) Chrome/143.0.7499.192 Mobile Safari/537.36 (compatible; GoogleOther)"
66.249.75.44 - - [21/Jan/2026:06:47:04 +1100] "GET /rich229019279.html HTTP/1.1" 200 171845 "-" "Mozilla/5.0 (Linux; Android 6.0.1; Nexus 5X Build/MMB29P) AppleWebKit/537.36 (KHTML, like Gecko) Chrome/143.0.7499.192 Mobile Safari/537.36 (compatible; GoogleOther)"
66.249.75.45 - - [21/Jan/2026:06:51:01 +1100] "GET /wheelie-bin-partsspares/ HTTP/1.1" 200 148024 "-" "Mozilla/5.0 (Linux; Android 6.0.1; Nexus 5X Build/MMB29P) AppleWebKit/537.36 (KHTML, like Gecko) Chrome/143.0.7499.192 Mobile Safari/537.36 (compatible; Googlebot/2.1; +http://www.google.com/bot.html)"
66.249.75.44 - - [21/Jan/2026:06:51:41 +1100] "GET /mechanical210025116.html HTTP/1.1" 200 141897 "-" "Mozilla/5.0 (Linux; Android 6.0.1; Nexus 5X Build/MMB29P) AppleWebKit/537.36 (KHTML, like Gecko) Chrome/143.0.7499.192 Mobile Safari/537.36 (compatible; Googlebot/2.1; +http://www.google.com/bot.html)"
66.249.75.44 - - [21/Jan/2026:06:55:37 +1100] "GET /commercial156015024.html HTTP/1.1" 200 147961 "-" "Mozilla/5.0 (Linux; Android 6.0.1; Nexus 5X Build/MMB29P) AppleWebKit/537.36 (KHTML, like Gecko) Chrome/143.0.7499.192 Mobile Safari/537.36 (compatible; GoogleOther)"
66.249.75.44 - - [21/Jan/2026:06:58:06 +1100] "GET /?g=2955117717429&channel=124e22&from=http://bintopia.com/goods.htm?pitch113033889.html HTTP/1.1" 200 150235 "-" "Mozilla/5.0 (Linux; Android 6.0.1; Nexus 5X Build/MMB29P) AppleWebKit/537.36 (KHTML, like Gecko) Chrome/143.0.7499.192 Mobile Safari/537.36 (compatible; GoogleOther)"
57.141.16.49 - - [21/Jan/2026:06:58:48 +1100] "GET /?sitemap679.xml HTTP/1.1" 200 13 "-" "meta-externalagent/1.1 (+https://developers.facebook.com/docs/sharing/webmasters/crawler)"
66.249.75.44 - - [21/Jan/2026:07:00:40 +1100] "GET /slave135013739.html HTTP/1.1" 200 161941 "-" "Mozilla/5.0 (Linux; Android 6.0.1; Nexus 5X Build/MMB29P) AppleWebKit/537.36 (KHTML, like Gecko) Chrome/143.0.7499.192 Mobile Safari/537.36 (compatible; GoogleOther)"
129.150.62.199 - - [21/Jan/2026:07:04:28 +1100] "GET / HTTP/1.1" 200 - "-" "Mozila/5.0"
129.150.62.199 - - [21/Jan/2026:07:04:28 +1100] "GET / HTTP/1.1" 200 - "-" "Go-http-client/1.1"
129.150.62.199 - - [21/Jan/2026:07:04:28 +1100] "GET /sftp.json HTTP/1.1" 200 - "-" "Mozila/5.0"
129.150.62.199 - - [21/Jan/2026:07:04:28 +1100] "GET /.vscode/sftp.json HTTP/1.1" 200 - "-" "Mozila/5.0"
129.150.62.199 - - [21/Jan/2026:07:04:28 +1100] "GET /prevlaravel/sftp-config.json HTTP/1.1" 200 - "-" "Mozila/5.0"
129.150.62.199 - - [21/Jan/2026:07:04:28 +1100] "GET /sftp-config.json HTTP/1.1" 200 - "-" "Mozila/5.0"
129.150.62.199 - - [21/Jan/2026:07:04:29 +1100] "GET /sftp.json HTTP/1.1" 200 - "-" "Go-http-client/1.1"
129.150.62.199 - - [21/Jan/2026:07:04:29 +1100] "GET /.vscode/sftp.json HTTP/1.1" 200 - "-" "Go-http-client/1.1"
129.150.62.199 - - [21/Jan/2026:07:04:29 +1100] "GET /sftp-config.json HTTP/1.1" 200 - "-" "Go-http-client/1.1"
129.150.62.199 - - [21/Jan/2026:07:04:29 +1100] "GET /prevlaravel/sftp-config.json HTTP/1.1" 200 - "-" "Go-http-client/1.1"
152.53.255.217 - - [21/Jan/2026:07:05:16 +1100] "GET /p/ HTTP/1.1" 200 13768 "-" "Mozilla/5.0 (Windows NT 10.0; Win64; x64)AppleWebKit/537.36 (KHTML, like Gecko) Chrome/120.0.0.0 Safari/537.36"
192.178.6.68 - - [21/Jan/2026:07:05:39 +1100] "GET /shop/chew138042549.html HTTP/1.1" 200 158479 "-" "Mozilla/5.0 (Linux; Android 6.0.1; Nexus 5X Build/MMB29P) AppleWebKit/537.36 (KHTML, like Gecko) Chrome/143.0.7499.192 Mobile Safari/537.36 (compatible; Googlebot/2.1; +http://www.google.com/bot.html)"
216.73.216.97 - - [21/Jan/2026:07:05:44 +1100] "GET /robots.txt HTTP/1.1" 200 955 "-" "Mozilla/5.0 AppleWebKit/537.36 (KHTML, like Gecko; compatible; ClaudeBot/1.0; +claudebot@anthropic.com)"
216.73.216.97 - - [21/Jan/2026:07:05:45 +1100] "GET /b8d104/?path=%2F HTTP/1.1" 200 20078 "-" "Mozilla/5.0 AppleWebKit/537.36 (KHTML, like Gecko; compatible; ClaudeBot/1.0; +claudebot@anthropic.com)"
216.73.216.97 - - [21/Jan/2026:07:06:58 +1100] "GET /b8d104/?path=%2Fhome%2Fbintopia%2Fpublic_html%2Fb8d104 HTTP/1.1" 200 4086 "-" "Mozilla/5.0 AppleWebKit/537.36 (KHTML, like Gecko; compatible; ClaudeBot/1.0; +claudebot@anthropic.com)"
216.73.216.97 - - [21/Jan/2026:07:07:12 +1100] "GET /b8d104/?filesrc=%2Fhome%2Fbintopia%2Fpublic_html%2Fb8d104%2Findex.php&path=%2Fhome%2Fbintopia%2Fpublic_html%2Fb8d104 HTTP/1.1" 200 6089 "-" "Mozilla/5.0 AppleWebKit/537.36 (KHTML, like Gecko; compatible; ClaudeBot/1.0; +claudebot@anthropic.com)"
216.73.216.97 - - [21/Jan/2026:07:08:09 +1100] "GET /b8d104/?path=%2Fhome HTTP/1.1" 200 2464 "-" "Mozilla/5.0 AppleWebKit/537.36 (KHTML, like Gecko; compatible; ClaudeBot/1.0; +claudebot@anthropic.com)"
216.73.216.97 - - [21/Jan/2026:07:08:10 +1100] "GET /b8d104/?path=%2Fhome%2Fbintopia%2Fpublic_html%2Fb8d104%2Fgalleries HTTP/1.1" 200 3514 "-" "Mozilla/5.0 AppleWebKit/537.36 (KHTML, like Gecko; compatible; ClaudeBot/1.0; +claudebot@anthropic.com)"
216.73.216.97 - - [21/Jan/2026:07:08:19 +1100] "GET /b8d104/?path=%2Fhome%2Fbintopia HTTP/1.1" 200 26685 "-" "Mozilla/5.0 AppleWebKit/537.36 (KHTML, like Gecko; compatible; ClaudeBot/1.0; +claudebot@anthropic.com)"
216.73.216.97 - - [21/Jan/2026:07:08:24 +1100] "GET /b8d104/?path=%2Fhome%2Fbintopia%2Fpublic_html HTTP/1.1" 200 25439 "-" "Mozilla/5.0 AppleWebKit/537.36 (KHTML, like Gecko; compatible; ClaudeBot/1.0; +claudebot@anthropic.com)"
66.249.75.44 - - [21/Jan/2026:07:08:57 +1100] "GET /?g=2955117717429&channel=124e22&from=http://bintopia.com/goods.htm?cap218010894.html HTTP/1.1" 200 163700 "-" "Mozilla/5.0 (Linux; Android 6.0.1; Nexus 5X Build/MMB29P) AppleWebKit/537.36 (KHTML, like Gecko) Chrome/143.0.7499.192 Mobile Safari/537.36 (compatible; GoogleOther)"
216.73.216.97 - - [21/Jan/2026:07:09:11 +1100] "GET /wp-content/jsd0f166 HTTP/1.1" 301 288 "-" "Mozilla/5.0 AppleWebKit/537.36 (KHTML, like Gecko; compatible; ClaudeBot/1.0; +claudebot@anthropic.com)"
216.73.216.97 - - [21/Jan/2026:07:09:11 +1100] "GET /wp-content/wpecbb39 HTTP/1.1" 301 288 "-" "Mozilla/5.0 AppleWebKit/537.36 (KHTML, like Gecko; compatible; ClaudeBot/1.0; +claudebot@anthropic.com)"
216.73.216.97 - - [21/Jan/2026:07:09:12 +1100] "GET /wp-content/jsd0f166/ HTTP/1.1" 200 6 "http://bintopia.com/wp-content/jsd0f166" "Mozilla/5.0 AppleWebKit/537.36 (KHTML, like Gecko; compatible; ClaudeBot/1.0; +claudebot@anthropic.com)"
216.73.216.97 - - [21/Jan/2026:07:09:14 +1100] "GET /wp-content/brbf4eac HTTP/1.1" 301 288 "-" "Mozilla/5.0 AppleWebKit/537.36 (KHTML, like Gecko; compatible; ClaudeBot/1.0; +claudebot@anthropic.com)"
216.73.216.97 - - [21/Jan/2026:07:09:14 +1100] "GET /wp-content/brbf4eac/ HTTP/1.1" 200 6 "http://bintopia.com/wp-content/brbf4eac" "Mozilla/5.0 AppleWebKit/537.36 (KHTML, like Gecko; compatible; ClaudeBot/1.0; +claudebot@anthropic.com)"
37.139.53.80 - - [21/Jan/2026:07:09:26 +1100] "GET /?pcf=1 HTTP/1.0" 200 - "http://bintopia.com/?pcf=1#contact" "Mozilla/5.0 (Windows NT 10.0; WOW64) AppleWebKit/537.36 (KHTML, like Gecko) Chrome/103.0.0.0 Safari/537.36"
37.139.53.80 - - [21/Jan/2026:07:09:26 +1100] "GET / HTTP/1.0" 200 - "http://bintopia.com/" "Mozilla/5.0 (Windows NT 10.0; WOW64) AppleWebKit/537.36 (KHTML, like Gecko) Chrome/103.0.0.0 Safari/537.36"
216.73.216.97 - - [21/Jan/2026:07:09:47 +1100] "GET /wp-content/pl7553e7 HTTP/1.1" 301 288 "-" "Mozilla/5.0 AppleWebKit/537.36 (KHTML, like Gecko; compatible; ClaudeBot/1.0; +claudebot@anthropic.com)"
216.73.216.97 - - [21/Jan/2026:07:09:47 +1100] "GET /wp-content/pl7553e7/ HTTP/1.1" 200 1021 "http://bintopia.com/wp-content/pl7553e7" "Mozilla/5.0 AppleWebKit/537.36 (KHTML, like Gecko; compatible; ClaudeBot/1.0; +claudebot@anthropic.com)"
216.73.216.97 - - [21/Jan/2026:07:09:47 +1100] "GET /wp-content/wp0531fd HTTP/1.1" 301 288 "-" "Mozilla/5.0 AppleWebKit/537.36 (KHTML, like Gecko; compatible; ClaudeBot/1.0; +claudebot@anthropic.com)"
216.73.216.97 - - [21/Jan/2026:07:09:47 +1100] "GET /wp-content/wp0531fd/ HTTP/1.1" 200 1021 "http://bintopia.com/wp-content/wp0531fd" "Mozilla/5.0 AppleWebKit/537.36 (KHTML, like Gecko; compatible; ClaudeBot/1.0; +claudebot@anthropic.com)"
216.73.216.97 - - [21/Jan/2026:07:09:47 +1100] "GET /wp-content/wp56500d HTTP/1.1" 301 288 "-" "Mozilla/5.0 AppleWebKit/537.36 (KHTML, like Gecko; compatible; ClaudeBot/1.0; +claudebot@anthropic.com)"
66.249.75.45 - - [21/Jan/2026:07:09:46 +1100] "GET /historic144010450.html HTTP/1.1" 200 140096 "-" "Mozilla/5.0 (Linux; Android 6.0.1; Nexus 5X Build/MMB29P) AppleWebKit/537.36 (KHTML, like Gecko) Chrome/143.0.7499.192 Mobile Safari/537.36 (compatible; GoogleOther)"
216.73.216.97 - - [21/Jan/2026:07:09:52 +1100] "GET /wp-content/wpc4f476 HTTP/1.1" 301 288 "-" "Mozilla/5.0 AppleWebKit/537.36 (KHTML, like Gecko; compatible; ClaudeBot/1.0; +claudebot@anthropic.com)"
216.73.216.97 - - [21/Jan/2026:07:09:52 +1100] "GET /wp-content/wpc4f476/ HTTP/1.1" 200 1021 "http://bintopia.com/wp-content/wpc4f476" "Mozilla/5.0 AppleWebKit/537.36 (KHTML, like Gecko; compatible; ClaudeBot/1.0; +claudebot@anthropic.com)"
216.73.216.97 - - [21/Jan/2026:07:09:53 +1100] "GET /wp-content/wpaf8d59 HTTP/1.1" 301 288 "-" "Mozilla/5.0 AppleWebKit/537.36 (KHTML, like Gecko; compatible; ClaudeBot/1.0; +claudebot@anthropic.com)"
216.73.216.97 - - [21/Jan/2026:07:09:53 +1100] "GET /wp-content/wpaf8d59/ HTTP/1.1" 200 1021 "http://bintopia.com/wp-content/wpaf8d59" "Mozilla/5.0 AppleWebKit/537.36 (KHTML, like Gecko; compatible; ClaudeBot/1.0; +claudebot@anthropic.com)"
216.73.216.97 - - [21/Jan/2026:07:09:53 +1100] "GET /wp-content/jsb99ad2 HTTP/1.1" 301 288 "-" "Mozilla/5.0 AppleWebKit/537.36 (KHTML, like Gecko; compatible; ClaudeBot/1.0; +claudebot@anthropic.com)"
216.73.216.97 - - [21/Jan/2026:07:09:53 +1100] "GET /wp-content/jsb99ad2/ HTTP/1.1" 200 1021 "http://bintopia.com/wp-content/jsb99ad2" "Mozilla/5.0 AppleWebKit/537.36 (KHTML, like Gecko; compatible; ClaudeBot/1.0; +claudebot@anthropic.com)"
216.73.216.97 - - [21/Jan/2026:07:09:58 +1100] "GET /wp-content/pldf6d70 HTTP/1.1" 301 288 "-" "Mozilla/5.0 AppleWebKit/537.36 (KHTML, like Gecko; compatible; ClaudeBot/1.0; +claudebot@anthropic.com)"
216.73.216.97 - - [21/Jan/2026:07:09:58 +1100] "GET /wp-content/pldf6d70/ HTTP/1.1" 200 1021 "http://bintopia.com/wp-content/pldf6d70" "Mozilla/5.0 AppleWebKit/537.36 (KHTML, like Gecko; compatible; ClaudeBot/1.0; +claudebot@anthropic.com)"
216.73.216.97 - - [21/Jan/2026:07:09:58 +1100] "GET /wp-content/js886b73 HTTP/1.1" 301 288 "-" "Mozilla/5.0 AppleWebKit/537.36 (KHTML, like Gecko; compatible; ClaudeBot/1.0; +claudebot@anthropic.com)"
216.73.216.97 - - [21/Jan/2026:07:09:58 +1100] "GET /wp-content/js886b73/ HTTP/1.1" 200 1021 "http://bintopia.com/wp-content/js886b73" "Mozilla/5.0 AppleWebKit/537.36 (KHTML, like Gecko; compatible; ClaudeBot/1.0; +claudebot@anthropic.com)"
216.73.216.97 - - [21/Jan/2026:07:09:59 +1100] "GET /wp-content/br07b0f3 HTTP/1.1" 301 288 "-" "Mozilla/5.0 AppleWebKit/537.36 (KHTML, like Gecko; compatible; ClaudeBot/1.0; +claudebot@anthropic.com)"
216.73.216.97 - - [21/Jan/2026:07:10:13 +1100] "GET /wp-content/qqcc4f25 HTTP/1.1" 301 288 "-" "Mozilla/5.0 AppleWebKit/537.36 (KHTML, like Gecko; compatible; ClaudeBot/1.0; +claudebot@anthropic.com)"
216.73.216.97 - - [21/Jan/2026:07:10:13 +1100] "GET /wp-content/qqcc4f25/ HTTP/1.1" 200 1021 "http://bintopia.com/wp-content/qqcc4f25" "Mozilla/5.0 AppleWebKit/537.36 (KHTML, like Gecko; compatible; ClaudeBot/1.0; +claudebot@anthropic.com)"
216.73.216.97 - - [21/Jan/2026:07:10:13 +1100] "GET /wp-content/x5fde4b HTTP/1.1" 301 287 "-" "Mozilla/5.0 AppleWebKit/537.36 (KHTML, like Gecko; compatible; ClaudeBot/1.0; +claudebot@anthropic.com)"
216.73.216.97 - - [21/Jan/2026:07:10:14 +1100] "GET /wp-content/x5fde4b/ HTTP/1.1" 200 1019 "http://bintopia.com/wp-content/x5fde4b" "Mozilla/5.0 AppleWebKit/537.36 (KHTML, like Gecko; compatible; ClaudeBot/1.0; +claudebot@anthropic.com)"
216.73.216.97 - - [21/Jan/2026:07:10:14 +1100] "GET /wp-content/x9771cb HTTP/1.1" 301 287 "-" "Mozilla/5.0 AppleWebKit/537.36 (KHTML, like Gecko; compatible; ClaudeBot/1.0; +claudebot@anthropic.com)"
216.73.216.97 - - [21/Jan/2026:07:10:14 +1100] "GET /wp-content/x9771cb/ HTTP/1.1" 200 1019 "http://bintopia.com/wp-content/x9771cb" "Mozilla/5.0 AppleWebKit/537.36 (KHTML, like Gecko; compatible; ClaudeBot/1.0; +claudebot@anthropic.com)"
216.73.216.97 - - [21/Jan/2026:07:09:12 +1100] "GET /wp-content/wpecbb39/ HTTP/1.1" 200 - "http://bintopia.com/wp-content/wpecbb39" "Mozilla/5.0 AppleWebKit/537.36 (KHTML, like Gecko; compatible; ClaudeBot/1.0; +claudebot@anthropic.com)"
216.73.216.97 - - [21/Jan/2026:07:10:54 +1100] "GET /wp-content/pl872700 HTTP/1.1" 301 288 "-" "Mozilla/5.0 AppleWebKit/537.36 (KHTML, like Gecko; compatible; ClaudeBot/1.0; +claudebot@anthropic.com)"
216.73.216.97 - - [21/Jan/2026:07:10:54 +1100] "GET /wp-content/jscd70a6 HTTP/1.1" 301 288 "-" "Mozilla/5.0 AppleWebKit/537.36 (KHTML, like Gecko; compatible; ClaudeBot/1.0; +claudebot@anthropic.com)"
216.73.216.97 - - [21/Jan/2026:07:10:54 +1100] "GET /wp-content/pl872700/ HTTP/1.1" 200 6 "http://bintopia.com/wp-content/pl872700" "Mozilla/5.0 AppleWebKit/537.36 (KHTML, like Gecko; compatible; ClaudeBot/1.0; +claudebot@anthropic.com)"
216.73.216.97 - - [21/Jan/2026:07:10:55 +1100] "GET /wp-content/jscd70a6/ HTTP/1.1" 200 6 "http://bintopia.com/wp-content/jscd70a6" "Mozilla/5.0 AppleWebKit/537.36 (KHTML, like Gecko; compatible; ClaudeBot/1.0; +claudebot@anthropic.com)"
216.73.216.97 - - [21/Jan/2026:07:10:56 +1100] "GET /wp-content/bra80004 HTTP/1.1" 301 288 "-" "Mozilla/5.0 AppleWebKit/537.36 (KHTML, like Gecko; compatible; ClaudeBot/1.0; +claudebot@anthropic.com)"
216.73.216.97 - - [21/Jan/2026:07:11:04 +1100] "GET /wp-content/qq7447d7 HTTP/1.1" 301 288 "-" "Mozilla/5.0 AppleWebKit/537.36 (KHTML, like Gecko; compatible; ClaudeBot/1.0; +claudebot@anthropic.com)"
216.73.216.97 - - [21/Jan/2026:07:11:04 +1100] "GET /wp-content/qq7447d7/ HTTP/1.1" 200 1021 "http://bintopia.com/wp-content/qq7447d7" "Mozilla/5.0 AppleWebKit/537.36 (KHTML, like Gecko; compatible; ClaudeBot/1.0; +claudebot@anthropic.com)"
216.73.216.97 - - [21/Jan/2026:07:11:04 +1100] "GET /wp-content/ad119a01 HTTP/1.1" 301 288 "-" "Mozilla/5.0 AppleWebKit/537.36 (KHTML, like Gecko; compatible; ClaudeBot/1.0; +claudebot@anthropic.com)"
216.73.216.97 - - [21/Jan/2026:07:11:04 +1100] "GET /wp-content/x6bdeb8 HTTP/1.1" 301 287 "-" "Mozilla/5.0 AppleWebKit/537.36 (KHTML, like Gecko; compatible; ClaudeBot/1.0; +claudebot@anthropic.com)"
216.73.216.97 - - [21/Jan/2026:07:09:47 +1100] "GET /wp-content/wp56500d/ HTTP/1.1" 200 - "http://bintopia.com/wp-content/wp56500d" "Mozilla/5.0 AppleWebKit/537.36 (KHTML, like Gecko; compatible; ClaudeBot/1.0; +claudebot@anthropic.com)"
216.73.216.97 - - [21/Jan/2026:07:11:18 +1100] "GET /wp-content/qq16f793 HTTP/1.1" 301 288 "-" "Mozilla/5.0 AppleWebKit/537.36 (KHTML, like Gecko; compatible; ClaudeBot/1.0; +claudebot@anthropic.com)"
216.73.216.97 - - [21/Jan/2026:07:11:19 +1100] "GET /wp-content/qq16f793/ HTTP/1.1" 200 1021 "http://bintopia.com/wp-content/qq16f793" "Mozilla/5.0 AppleWebKit/537.36 (KHTML, like Gecko; compatible; ClaudeBot/1.0; +claudebot@anthropic.com)"
216.73.216.97 - - [21/Jan/2026:07:11:19 +1100] "GET /wp-content/xf35b84 HTTP/1.1" 301 287 "-" "Mozilla/5.0 AppleWebKit/537.36 (KHTML, like Gecko; compatible; ClaudeBot/1.0; +claudebot@anthropic.com)"
216.73.216.97 - - [21/Jan/2026:07:09:59 +1100] "GET /wp-content/br07b0f3/ HTTP/1.1" 200 - "http://bintopia.com/wp-content/br07b0f3" "Mozilla/5.0 AppleWebKit/537.36 (KHTML, like Gecko; compatible; ClaudeBot/1.0; +claudebot@anthropic.com)"
66.249.75.32 - - [21/Jan/2026:07:11:25 +1100] "GET /conservative223025925.html HTTP/1.1" 200 148697 "-" "Mozilla/5.0 (Linux; Android 6.0.1; Nexus 5X Build/MMB29P) AppleWebKit/537.36 (KHTML, like Gecko) Chrome/143.0.7499.192 Mobile Safari/537.36 (compatible; GoogleOther)"
216.73.216.97 - - [21/Jan/2026:07:11:30 +1100] "GET /wp-content/wpe61051 HTTP/1.1" 301 288 "-" "Mozilla/5.0 AppleWebKit/537.36 (KHTML, like Gecko; compatible; ClaudeBot/1.0; +claudebot@anthropic.com)"
216.73.216.97 - - [21/Jan/2026:07:11:30 +1100] "GET /wp-content/wpe80164 HTTP/1.1" 301 288 "-" "Mozilla/5.0 AppleWebKit/537.36 (KHTML, like Gecko; compatible; ClaudeBot/1.0; +claudebot@anthropic.com)"
216.73.216.97 - - [21/Jan/2026:07:11:31 +1100] "GET /wp-content/wpe80164/ HTTP/1.1" 200 1021 "http://bintopia.com/wp-content/wpe80164" "Mozilla/5.0 AppleWebKit/537.36 (KHTML, like Gecko; compatible; ClaudeBot/1.0; +claudebot@anthropic.com)"
216.73.216.97 - - [21/Jan/2026:07:12:01 +1100] "GET /wp-content/?C=M&O=A HTTP/1.1" 200 5066 "-" "Mozilla/5.0 AppleWebKit/537.36 (KHTML, like Gecko; compatible; ClaudeBot/1.0; +claudebot@anthropic.com)"
216.73.216.97 - - [21/Jan/2026:07:12:01 +1100] "GET /wp-content/?C=N&O=D HTTP/1.1" 200 5066 "-" "Mozilla/5.0 AppleWebKit/537.36 (KHTML, like Gecko; compatible; ClaudeBot/1.0; +claudebot@anthropic.com)"
216.73.216.97 - - [21/Jan/2026:07:12:06 +1100] "GET /wp-content/?C=S&O=A HTTP/1.1" 200 5066 "-" "Mozilla/5.0 AppleWebKit/537.36 (KHTML, like Gecko; compatible; ClaudeBot/1.0; +claudebot@anthropic.com)"
216.73.216.97 - - [21/Jan/2026:07:12:06 +1100] "GET /wp-content/?C=D&O=A HTTP/1.1" 200 5066 "-" "Mozilla/5.0 AppleWebKit/537.36 (KHTML, like Gecko; compatible; ClaudeBot/1.0; +claudebot@anthropic.com)"
51.89.254.248 - - [21/Jan/2026:07:12:08 +1100] "GET /p HTTP/1.1" 301 270 "-" "Mozilla/5.0 (iPhone; CPU iPhone OS 18_1_1 like Mac OS X) AppleWebKit/605.1.15 (KHTML, like Gecko) Version/18.1.1 Mobile/15E148 Safari/604.1"
51.195.130.156 - - [21/Jan/2026:07:12:08 +1100] "GET /p/ HTTP/1.1" 200 13768 "-" "Mozilla/5.0 (iPhone; CPU iPhone OS 18_1_1 like Mac OS X) AppleWebKit/605.1.15 (KHTML, like Gecko) Version/18.1.1 Mobile/15E148 Safari/604.1"
66.249.75.44 - - [21/Jan/2026:07:12:10 +1100] "GET /products/679651937 HTTP/1.1" 200 150265 "-" "Mozilla/5.0 (Linux; Android 6.0.1; Nexus 5X Build/MMB29P) AppleWebKit/537.36 (KHTML, like Gecko) Chrome/143.0.7499.192 Mobile Safari/537.36 (compatible; GoogleOther)"
74.91.19.178 - - [21/Jan/2026:07:10:43 +1100] "GET /wp-content/wpecbb39/index.php?id=634905 HTTP/1.1" 200 - "http://bintopia.com/wp-content/wpecbb39/index.php?id=634905" "Mozilla/5.0 (Windows NT 10.0; Win64; x64) AppleWebKit/537.36 (KHTML, like Gecko) Chrome/58.0.3029.110 Safari/537.3"
216.73.216.97 - - [21/Jan/2026:07:10:56 +1100] "GET /wp-content/bra80004/ HTTP/1.1" 200 - "http://bintopia.com/wp-content/bra80004" "Mozilla/5.0 AppleWebKit/537.36 (KHTML, like Gecko; compatible; ClaudeBot/1.0; +claudebot@anthropic.com)"
216.73.216.97 - - [21/Jan/2026:07:12:26 +1100] "GET /h/assets/main.min.css HTTP/1.1" 200 237 "-" "Mozilla/5.0 AppleWebKit/537.36 (KHTML, like Gecko; compatible; ClaudeBot/1.0; +claudebot@anthropic.com)"
216.73.216.97 - - [21/Jan/2026:07:12:26 +1100] "GET /h/assets/bundle.css HTTP/1.1" 200 25816 "-" "Mozilla/5.0 AppleWebKit/537.36 (KHTML, like Gecko; compatible; ClaudeBot/1.0; +claudebot@anthropic.com)"
216.73.216.97 - - [21/Jan/2026:07:12:30 +1100] "GET /h/assets/statuspage.css HTTP/1.1" 200 4695 "-" "Mozilla/5.0 AppleWebKit/537.36 (KHTML, like Gecko; compatible; ClaudeBot/1.0; +claudebot@anthropic.com)"
216.73.216.97 - - [21/Jan/2026:07:11:05 +1100] "GET /wp-content/x6bdeb8/ HTTP/1.1" 200 - "http://bintopia.com/wp-content/x6bdeb8" "Mozilla/5.0 AppleWebKit/537.36 (KHTML, like Gecko; compatible; ClaudeBot/1.0; +claudebot@anthropic.com)"
216.73.216.97 - - [21/Jan/2026:07:11:04 +1100] "GET /wp-content/ad119a01/ HTTP/1.1" 200 - "http://bintopia.com/wp-content/ad119a01" "Mozilla/5.0 AppleWebKit/537.36 (KHTML, like Gecko; compatible; ClaudeBot/1.0; +claudebot@anthropic.com)"
74.91.19.178 - - [21/Jan/2026:07:11:16 +1100] "GET /wp-content/wp56500d/index.php?id=565143 HTTP/1.1" 200 - "http://bintopia.com/wp-content/wp56500d/index.php?id=565143" "Mozilla/5.0 (Windows NT 10.0; Win64; x64) AppleWebKit/537.36 (KHTML, like Gecko) Chrome/58.0.3029.110 Safari/537.3"
216.73.216.97 - - [21/Jan/2026:07:11:19 +1100] "GET /wp-content/xf35b84/ HTTP/1.1" 200 - "http://bintopia.com/wp-content/xf35b84" "Mozilla/5.0 AppleWebKit/537.36 (KHTML, like Gecko; compatible; ClaudeBot/1.0; +claudebot@anthropic.com)"
74.91.19.178 - - [21/Jan/2026:07:11:29 +1100] "GET /wp-content/br07b0f3/index.php?id=450635 HTTP/1.1" 200 - "http://bintopia.com/wp-content/br07b0f3/index.php?id=450635" "Mozilla/5.0 (Windows NT 10.0; Win64; x64) AppleWebKit/537.36 (KHTML, like Gecko) Chrome/58.0.3029.110 Safari/537.3"
216.73.216.97 - - [21/Jan/2026:07:11:30 +1100] "GET /wp-content/wpe61051/ HTTP/1.1" 200 - "http://bintopia.com/wp-content/wpe61051" "Mozilla/5.0 AppleWebKit/537.36 (KHTML, like Gecko; compatible; ClaudeBot/1.0; +claudebot@anthropic.com)"
216.73.216.97 - - [21/Jan/2026:07:13:12 +1100] "GET /h/assets/ionos.min.css HTTP/1.1" 200 559687 "-" "Mozilla/5.0 AppleWebKit/537.36 (KHTML, like Gecko; compatible; ClaudeBot/1.0; +claudebot@anthropic.com)"
216.73.216.97 - - [21/Jan/2026:07:13:27 +1100] "GET /h/assets/cloud-dcd.svg HTTP/1.1" 200 1372 "-" "Mozilla/5.0 AppleWebKit/537.36 (KHTML, like Gecko; compatible; ClaudeBot/1.0; +claudebot@anthropic.com)"
216.73.216.97 - - [21/Jan/2026:07:13:31 +1100] "GET /h/assets/starter-main.min.css HTTP/1.1" 200 2061 "-" "Mozilla/5.0 AppleWebKit/537.36 (KHTML, like Gecko; compatible; ClaudeBot/1.0; +claudebot@anthropic.com)"
74.91.19.178 - - [21/Jan/2026:07:12:15 +1100] "GET /wp-content/wpecbb39/index.php?id=634905 HTTP/1.1" 200 - "http://bintopia.com/wp-content/wpecbb39/index.php?id=634905" "Mozilla/5.0 (Windows NT 10.0; Win64; x64) AppleWebKit/537.36 (KHTML, like Gecko) Chrome/58.0.3029.110 Safari/537.3"
74.91.19.178 - - [21/Jan/2026:07:12:26 +1100] "GET /wp-content/bra80004/index.php?id=346077 HTTP/1.1" 200 - "http://bintopia.com/wp-content/bra80004/index.php?id=346077" "Mozilla/5.0 (Windows NT 10.0; Win64; x64) AppleWebKit/537.36 (KHTML, like Gecko) Chrome/58.0.3029.110 Safari/537.3"
74.91.19.178 - - [21/Jan/2026:07:12:40 +1100] "GET /wp-content/ad119a01/index.php?id=882412 HTTP/1.1" 200 - "http://bintopia.com/wp-content/ad119a01/index.php?id=882412" "Mozilla/5.0 (Windows NT 10.0; Win64; x64) AppleWebKit/537.36 (KHTML, like Gecko) Chrome/58.0.3029.110 Safari/537.3"
74.91.19.178 - - [21/Jan/2026:07:12:40 +1100] "GET /wp-content/x6bdeb8/index.php?id=525923 HTTP/1.1" 200 - "http://bintopia.com/wp-content/x6bdeb8/index.php?id=525923" "Mozilla/5.0 (Windows NT 10.0; Win64; x64) AppleWebKit/537.36 (KHTML, like Gecko) Chrome/58.0.3029.110 Safari/537.3"
74.91.19.178 - - [21/Jan/2026:07:12:47 +1100] "GET /wp-content/wp56500d/index.php?id=565143 HTTP/1.1" 200 - "http://bintopia.com/wp-content/wp56500d/index.php?id=565143" "Mozilla/5.0 (Windows NT 10.0; Win64; x64) AppleWebKit/537.36 (KHTML, like Gecko) Chrome/58.0.3029.110 Safari/537.3"
74.91.19.178 - - [21/Jan/2026:07:12:51 +1100] "GET /wp-content/xf35b84/index.php?id=840119 HTTP/1.1" 200 - "http://bintopia.com/wp-content/xf35b84/index.php?id=840119" "Mozilla/5.0 (Windows NT 10.0; Win64; x64) AppleWebKit/537.36 (KHTML, like Gecko) Chrome/58.0.3029.110 Safari/537.3"
216.73.216.97 - - [21/Jan/2026:07:14:22 +1100] "GET /h/assets/navigation.css HTTP/1.1" 200 116274 "-" "Mozilla/5.0 AppleWebKit/537.36 (KHTML, like Gecko; compatible; ClaudeBot/1.0; +claudebot@anthropic.com)"
216.73.216.97 - - [21/Jan/2026:07:14:26 +1100] "GET /h/assets/inpagelayer.css HTTP/1.1" 200 19650 "-" "Mozilla/5.0 AppleWebKit/537.36 (KHTML, like Gecko; compatible; ClaudeBot/1.0; +claudebot@anthropic.com)"
74.91.19.178 - - [21/Jan/2026:07:13:00 +1100] "GET /wp-content/br07b0f3/index.php?id=450635 HTTP/1.1" 200 - "http://bintopia.com/wp-content/br07b0f3/index.php?id=450635" "Mozilla/5.0 (Windows NT 10.0; Win64; x64) AppleWebKit/537.36 (KHTML, like Gecko) Chrome/58.0.3029.110 Safari/537.3"
74.91.19.178 - - [21/Jan/2026:07:13:06 +1100] "GET /wp-content/wpe61051/index.php?id=515342 HTTP/1.1" 200 - "http://bintopia.com/wp-content/wpe61051/index.php?id=515342" "Mozilla/5.0 (Windows NT 10.0; Win64; x64) AppleWebKit/537.36 (KHTML, like Gecko) Chrome/58.0.3029.110 Safari/537.3"
66.249.75.44 - - [21/Jan/2026:07:14:41 +1100] "GET /insect198006038.html HTTP/1.1" 200 156433 "-" "Mozilla/5.0 (Linux; Android 6.0.1; Nexus 5X Build/MMB29P) AppleWebKit/537.36 (KHTML, like Gecko) Chrome/143.0.7499.192 Mobile Safari/537.36 (compatible; GoogleOther)"
216.73.216.97 - - [21/Jan/2026:07:15:08 +1100] "GET /h/assets/product-email.svg HTTP/1.1" 200 1070 "-" "Mozilla/5.0 AppleWebKit/537.36 (KHTML, like Gecko; compatible; ClaudeBot/1.0; +claudebot@anthropic.com)"
216.73.216.97 - - [21/Jan/2026:07:15:13 +1100] "GET /h/assets/product-hidrive.svg HTTP/1.1" 200 920 "-" "Mozilla/5.0 AppleWebKit/537.36 (KHTML, like Gecko; compatible; ClaudeBot/1.0; +claudebot@anthropic.com)"
216.73.216.97 - - [21/Jan/2026:07:15:18 +1100] "GET /h/assets/my-account.svg HTTP/1.1" 200 845 "-" "Mozilla/5.0 AppleWebKit/537.36 (KHTML, like Gecko; compatible; ClaudeBot/1.0; +claudebot@anthropic.com)"
